{"id":530,"date":"2021-09-14T10:48:30","date_gmt":"2021-09-14T08:48:30","guid":{"rendered":"https:\/\/www.posk.se\/visbystift\/?page_id=530"},"modified":"2021-09-14T13:01:02","modified_gmt":"2021-09-14T11:01:02","slug":"debatt-satsa-pa-konfirmanderna","status":"publish","type":"page","link":"https:\/\/www.posk.se\/visbystift\/kyrkovalet-2021\/debatt-satsa-pa-konfirmanderna\/","title":{"rendered":"Debattartikel Satsa p\u00e5 konfirmanderna"},"content":{"rendered":"<article class=\"body\"><i>Ins\u00e4ndare publicerad i Gotlandsmedia den 13 september 2021<\/i><\/article>\n<article><\/article>\n<article class=\"body\">Antalet konfirmander sjunker p\u00e5 de flesta st\u00e4llen i Sverige. Antalet medlemmar i Svenska kyrkan sjunker ocks\u00e5. Det finns en koppling mellan dessa b\u00e5da. D\u00e4rf\u00f6r \u00e4r det viktigt att vi som verkar i Svenska kyrkan, som medarbetare och f\u00f6rtroendevalda, inte forts\u00e4tter i samma gamla hjulsp\u00e5r utan f\u00f6rm\u00e5r att t\u00e4nka nytt.I Visby domkyrkof\u00f6rsamling f\u00f6rs\u00f6ker vi hitta ett nytt s\u00e4tt att arbeta och har d\u00e4rf\u00f6r lanserat projektet 0-40 \u00e5r. Det handlar om att hitta en r\u00f6d tr\u00e5d f\u00f6r barn och deras f\u00f6r\u00e4ldrar fr\u00e5n livets b\u00f6rjan. Vi beh\u00f6ver ha ett attraktivt erbjudande f\u00f6r barnen och deras f\u00f6r\u00e4ldrar f\u00f6r att bygga relationer till oss och till kyrkan. D\u00e5 l\u00e4gger vi grunden f\u00f6r att ton\u00e5ringarna ska vilja konfirmera sig och i vuxen \u00e5lder stanna kvar som medlemmar och l\u00e5ta sina barn d\u00f6pas.Konfirmand\u00e5ldern \u00e4r en brytpunkt i livet. Det \u00e4r den \u00e5lder d\u00e5 ton\u00e5ringar p\u00e5 allvar b\u00f6rjar fundera \u00f6ver existentiella fr\u00e5gor, p\u00e5 liv och d\u00f6d. S\u00f6kandet efter platser d\u00e4r man kan vara trygg i sin identitet och vara v\u00e4lkommen som man \u00e4r, formar ing\u00e5ngen till vuxenlivet. Genom att etablera ett Ungdomens hus i Visby vill vi skapa den h\u00e4r trygga arenan f\u00f6r ungdomar i ett samh\u00e4lle som \u00e4r alltmer komplext och kr\u00e4vande. H\u00e4r ska man kunna l\u00e4sa l\u00e4xor, ta en fika, umg\u00e5s, l\u00e4ra sig spela instrument och sjunga \u2013 men framf\u00f6r allt alltid k\u00e4nna sig v\u00e4lkommen och veta att det alltid finns n\u00e5gon att prata med.<\/p>\n<p>Det h\u00e4r \u00e4r en satsning som POSK (Partipolitiskt Obundna i Svenska Kyrkan) vill bejaka och p\u00e5 alla s\u00e4tt och vis st\u00f6dja!<\/p>\n<\/article>\n<div class=\"photo fallback\"><\/div>\n<div class=\"name\">Johan F\u00e4llman (POSK)<\/div>\n<div class=\"photo fallback\"><\/div>\n<div class=\"name\">Inger Harlevi (POSK)<\/div>\n<hr \/>\n<p>&nbsp;<\/p>\n","protected":false},"excerpt":{"rendered":"<p>Ins\u00e4ndare publicerad i Gotlandsmedia den 13 september 2021 Antalet konfirmander sjunker p\u00e5 de flesta st\u00e4llen i Sverige. Antalet medlemmar i Svenska kyrkan sjunker ocks\u00e5. Det finns en koppling mellan dessa b\u00e5da. D\u00e4rf\u00f6r \u00e4r det viktigt att vi som verkar i Svenska kyrkan, som medarbetare och f\u00f6rtroendevalda, inte forts\u00e4tter i samma gamla hjulsp\u00e5r utan f\u00f6rm\u00e5r att [&hellip;]<\/p>\n","protected":false},"author":1357,"featured_media":0,"parent":277,"menu_order":0,"comment_status":"closed","ping_status":"closed","template":"page-templates\/page-sidebar-left.php","meta":{"_acf_changed":false,"footnotes":""},"class_list":["post-530","page","type-page","status-publish","hentry"],"acf":[],"yoast_head":"<!-- This site is optimized with the Yoast SEO plugin v24.9 - https:\/\/yoast.com\/wordpress\/plugins\/seo\/ -->\n<title>Debattartikel Satsa p\u00e5 konfirmanderna - STIFTSF\u00d6RENING Visby<\/title>\n<meta name=\"robots\" content=\"index, follow, max-snippet:-1, max-image-preview:large, max-video-preview:-1\" \/>\n<link rel=\"canonical\" href=\"https:\/\/www.posk.se\/visbystift\/kyrkovalet-2021\/debatt-satsa-pa-konfirmanderna\/\" \/>\n<meta property=\"og:locale\" content=\"sv_SE\" \/>\n<meta property=\"og:type\" content=\"article\" \/>\n<meta property=\"og:title\" content=\"Debattartikel Satsa p\u00e5 konfirmanderna - STIFTSF\u00d6RENING Visby\" \/>\n<meta property=\"og:description\" content=\"Ins\u00e4ndare publicerad i Gotlandsmedia den 13 september 2021 Antalet konfirmander sjunker p\u00e5 de flesta st\u00e4llen i Sverige. Antalet medlemmar i Svenska kyrkan sjunker ocks\u00e5. Det finns en koppling mellan dessa b\u00e5da. D\u00e4rf\u00f6r \u00e4r det viktigt att vi som verkar i Svenska kyrkan, som medarbetare och f\u00f6rtroendevalda, inte forts\u00e4tter i samma gamla hjulsp\u00e5r utan f\u00f6rm\u00e5r att [&hellip;]\" \/>\n<meta property=\"og:url\" content=\"https:\/\/www.posk.se\/visbystift\/kyrkovalet-2021\/debatt-satsa-pa-konfirmanderna\/\" \/>\n<meta property=\"og:site_name\" content=\"STIFTSF\u00d6RENING Visby\" \/>\n<meta property=\"article:modified_time\" content=\"2021-09-14T11:01:02+00:00\" \/>\n<meta name=\"twitter:card\" content=\"summary_large_image\" \/>\n<meta name=\"twitter:label1\" content=\"Ber\u00e4knad l\u00e4stid\" \/>\n\t<meta name=\"twitter:data1\" content=\"2 minuter\" \/>\n<script type=\"application\/ld+json\" class=\"yoast-schema-graph\">{\"@context\":\"https:\/\/schema.org\",\"@graph\":[{\"@type\":\"WebPage\",\"@id\":\"https:\/\/www.posk.se\/visbystift\/kyrkovalet-2021\/debatt-satsa-pa-konfirmanderna\/\",\"url\":\"https:\/\/www.posk.se\/visbystift\/kyrkovalet-2021\/debatt-satsa-pa-konfirmanderna\/\",\"name\":\"Debattartikel Satsa p\u00e5 konfirmanderna - STIFTSF\u00d6RENING Visby\",\"isPartOf\":{\"@id\":\"https:\/\/www.posk.se\/visbystift\/#website\"},\"datePublished\":\"2021-09-14T08:48:30+00:00\",\"dateModified\":\"2021-09-14T11:01:02+00:00\",\"breadcrumb\":{\"@id\":\"https:\/\/www.posk.se\/visbystift\/kyrkovalet-2021\/debatt-satsa-pa-konfirmanderna\/#breadcrumb\"},\"inLanguage\":\"sv-SE\",\"potentialAction\":[{\"@type\":\"ReadAction\",\"target\":[\"https:\/\/www.posk.se\/visbystift\/kyrkovalet-2021\/debatt-satsa-pa-konfirmanderna\/\"]}]},{\"@type\":\"BreadcrumbList\",\"@id\":\"https:\/\/www.posk.se\/visbystift\/kyrkovalet-2021\/debatt-satsa-pa-konfirmanderna\/#breadcrumb\",\"itemListElement\":[{\"@type\":\"ListItem\",\"position\":1,\"name\":\"Hem\",\"item\":\"https:\/\/www.posk.se\/visbystift\/\"},{\"@type\":\"ListItem\",\"position\":2,\"name\":\"Kyrkovalet 2021\",\"item\":\"https:\/\/www.posk.se\/visbystift\/kyrkovalet-2021\/\"},{\"@type\":\"ListItem\",\"position\":3,\"name\":\"Debattartikel Satsa p\u00e5 konfirmanderna\"}]},{\"@type\":\"WebSite\",\"@id\":\"https:\/\/www.posk.se\/visbystift\/#website\",\"url\":\"https:\/\/www.posk.se\/visbystift\/\",\"name\":\"STIFTSF\u00d6RENING Visby\",\"description\":\"Stiftsf\u00f6reningen f\u00f6r POSK i Visby stift\",\"potentialAction\":[{\"@type\":\"SearchAction\",\"target\":{\"@type\":\"EntryPoint\",\"urlTemplate\":\"https:\/\/www.posk.se\/visbystift\/?s={search_term_string}\"},\"query-input\":{\"@type\":\"PropertyValueSpecification\",\"valueRequired\":true,\"valueName\":\"search_term_string\"}}],\"inLanguage\":\"sv-SE\"}]}<\/script>\n<!-- \/ Yoast SEO plugin. -->","yoast_head_json":{"title":"Debattartikel Satsa p\u00e5 konfirmanderna - STIFTSF\u00d6RENING Visby","robots":{"index":"index","follow":"follow","max-snippet":"max-snippet:-1","max-image-preview":"max-image-preview:large","max-video-preview":"max-video-preview:-1"},"canonical":"https:\/\/www.posk.se\/visbystift\/kyrkovalet-2021\/debatt-satsa-pa-konfirmanderna\/","og_locale":"sv_SE","og_type":"article","og_title":"Debattartikel Satsa p\u00e5 konfirmanderna - STIFTSF\u00d6RENING Visby","og_description":"Ins\u00e4ndare publicerad i Gotlandsmedia den 13 september 2021 Antalet konfirmander sjunker p\u00e5 de flesta st\u00e4llen i Sverige. Antalet medlemmar i Svenska kyrkan sjunker ocks\u00e5. Det finns en koppling mellan dessa b\u00e5da. D\u00e4rf\u00f6r \u00e4r det viktigt att vi som verkar i Svenska kyrkan, som medarbetare och f\u00f6rtroendevalda, inte forts\u00e4tter i samma gamla hjulsp\u00e5r utan f\u00f6rm\u00e5r att [&hellip;]","og_url":"https:\/\/www.posk.se\/visbystift\/kyrkovalet-2021\/debatt-satsa-pa-konfirmanderna\/","og_site_name":"STIFTSF\u00d6RENING Visby","article_modified_time":"2021-09-14T11:01:02+00:00","twitter_card":"summary_large_image","twitter_misc":{"Ber\u00e4knad l\u00e4stid":"2 minuter"},"schema":{"@context":"https:\/\/schema.org","@graph":[{"@type":"WebPage","@id":"https:\/\/www.posk.se\/visbystift\/kyrkovalet-2021\/debatt-satsa-pa-konfirmanderna\/","url":"https:\/\/www.posk.se\/visbystift\/kyrkovalet-2021\/debatt-satsa-pa-konfirmanderna\/","name":"Debattartikel Satsa p\u00e5 konfirmanderna - STIFTSF\u00d6RENING Visby","isPartOf":{"@id":"https:\/\/www.posk.se\/visbystift\/#website"},"datePublished":"2021-09-14T08:48:30+00:00","dateModified":"2021-09-14T11:01:02+00:00","breadcrumb":{"@id":"https:\/\/www.posk.se\/visbystift\/kyrkovalet-2021\/debatt-satsa-pa-konfirmanderna\/#breadcrumb"},"inLanguage":"sv-SE","potentialAction":[{"@type":"ReadAction","target":["https:\/\/www.posk.se\/visbystift\/kyrkovalet-2021\/debatt-satsa-pa-konfirmanderna\/"]}]},{"@type":"BreadcrumbList","@id":"https:\/\/www.posk.se\/visbystift\/kyrkovalet-2021\/debatt-satsa-pa-konfirmanderna\/#breadcrumb","itemListElement":[{"@type":"ListItem","position":1,"name":"Hem","item":"https:\/\/www.posk.se\/visbystift\/"},{"@type":"ListItem","position":2,"name":"Kyrkovalet 2021","item":"https:\/\/www.posk.se\/visbystift\/kyrkovalet-2021\/"},{"@type":"ListItem","position":3,"name":"Debattartikel Satsa p\u00e5 konfirmanderna"}]},{"@type":"WebSite","@id":"https:\/\/www.posk.se\/visbystift\/#website","url":"https:\/\/www.posk.se\/visbystift\/","name":"STIFTSF\u00d6RENING Visby","description":"Stiftsf\u00f6reningen f\u00f6r POSK i Visby stift","potentialAction":[{"@type":"SearchAction","target":{"@type":"EntryPoint","urlTemplate":"https:\/\/www.posk.se\/visbystift\/?s={search_term_string}"},"query-input":{"@type":"PropertyValueSpecification","valueRequired":true,"valueName":"search_term_string"}}],"inLanguage":"sv-SE"}]}},"_links":{"self":[{"href":"https:\/\/www.posk.se\/visbystift\/wp-json\/wp\/v2\/pages\/530","targetHints":{"allow":["GET"]}}],"collection":[{"href":"https:\/\/www.posk.se\/visbystift\/wp-json\/wp\/v2\/pages"}],"about":[{"href":"https:\/\/www.posk.se\/visbystift\/wp-json\/wp\/v2\/types\/page"}],"author":[{"embeddable":true,"href":"https:\/\/www.posk.se\/visbystift\/wp-json\/wp\/v2\/users\/1357"}],"replies":[{"embeddable":true,"href":"https:\/\/www.posk.se\/visbystift\/wp-json\/wp\/v2\/comments?post=530"}],"version-history":[{"count":6,"href":"https:\/\/www.posk.se\/visbystift\/wp-json\/wp\/v2\/pages\/530\/revisions"}],"predecessor-version":[{"id":536,"href":"https:\/\/www.posk.se\/visbystift\/wp-json\/wp\/v2\/pages\/530\/revisions\/536"}],"up":[{"embeddable":true,"href":"https:\/\/www.posk.se\/visbystift\/wp-json\/wp\/v2\/pages\/277"}],"wp:attachment":[{"href":"https:\/\/www.posk.se\/visbystift\/wp-json\/wp\/v2\/media?parent=530"}],"curies":[{"name":"wp","href":"https:\/\/api.w.org\/{rel}","templated":true}]}}