{"id":512,"date":"2021-09-03T10:37:37","date_gmt":"2021-09-03T08:37:37","guid":{"rendered":"https:\/\/www.posk.se\/visbystift\/?page_id=512"},"modified":"2021-09-03T10:37:37","modified_gmt":"2021-09-03T08:37:37","slug":"debattartikel-partipolitiken-hor-inte-hemma-i-kyrkan","status":"publish","type":"page","link":"https:\/\/www.posk.se\/visbystift\/kyrkovalet-2021\/debattartikel-partipolitiken-hor-inte-hemma-i-kyrkan\/","title":{"rendered":"Debattartikel partipolitiken h\u00f6r inte hemma i kyrkan"},"content":{"rendered":"<p><em>Publicerad i Gotlandsmedia den 26 augusti 2021<\/em><\/p>\n<p>F\u00f6r en frist\u00e5ende kyrka finns inte l\u00e4ngre den kopplingen. Efter drygt 20 \u00e5r borde den inte finnas kvar.<\/p>\n<p>Politiska partier och kyrkopolitik \u00e4r ocks\u00e5 n\u00e5got som frekvent \u00e4r f\u00f6rem\u00e5l f\u00f6r diskussion och synpunkter de \u00e5r det \u00e4r kyrkoval. S\u00e5 ocks\u00e5 i \u00e5r. I \u00e5r \u00e4r det v\u00e4rt att notera att s\u00e5v\u00e4l \u00e4rkebiskop Antje Jackel\u00e9n som de tidigare \u00e4rkebiskoparna Gunnar Weman och K G Hammar uttalat sig om att de politiska partiernas tid borde vara f\u00f6rbi och inte h\u00f6r dagens kyrka till. Detta st\u00e4mmer \u00e4ven med v\u00e5r, Partipolitiskt obundna i Svenska kyrkans (POSK), inst\u00e4llning.<\/p>\n<p>Visby domkyrkof\u00f6rsamling var nog f\u00f6rst i landet med att skrota partipolitiken i kyrkan. Det skedde redan till valet 2001 och kunde genomf\u00f6ras genom att samtliga politiska partier gick samman och bildade Kyrklig Samverkan (det fanns d\u00e5 ingen annan frist\u00e5ende grupp i f\u00f6rsamlingen). Socialdemokraten Christer Engelhardt var starkt drivande i det arbetet. I \u00e5r f\u00e5r vi f\u00f6r f\u00f6rsta g\u00e5ngen ett politiskt parti i valet till kyrkofullm\u00e4ktige, d\u00e5 SD st\u00e4ller upp. Det k\u00e4nns som att g\u00e5 \u00e5t fel h\u00e5ll.<\/p>\n<p>I Visbys val till stiftsfullm\u00e4ktige finns tre politiska partier. I stiftets val av ledam\u00f6ter till kyrkom\u00f6tet tillkommer ett fj\u00e4rde. Jag vill citera POSK:s ordf\u00f6rande Amanda Carlshamre: \u201d<i>Vi som kandiderar f\u00f6r POSK har l\u00e4mnat v\u00e5ra politiska \u00e5sikter i vapenhuset. Genom v\u00e5r bredd av m\u00e5ngfald s\u00e5 visar vi att det \u00e4r m\u00f6jligt att samla och ena m\u00e4nniskor med olika politiska st\u00e5ndpunkter vilket vi v\u00e4rdes\u00e4tter h\u00f6gt<\/i>.\u201d Jag \u00f6nskar att den inst\u00e4llningen hade genomsyrat hela valet.<\/p>\n<p>N\u00e4r det g\u00e4ller SD \u00e4r deras motiv f\u00f6r att engagera sig i kyrkopolitiken tragisk. De g\u00f6r det s\u00e5 l\u00e4nge Socialdemokraterna g\u00f6r det. Det som lockar dem \u00e4r allts\u00e5 en partipolitisk konflikt.<\/p>\n<p>Amanda Carlshamre igen: \u201d<i>L\u00e4gger du din r\u00f6st p\u00e5 en \u201cposkare\u201d r\u00f6star du p\u00e5 en person som gl\u00e4ds \u00e5t m\u00e5ngfalden och st\u00e5r upp f\u00f6r enande v\u00e4rden.<\/i>\u201d Den filosofin b\u00e4rs ocks\u00e5 av POSK:s kandidater h\u00e4r p\u00e5 Gotland!<\/p>\n<p>inger Harlevi<\/p>\n<p>Ordf\u00f6rande i POSK i Visby stift<\/p>\n","protected":false},"excerpt":{"rendered":"<p>Publicerad i Gotlandsmedia den 26 augusti 2021 F\u00f6r en frist\u00e5ende kyrka finns inte l\u00e4ngre den kopplingen. Efter drygt 20 \u00e5r borde den inte finnas kvar. Politiska partier och kyrkopolitik \u00e4r ocks\u00e5 n\u00e5got som frekvent \u00e4r f\u00f6rem\u00e5l f\u00f6r diskussion och synpunkter de \u00e5r det \u00e4r kyrkoval. S\u00e5 ocks\u00e5 i \u00e5r. I \u00e5r \u00e4r det v\u00e4rt att [&hellip;]<\/p>\n","protected":false},"author":1357,"featured_media":0,"parent":277,"menu_order":6,"comment_status":"closed","ping_status":"closed","template":"page-templates\/page-sidebar-left.php","meta":{"_acf_changed":false,"footnotes":""},"class_list":["post-512","page","type-page","status-publish","hentry"],"acf":[],"yoast_head":"<!-- This site is optimized with the Yoast SEO plugin v24.9 - https:\/\/yoast.com\/wordpress\/plugins\/seo\/ -->\n<title>Debattartikel partipolitiken h\u00f6r inte hemma i kyrkan - STIFTSF\u00d6RENING Visby<\/title>\n<meta name=\"robots\" content=\"index, follow, max-snippet:-1, max-image-preview:large, max-video-preview:-1\" \/>\n<link rel=\"canonical\" href=\"https:\/\/www.posk.se\/visbystift\/kyrkovalet-2021\/debattartikel-partipolitiken-hor-inte-hemma-i-kyrkan\/\" \/>\n<meta property=\"og:locale\" content=\"sv_SE\" \/>\n<meta property=\"og:type\" content=\"article\" \/>\n<meta property=\"og:title\" content=\"Debattartikel partipolitiken h\u00f6r inte hemma i kyrkan - STIFTSF\u00d6RENING Visby\" \/>\n<meta property=\"og:description\" content=\"Publicerad i Gotlandsmedia den 26 augusti 2021 F\u00f6r en frist\u00e5ende kyrka finns inte l\u00e4ngre den kopplingen. Efter drygt 20 \u00e5r borde den inte finnas kvar. Politiska partier och kyrkopolitik \u00e4r ocks\u00e5 n\u00e5got som frekvent \u00e4r f\u00f6rem\u00e5l f\u00f6r diskussion och synpunkter de \u00e5r det \u00e4r kyrkoval. S\u00e5 ocks\u00e5 i \u00e5r. I \u00e5r \u00e4r det v\u00e4rt att [&hellip;]\" \/>\n<meta property=\"og:url\" content=\"https:\/\/www.posk.se\/visbystift\/kyrkovalet-2021\/debattartikel-partipolitiken-hor-inte-hemma-i-kyrkan\/\" \/>\n<meta property=\"og:site_name\" content=\"STIFTSF\u00d6RENING Visby\" \/>\n<meta name=\"twitter:card\" content=\"summary_large_image\" \/>\n<meta name=\"twitter:label1\" content=\"Ber\u00e4knad l\u00e4stid\" \/>\n\t<meta name=\"twitter:data1\" content=\"2 minuter\" \/>\n<script type=\"application\/ld+json\" class=\"yoast-schema-graph\">{\"@context\":\"https:\/\/schema.org\",\"@graph\":[{\"@type\":\"WebPage\",\"@id\":\"https:\/\/www.posk.se\/visbystift\/kyrkovalet-2021\/debattartikel-partipolitiken-hor-inte-hemma-i-kyrkan\/\",\"url\":\"https:\/\/www.posk.se\/visbystift\/kyrkovalet-2021\/debattartikel-partipolitiken-hor-inte-hemma-i-kyrkan\/\",\"name\":\"Debattartikel partipolitiken h\u00f6r inte hemma i kyrkan - STIFTSF\u00d6RENING Visby\",\"isPartOf\":{\"@id\":\"https:\/\/www.posk.se\/visbystift\/#website\"},\"datePublished\":\"2021-09-03T08:37:37+00:00\",\"breadcrumb\":{\"@id\":\"https:\/\/www.posk.se\/visbystift\/kyrkovalet-2021\/debattartikel-partipolitiken-hor-inte-hemma-i-kyrkan\/#breadcrumb\"},\"inLanguage\":\"sv-SE\",\"potentialAction\":[{\"@type\":\"ReadAction\",\"target\":[\"https:\/\/www.posk.se\/visbystift\/kyrkovalet-2021\/debattartikel-partipolitiken-hor-inte-hemma-i-kyrkan\/\"]}]},{\"@type\":\"BreadcrumbList\",\"@id\":\"https:\/\/www.posk.se\/visbystift\/kyrkovalet-2021\/debattartikel-partipolitiken-hor-inte-hemma-i-kyrkan\/#breadcrumb\",\"itemListElement\":[{\"@type\":\"ListItem\",\"position\":1,\"name\":\"Hem\",\"item\":\"https:\/\/www.posk.se\/visbystift\/\"},{\"@type\":\"ListItem\",\"position\":2,\"name\":\"Kyrkovalet 2021\",\"item\":\"https:\/\/www.posk.se\/visbystift\/kyrkovalet-2021\/\"},{\"@type\":\"ListItem\",\"position\":3,\"name\":\"Debattartikel partipolitiken h\u00f6r inte hemma i kyrkan\"}]},{\"@type\":\"WebSite\",\"@id\":\"https:\/\/www.posk.se\/visbystift\/#website\",\"url\":\"https:\/\/www.posk.se\/visbystift\/\",\"name\":\"STIFTSF\u00d6RENING Visby\",\"description\":\"Stiftsf\u00f6reningen f\u00f6r POSK i Visby stift\",\"potentialAction\":[{\"@type\":\"SearchAction\",\"target\":{\"@type\":\"EntryPoint\",\"urlTemplate\":\"https:\/\/www.posk.se\/visbystift\/?s={search_term_string}\"},\"query-input\":{\"@type\":\"PropertyValueSpecification\",\"valueRequired\":true,\"valueName\":\"search_term_string\"}}],\"inLanguage\":\"sv-SE\"}]}<\/script>\n<!-- \/ Yoast SEO plugin. -->","yoast_head_json":{"title":"Debattartikel partipolitiken h\u00f6r inte hemma i kyrkan - STIFTSF\u00d6RENING Visby","robots":{"index":"index","follow":"follow","max-snippet":"max-snippet:-1","max-image-preview":"max-image-preview:large","max-video-preview":"max-video-preview:-1"},"canonical":"https:\/\/www.posk.se\/visbystift\/kyrkovalet-2021\/debattartikel-partipolitiken-hor-inte-hemma-i-kyrkan\/","og_locale":"sv_SE","og_type":"article","og_title":"Debattartikel partipolitiken h\u00f6r inte hemma i kyrkan - STIFTSF\u00d6RENING Visby","og_description":"Publicerad i Gotlandsmedia den 26 augusti 2021 F\u00f6r en frist\u00e5ende kyrka finns inte l\u00e4ngre den kopplingen. Efter drygt 20 \u00e5r borde den inte finnas kvar. Politiska partier och kyrkopolitik \u00e4r ocks\u00e5 n\u00e5got som frekvent \u00e4r f\u00f6rem\u00e5l f\u00f6r diskussion och synpunkter de \u00e5r det \u00e4r kyrkoval. S\u00e5 ocks\u00e5 i \u00e5r. I \u00e5r \u00e4r det v\u00e4rt att [&hellip;]","og_url":"https:\/\/www.posk.se\/visbystift\/kyrkovalet-2021\/debattartikel-partipolitiken-hor-inte-hemma-i-kyrkan\/","og_site_name":"STIFTSF\u00d6RENING Visby","twitter_card":"summary_large_image","twitter_misc":{"Ber\u00e4knad l\u00e4stid":"2 minuter"},"schema":{"@context":"https:\/\/schema.org","@graph":[{"@type":"WebPage","@id":"https:\/\/www.posk.se\/visbystift\/kyrkovalet-2021\/debattartikel-partipolitiken-hor-inte-hemma-i-kyrkan\/","url":"https:\/\/www.posk.se\/visbystift\/kyrkovalet-2021\/debattartikel-partipolitiken-hor-inte-hemma-i-kyrkan\/","name":"Debattartikel partipolitiken h\u00f6r inte hemma i kyrkan - STIFTSF\u00d6RENING Visby","isPartOf":{"@id":"https:\/\/www.posk.se\/visbystift\/#website"},"datePublished":"2021-09-03T08:37:37+00:00","breadcrumb":{"@id":"https:\/\/www.posk.se\/visbystift\/kyrkovalet-2021\/debattartikel-partipolitiken-hor-inte-hemma-i-kyrkan\/#breadcrumb"},"inLanguage":"sv-SE","potentialAction":[{"@type":"ReadAction","target":["https:\/\/www.posk.se\/visbystift\/kyrkovalet-2021\/debattartikel-partipolitiken-hor-inte-hemma-i-kyrkan\/"]}]},{"@type":"BreadcrumbList","@id":"https:\/\/www.posk.se\/visbystift\/kyrkovalet-2021\/debattartikel-partipolitiken-hor-inte-hemma-i-kyrkan\/#breadcrumb","itemListElement":[{"@type":"ListItem","position":1,"name":"Hem","item":"https:\/\/www.posk.se\/visbystift\/"},{"@type":"ListItem","position":2,"name":"Kyrkovalet 2021","item":"https:\/\/www.posk.se\/visbystift\/kyrkovalet-2021\/"},{"@type":"ListItem","position":3,"name":"Debattartikel partipolitiken h\u00f6r inte hemma i kyrkan"}]},{"@type":"WebSite","@id":"https:\/\/www.posk.se\/visbystift\/#website","url":"https:\/\/www.posk.se\/visbystift\/","name":"STIFTSF\u00d6RENING Visby","description":"Stiftsf\u00f6reningen f\u00f6r POSK i Visby stift","potentialAction":[{"@type":"SearchAction","target":{"@type":"EntryPoint","urlTemplate":"https:\/\/www.posk.se\/visbystift\/?s={search_term_string}"},"query-input":{"@type":"PropertyValueSpecification","valueRequired":true,"valueName":"search_term_string"}}],"inLanguage":"sv-SE"}]}},"_links":{"self":[{"href":"https:\/\/www.posk.se\/visbystift\/wp-json\/wp\/v2\/pages\/512","targetHints":{"allow":["GET"]}}],"collection":[{"href":"https:\/\/www.posk.se\/visbystift\/wp-json\/wp\/v2\/pages"}],"about":[{"href":"https:\/\/www.posk.se\/visbystift\/wp-json\/wp\/v2\/types\/page"}],"author":[{"embeddable":true,"href":"https:\/\/www.posk.se\/visbystift\/wp-json\/wp\/v2\/users\/1357"}],"replies":[{"embeddable":true,"href":"https:\/\/www.posk.se\/visbystift\/wp-json\/wp\/v2\/comments?post=512"}],"version-history":[{"count":2,"href":"https:\/\/www.posk.se\/visbystift\/wp-json\/wp\/v2\/pages\/512\/revisions"}],"predecessor-version":[{"id":514,"href":"https:\/\/www.posk.se\/visbystift\/wp-json\/wp\/v2\/pages\/512\/revisions\/514"}],"up":[{"embeddable":true,"href":"https:\/\/www.posk.se\/visbystift\/wp-json\/wp\/v2\/pages\/277"}],"wp:attachment":[{"href":"https:\/\/www.posk.se\/visbystift\/wp-json\/wp\/v2\/media?parent=512"}],"curies":[{"name":"wp","href":"https:\/\/api.w.org\/{rel}","templated":true}]}}