{"id":20,"date":"2016-07-20T10:34:50","date_gmt":"2016-07-20T08:34:50","guid":{"rendered":"https:\/\/www.posk.se\/vanersborg\/?page_id=20"},"modified":"2026-04-16T18:56:49","modified_gmt":"2026-04-16T16:56:49","slug":"startsidan-2","status":"publish","type":"page","link":"https:\/\/www.posk.se\/vanersborg\/","title":{"rendered":"V\u00e4nersborg och V\u00e4ne-Ryrs f\u00f6rsamling"},"content":{"rendered":"<h2 class=\"aLF-aPX-K0-aPE\" style=\"text-align: left\"><a href=\"https:\/\/www.posk.se\/vanersborg\/wp-content\/uploads\/sites\/130\/2025\/06\/img-5745-scaled.jpg\"><img loading=\"lazy\" decoding=\"async\" class=\"alignnone size-full wp-image-274\" src=\"https:\/\/www.posk.se\/vanersborg\/wp-content\/uploads\/sites\/130\/2025\/06\/img-5745-scaled.jpg\" alt=\"\" width=\"2560\" height=\"1440\" srcset=\"https:\/\/www.posk.se\/vanersborg\/wp-content\/uploads\/sites\/130\/2025\/06\/img-5745-scaled.jpg 2560w, https:\/\/www.posk.se\/vanersborg\/wp-content\/uploads\/sites\/130\/2025\/06\/img-5745-300x169.jpg 300w, https:\/\/www.posk.se\/vanersborg\/wp-content\/uploads\/sites\/130\/2025\/06\/img-5745-1024x576.jpg 1024w, https:\/\/www.posk.se\/vanersborg\/wp-content\/uploads\/sites\/130\/2025\/06\/img-5745-768x432.jpg 768w, https:\/\/www.posk.se\/vanersborg\/wp-content\/uploads\/sites\/130\/2025\/06\/img-5745-1536x864.jpg 1536w, https:\/\/www.posk.se\/vanersborg\/wp-content\/uploads\/sites\/130\/2025\/06\/img-5745-2048x1152.jpg 2048w, https:\/\/www.posk.se\/vanersborg\/wp-content\/uploads\/sites\/130\/2025\/06\/img-5745-330x186.jpg 330w\" sizes=\"auto, (max-width: 2560px) 100vw, 2560px\" \/><\/a><\/h2>\n<p>POSK \u00e4r en nomineringsgrupp som st\u00e4ller upp f\u00f6r val till alla niv\u00e5er inom Svenska kyrkan.<\/p>\n<p>POSK finns representerade med f\u00f6rtroendevalda i f\u00f6rsamlingar och p\u00e5 stiftsniv\u00e5 i hela landet och \u00e4r den n\u00e4st st\u00f6rsta nomineringsgruppen i kyrkom\u00f6tet.<\/p>\n<p>POSK \u00e4r en stark r\u00f6st f\u00f6r en kyrka fri fr\u00e5n partipolitik. En kyrka d\u00e4r inte allm\u00e4npolitiska \u00e5sikter styr utan engagemanget f\u00f6r kyrkan. En kyrka d\u00e4r vi gl\u00e4ds \u00f6ver m\u00e5ngfalden, m\u00f6ter varandra med respekt.<\/p>\n<p>I V\u00e4nersborg och V\u00e4ne-Ryrs f\u00f6rsamling \u00e4r POSK den st\u00f6rsta nomineringsgruppen.<\/p>\n<p>V\u00c5R VISION<br \/>\nSvenska kyrkan ska vara en gemenskap som speglar Guds vilja i gudstj\u00e4nst och v\u00e5ra liv<br \/>\noch som talar tydligt om Jesus Kristus.<\/p>\n<p>&nbsp;<\/p>\n<h2 class=\"aLF-aPX-K0-aPE\" style=\"text-align: left\"><span style=\"color: #db0812\"><strong>Program f\u00f6r POSK V\u00e4nersborg<\/strong><\/span><\/h2>\n<p>&nbsp;<\/p>\n<h4 class=\"aLF-aPX-K0-aPE\"><strong>Vi vill att det kristna budskapet sprids genom att<\/strong><\/h4>\n<p>&nbsp;<\/p>\n<ul>\n<li>\u00a0Alla k\u00e4nner gemenskap och delaktighet i gudstj\u00e4nsten<\/li>\n<li>\u00a0Musikens roll i kyrkan s\u00e4rskilt lyfts fram<\/li>\n<li>Barn och ungdomar aktivt deltar i gudstj\u00e4nsten och dess utformning<\/li>\n<li>Ideella medarbetare efterfr\u00e5gas och uppmuntras<\/li>\n<li>Skapelsen v\u00e4rnas genom klimat- och milj\u00f6smarta verksamheter<\/li>\n<li>M\u00e4nniskor i behov av st\u00f6d visas omsorg och s\u00e4rskilt uppm\u00e4rksammas<\/li>\n<li>Inbjuda till samtal om tro och livsfr\u00e5gor<\/li>\n<li>Kyrkan aktivt deltar i lokalsamh\u00e4llet<\/li>\n<\/ul>\n<p>&nbsp;<\/p>\n<p><strong>Kontaktperson:<\/strong><\/p>\n<p>Gunnel Jende<\/p>\n<p>telefon:\u00a0 070-647 81 40<\/p>\n<p>adress: Nygatan 11, lgh 1204,<\/p>\n<p>462 30 V\u00e4nersborg<\/p>\n<p>e-post: <a href=\"mailto:jende@telia.com\">jende@telia.com<\/a><\/p>\n<p>&nbsp;<\/p>\n<p>&nbsp;<\/p>\n<p>&nbsp;<\/p>\n<p>&nbsp;<\/p>\n<p>&nbsp;<\/p>\n","protected":false},"excerpt":{"rendered":"<p>POSK \u00e4r en nomineringsgrupp som st\u00e4ller upp f\u00f6r val till alla niv\u00e5er inom Svenska kyrkan. POSK finns representerade med f\u00f6rtroendevalda i f\u00f6rsamlingar och p\u00e5 stiftsniv\u00e5 i hela landet och \u00e4r den n\u00e4st st\u00f6rsta nomineringsgruppen i kyrkom\u00f6tet. POSK \u00e4r en stark r\u00f6st f\u00f6r en kyrka fri fr\u00e5n partipolitik. En kyrka d\u00e4r inte allm\u00e4npolitiska \u00e5sikter styr utan [&hellip;]<\/p>\n","protected":false},"author":1,"featured_media":0,"parent":0,"menu_order":0,"comment_status":"closed","ping_status":"closed","template":"page-templates\/page-sidebar-left.php","meta":{"_acf_changed":false,"footnotes":""},"class_list":["post-20","page","type-page","status-publish","hentry"],"acf":[],"yoast_head":"<!-- This site is optimized with the Yoast SEO plugin v24.9 - https:\/\/yoast.com\/wordpress\/plugins\/seo\/ -->\n<title>V\u00e4nersborg och V\u00e4ne-Ryrs f\u00f6rsamling - V\u00e4nersborg<\/title>\n<meta name=\"robots\" content=\"index, follow, max-snippet:-1, max-image-preview:large, max-video-preview:-1\" \/>\n<link rel=\"canonical\" href=\"https:\/\/www.posk.se\/vanersborg\/\" \/>\n<meta property=\"og:locale\" content=\"sv_SE\" \/>\n<meta property=\"og:type\" content=\"article\" \/>\n<meta property=\"og:title\" content=\"V\u00e4nersborg och V\u00e4ne-Ryrs f\u00f6rsamling - V\u00e4nersborg\" \/>\n<meta property=\"og:description\" content=\"POSK \u00e4r en nomineringsgrupp som st\u00e4ller upp f\u00f6r val till alla niv\u00e5er inom Svenska kyrkan. POSK finns representerade med f\u00f6rtroendevalda i f\u00f6rsamlingar och p\u00e5 stiftsniv\u00e5 i hela landet och \u00e4r den n\u00e4st st\u00f6rsta nomineringsgruppen i kyrkom\u00f6tet. POSK \u00e4r en stark r\u00f6st f\u00f6r en kyrka fri fr\u00e5n partipolitik. En kyrka d\u00e4r inte allm\u00e4npolitiska \u00e5sikter styr utan [&hellip;]\" \/>\n<meta property=\"og:url\" content=\"https:\/\/www.posk.se\/vanersborg\/\" \/>\n<meta property=\"og:site_name\" content=\"V\u00e4nersborg\" \/>\n<meta property=\"article:modified_time\" content=\"2026-04-16T16:56:49+00:00\" \/>\n<meta property=\"og:image\" content=\"https:\/\/www.posk.se\/vanersborg\/wp-content\/uploads\/sites\/130\/2025\/06\/img-5745-scaled.jpg\" \/>\n\t<meta property=\"og:image:width\" content=\"2560\" \/>\n\t<meta property=\"og:image:height\" content=\"1440\" \/>\n\t<meta property=\"og:image:type\" content=\"image\/jpeg\" \/>\n<meta name=\"twitter:card\" content=\"summary_large_image\" \/>\n<meta name=\"twitter:label1\" content=\"Ber\u00e4knad l\u00e4stid\" \/>\n\t<meta name=\"twitter:data1\" content=\"2 minuter\" \/>\n<script type=\"application\/ld+json\" class=\"yoast-schema-graph\">{\"@context\":\"https:\/\/schema.org\",\"@graph\":[{\"@type\":\"WebPage\",\"@id\":\"https:\/\/www.posk.se\/vanersborg\/\",\"url\":\"https:\/\/www.posk.se\/vanersborg\/\",\"name\":\"V\u00e4nersborg och V\u00e4ne-Ryrs f\u00f6rsamling - V\u00e4nersborg\",\"isPartOf\":{\"@id\":\"https:\/\/www.posk.se\/vanersborg\/#website\"},\"primaryImageOfPage\":{\"@id\":\"https:\/\/www.posk.se\/vanersborg\/#primaryimage\"},\"image\":{\"@id\":\"https:\/\/www.posk.se\/vanersborg\/#primaryimage\"},\"thumbnailUrl\":\"https:\/\/www.posk.se\/vanersborg\/wp-content\/uploads\/sites\/130\/2025\/06\/img-5745-scaled.jpg\",\"datePublished\":\"2016-07-20T08:34:50+00:00\",\"dateModified\":\"2026-04-16T16:56:49+00:00\",\"breadcrumb\":{\"@id\":\"https:\/\/www.posk.se\/vanersborg\/#breadcrumb\"},\"inLanguage\":\"sv-SE\",\"potentialAction\":[{\"@type\":\"ReadAction\",\"target\":[\"https:\/\/www.posk.se\/vanersborg\/\"]}]},{\"@type\":\"ImageObject\",\"inLanguage\":\"sv-SE\",\"@id\":\"https:\/\/www.posk.se\/vanersborg\/#primaryimage\",\"url\":\"https:\/\/www.posk.se\/vanersborg\/wp-content\/uploads\/sites\/130\/2025\/06\/img-5745-scaled.jpg\",\"contentUrl\":\"https:\/\/www.posk.se\/vanersborg\/wp-content\/uploads\/sites\/130\/2025\/06\/img-5745-scaled.jpg\",\"width\":2560,\"height\":1440},{\"@type\":\"BreadcrumbList\",\"@id\":\"https:\/\/www.posk.se\/vanersborg\/#breadcrumb\",\"itemListElement\":[{\"@type\":\"ListItem\",\"position\":1,\"name\":\"Hem\",\"item\":\"https:\/\/www.posk.se\/vanersborg\/\"},{\"@type\":\"ListItem\",\"position\":2,\"name\":\"V\u00e4nersborg och V\u00e4ne-Ryrs f\u00f6rsamling\"}]},{\"@type\":\"WebSite\",\"@id\":\"https:\/\/www.posk.se\/vanersborg\/#website\",\"url\":\"https:\/\/www.posk.se\/vanersborg\/\",\"name\":\"V\u00e4nersborg\",\"description\":\"POSK-grupp i Skara stift\",\"potentialAction\":[{\"@type\":\"SearchAction\",\"target\":{\"@type\":\"EntryPoint\",\"urlTemplate\":\"https:\/\/www.posk.se\/vanersborg\/?s={search_term_string}\"},\"query-input\":{\"@type\":\"PropertyValueSpecification\",\"valueRequired\":true,\"valueName\":\"search_term_string\"}}],\"inLanguage\":\"sv-SE\"}]}<\/script>\n<!-- \/ Yoast SEO plugin. -->","yoast_head_json":{"title":"V\u00e4nersborg och V\u00e4ne-Ryrs f\u00f6rsamling - V\u00e4nersborg","robots":{"index":"index","follow":"follow","max-snippet":"max-snippet:-1","max-image-preview":"max-image-preview:large","max-video-preview":"max-video-preview:-1"},"canonical":"https:\/\/www.posk.se\/vanersborg\/","og_locale":"sv_SE","og_type":"article","og_title":"V\u00e4nersborg och V\u00e4ne-Ryrs f\u00f6rsamling - V\u00e4nersborg","og_description":"POSK \u00e4r en nomineringsgrupp som st\u00e4ller upp f\u00f6r val till alla niv\u00e5er inom Svenska kyrkan. POSK finns representerade med f\u00f6rtroendevalda i f\u00f6rsamlingar och p\u00e5 stiftsniv\u00e5 i hela landet och \u00e4r den n\u00e4st st\u00f6rsta nomineringsgruppen i kyrkom\u00f6tet. POSK \u00e4r en stark r\u00f6st f\u00f6r en kyrka fri fr\u00e5n partipolitik. En kyrka d\u00e4r inte allm\u00e4npolitiska \u00e5sikter styr utan [&hellip;]","og_url":"https:\/\/www.posk.se\/vanersborg\/","og_site_name":"V\u00e4nersborg","article_modified_time":"2026-04-16T16:56:49+00:00","og_image":[{"width":2560,"height":1440,"url":"https:\/\/www.posk.se\/vanersborg\/wp-content\/uploads\/sites\/130\/2025\/06\/img-5745-scaled.jpg","type":"image\/jpeg"}],"twitter_card":"summary_large_image","twitter_misc":{"Ber\u00e4knad l\u00e4stid":"2 minuter"},"schema":{"@context":"https:\/\/schema.org","@graph":[{"@type":"WebPage","@id":"https:\/\/www.posk.se\/vanersborg\/","url":"https:\/\/www.posk.se\/vanersborg\/","name":"V\u00e4nersborg och V\u00e4ne-Ryrs f\u00f6rsamling - V\u00e4nersborg","isPartOf":{"@id":"https:\/\/www.posk.se\/vanersborg\/#website"},"primaryImageOfPage":{"@id":"https:\/\/www.posk.se\/vanersborg\/#primaryimage"},"image":{"@id":"https:\/\/www.posk.se\/vanersborg\/#primaryimage"},"thumbnailUrl":"https:\/\/www.posk.se\/vanersborg\/wp-content\/uploads\/sites\/130\/2025\/06\/img-5745-scaled.jpg","datePublished":"2016-07-20T08:34:50+00:00","dateModified":"2026-04-16T16:56:49+00:00","breadcrumb":{"@id":"https:\/\/www.posk.se\/vanersborg\/#breadcrumb"},"inLanguage":"sv-SE","potentialAction":[{"@type":"ReadAction","target":["https:\/\/www.posk.se\/vanersborg\/"]}]},{"@type":"ImageObject","inLanguage":"sv-SE","@id":"https:\/\/www.posk.se\/vanersborg\/#primaryimage","url":"https:\/\/www.posk.se\/vanersborg\/wp-content\/uploads\/sites\/130\/2025\/06\/img-5745-scaled.jpg","contentUrl":"https:\/\/www.posk.se\/vanersborg\/wp-content\/uploads\/sites\/130\/2025\/06\/img-5745-scaled.jpg","width":2560,"height":1440},{"@type":"BreadcrumbList","@id":"https:\/\/www.posk.se\/vanersborg\/#breadcrumb","itemListElement":[{"@type":"ListItem","position":1,"name":"Hem","item":"https:\/\/www.posk.se\/vanersborg\/"},{"@type":"ListItem","position":2,"name":"V\u00e4nersborg och V\u00e4ne-Ryrs f\u00f6rsamling"}]},{"@type":"WebSite","@id":"https:\/\/www.posk.se\/vanersborg\/#website","url":"https:\/\/www.posk.se\/vanersborg\/","name":"V\u00e4nersborg","description":"POSK-grupp i Skara stift","potentialAction":[{"@type":"SearchAction","target":{"@type":"EntryPoint","urlTemplate":"https:\/\/www.posk.se\/vanersborg\/?s={search_term_string}"},"query-input":{"@type":"PropertyValueSpecification","valueRequired":true,"valueName":"search_term_string"}}],"inLanguage":"sv-SE"}]}},"_links":{"self":[{"href":"https:\/\/www.posk.se\/vanersborg\/wp-json\/wp\/v2\/pages\/20","targetHints":{"allow":["GET"]}}],"collection":[{"href":"https:\/\/www.posk.se\/vanersborg\/wp-json\/wp\/v2\/pages"}],"about":[{"href":"https:\/\/www.posk.se\/vanersborg\/wp-json\/wp\/v2\/types\/page"}],"author":[{"embeddable":true,"href":"https:\/\/www.posk.se\/vanersborg\/wp-json\/wp\/v2\/users\/1"}],"replies":[{"embeddable":true,"href":"https:\/\/www.posk.se\/vanersborg\/wp-json\/wp\/v2\/comments?post=20"}],"version-history":[{"count":77,"href":"https:\/\/www.posk.se\/vanersborg\/wp-json\/wp\/v2\/pages\/20\/revisions"}],"predecessor-version":[{"id":344,"href":"https:\/\/www.posk.se\/vanersborg\/wp-json\/wp\/v2\/pages\/20\/revisions\/344"}],"wp:attachment":[{"href":"https:\/\/www.posk.se\/vanersborg\/wp-json\/wp\/v2\/media?parent=20"}],"curies":[{"name":"wp","href":"https:\/\/api.w.org\/{rel}","templated":true}]}}