{"id":84,"date":"2021-02-16T18:53:40","date_gmt":"2021-02-16T17:53:40","guid":{"rendered":"https:\/\/www.posk.se\/uppsalastift\/?page_id=84"},"modified":"2021-02-16T18:53:40","modified_gmt":"2021-02-16T17:53:40","slug":"debatt-gefle-dagblad-5-februari-2021","status":"publish","type":"page","link":"https:\/\/www.posk.se\/uppsalastift\/debatt\/debatt-gefle-dagblad-5-februari-2021\/","title":{"rendered":"Debatt: Gefle Dagblad 5 februari 2021"},"content":{"rendered":"<p class=\"body\">D\u00e5 G\u00e4vle pastorat bildades 2014 ersattes kyrkon\u00e4mnden av ett gemensamt kyrkor\u00e5d med ett \u00f6vergripande ansvar f\u00f6r f\u00f6rsamlingarnas verksamhet. De tidigare kyrkor\u00e5den i varje f\u00f6rsamling ersattes av f\u00f6rsamlingsr\u00e5d. Dessa \u00e4r styrelser f\u00f6r varje f\u00f6rsamling, men har ett mycket begr\u00e4nsat ansvar j\u00e4mf\u00f6rt med tidigare kyrkor\u00e5d.<\/p>\n<p class=\"body\">F\u00f6rsamlingsr\u00e5dens ledam\u00f6ter kan v\u00e4ljas utanf\u00f6r nomineringsgrupperna. Var och en som \u00e4r engagerad i verksamheten i en f\u00f6rsamling och vill ta ansvar f\u00f6r t ex hur gudstj\u00e4nsterna d\u00e4r utformas och utvecklas eller vill vara med och yttra sig till kyrkor\u00e5det inf\u00f6r f\u00f6r\u00e4ndringar som r\u00f6r f\u00f6rsamlingen kan kandidera till ett<\/p>\n<p class=\"body\">f\u00f6rsamlingsr\u00e5d.<\/p>\n<p class=\"body\">Den h\u00e4r f\u00f6r\u00e4ndringen i f\u00f6rtroendeorganisationen n\u00e4r flera f\u00f6rsamlingar bildar ett gemensamt pastorat \u00e4r ingenting jag st\u00e4ller Roberth Krantz till svars f\u00f6r. Det st\u00e5r i kyrkoordningen. Men d\u00e5 f\u00f6rsamlingsr\u00e5dens ledam\u00f6ter skulle utses efter f\u00f6rra kyrkovalet 2017 r\u00f6stade den nybildade majoriteten S, C och FISK igenom att varje ordf\u00f6rande i f\u00f6rsamlingskyrkor\u00e5den skulle h\u00e4mtas ur S eller i ett f\u00f6rsamlingsr\u00e5d ur FISK.<\/p>\n<p class=\"body\">Dessa personer \u00e4r s\u00e4kert utm\u00e4rkt dugliga, det \u00e4r naturligtvis principen att n\u00f6dv\u00e4ndigtvis vilja styra \u00e4ven f\u00f6rsamlingsr\u00e5den politiskt jag kritiserar. F\u00f6r detta finns inget st\u00f6d i kyrkoordningen.<\/p>\n<p class=\"body\">N\u00e4r nu de olika f\u00f6rsamlingarna vid \u00e5rsskiftet utg\u00f6r en enda f\u00f6rsamling har centraliseringen av makt fortsatt. Kyrkofullm\u00e4ktige och gemensamt kyrkor\u00e5d som styrelse i den nya f\u00f6rsamlingen finns naturligtvis kvar. N\u00e5got annat vore inte m\u00f6jligt utifr\u00e5n de krav kyrkoordningen st\u00e4ller.<\/p>\n<p class=\"body\"><a title=\"\" href=\"https:\/\/www.gd.se\/artikel\/debatt-pa-vilket-satt-ar-det-odemokratiskt-att-lata-fler-komma-till-tals\">Jag har aldrig p\u00e5st\u00e5tt att Svenska kyrkan i G\u00e4vle \u00e4r odemokratisk, vilket Roberth Krantz anklagar mig f\u00f6r<\/a>. Tv\u00e4rtom har jag i de sammanhang jag m\u00f6ter den \u00e5sikten p\u00e5talat, att f\u00f6rtroendeorganisationen fortfarande lever upp till de grundl\u00e4ggande krav p\u00e5 demokrati som kyrkoordningen kr\u00e4ver.<\/p>\n<p class=\"body\">Min kritik \u00e4r i st\u00e4llet att vi borde kunna g\u00f6ra mer \u00e4n vad vi absolut m\u00e5ste. Vi kan b\u00e4ttre \u00e4n s\u00e5h\u00e4r! Det finns m\u00e4nniskor som vill ta ansvar som f\u00f6rtroendevalda i den kyrka de \u00e4r engagerade i. Hur kan det bli ett problem? Demokrati i G\u00e4vle kommun bygger p\u00e5 medlemskap i ett politiskt parti f\u00f6r de personer som vill kandidera. Men kyrkan \u00e4r inte kommunen. Det \u00e4r inte mindre demokratiskt f\u00f6r det. Men det \u00e4r ovant, om man bara j\u00e4mf\u00f6r med hur kommunen styrs.<\/p>\n<p class=\"body\">Kyrkforum \u00e4r, som jag skrev, ingen d\u00e5lig id\u00e9 alls. Men den \u00e4r otillr\u00e4cklig. Dessutom \u00e4r den inte en del i f\u00f6rtroendeorganisationen, vilket det h\u00e4r handlar om. F\u00f6rsamlingsforum \u00e4r en f\u00f6rsamlingsverksamhet vid sidan av andra. Det \u00e4r ett storm\u00f6te dit alla som vill \u00e4r v\u00e4lkomna f\u00f6r att f\u00e5 information fr\u00e5n tv\u00e5 ledam\u00f6ter av kyrkor\u00e5det och st\u00e4lla fr\u00e5gor till dem eller till kyrkoherden eller annan ledningsansvarig.<\/p>\n<p class=\"body\">S\u00e5 ungef\u00e4r har det varit i Mariakyrkan och i Str\u00f6msbro i m\u00e5nga \u00e5r. Men man kandiderar inte till ett kyrkoforum, man v\u00e4ljs inte in, man utses inte av kyrkofullm\u00e4ktige f\u00f6r en mandatperiod. Man beslutar inte om n\u00e5got. Man har ingen formell makt och man st\u00e4lls inte till svars. Man g\u00e5r dit och har f\u00f6rhoppningsvis en trevlig kv\u00e4ll, men man har inget ansvar som f\u00f6rtroendevald.<\/p>\n<p class=\"body\">S\u00e5 g\u00e4rna kyrkoforum och g\u00e4rna oftare, men f\u00f6rst en f\u00f6rtroendeorganisation som tar tillvara engagemanget hos de personer \u2013 med eller utan medlemskap i en nomineringsgrupp \u2013 som vill engagera sig som f\u00f6rtroendevalda i sin kyrka. Verksamhetsr\u00e5d i varje kyrka \u00e4r vad POSK har f\u00f6reslagit. Det fungerar utm\u00e4rkt i andra f\u00f6rsamlingar. Vi vill utveckla demokratin i Svenska kyrkan i G\u00e4vle!<\/p>\n<p class=\"body\"><strong>Boel Johansson, POSK<\/strong><\/p>\n<p class=\"body\">ordf\u00f6rande i G\u00e4vle<\/p>\n<p>https:\/\/www.gd.se\/artikel\/debatt-nej-det-ar-inte-populism-att-beskriva-forandringen-som-toppstyrd<\/p>\n","protected":false},"excerpt":{"rendered":"<p>D\u00e5 G\u00e4vle pastorat bildades 2014 ersattes kyrkon\u00e4mnden av ett gemensamt kyrkor\u00e5d med ett \u00f6vergripande ansvar f\u00f6r f\u00f6rsamlingarnas verksamhet. De tidigare kyrkor\u00e5den i varje f\u00f6rsamling ersattes av f\u00f6rsamlingsr\u00e5d. Dessa \u00e4r styrelser f\u00f6r varje f\u00f6rsamling, men har ett mycket begr\u00e4nsat ansvar j\u00e4mf\u00f6rt med tidigare kyrkor\u00e5d. F\u00f6rsamlingsr\u00e5dens ledam\u00f6ter kan v\u00e4ljas utanf\u00f6r nomineringsgrupperna. Var och en som \u00e4r engagerad [&hellip;]<\/p>\n","protected":false},"author":154,"featured_media":0,"parent":74,"menu_order":3,"comment_status":"closed","ping_status":"closed","template":"page-templates\/page-sidebar-left.php","meta":{"_acf_changed":false,"footnotes":""},"class_list":["post-84","page","type-page","status-publish","hentry"],"acf":[],"yoast_head":"<!-- This site is optimized with the Yoast SEO plugin v24.9 - https:\/\/yoast.com\/wordpress\/plugins\/seo\/ -->\n<title>Debatt: Gefle Dagblad 5 februari 2021 - STIFTSF\u00d6RENING Uppsala<\/title>\n<meta name=\"robots\" content=\"index, follow, max-snippet:-1, max-image-preview:large, max-video-preview:-1\" \/>\n<link rel=\"canonical\" href=\"https:\/\/www.posk.se\/uppsalastift\/debatt\/debatt-gefle-dagblad-5-februari-2021\/\" \/>\n<meta property=\"og:locale\" content=\"sv_SE\" \/>\n<meta property=\"og:type\" content=\"article\" \/>\n<meta property=\"og:title\" content=\"Debatt: Gefle Dagblad 5 februari 2021 - STIFTSF\u00d6RENING Uppsala\" \/>\n<meta property=\"og:description\" content=\"D\u00e5 G\u00e4vle pastorat bildades 2014 ersattes kyrkon\u00e4mnden av ett gemensamt kyrkor\u00e5d med ett \u00f6vergripande ansvar f\u00f6r f\u00f6rsamlingarnas verksamhet. De tidigare kyrkor\u00e5den i varje f\u00f6rsamling ersattes av f\u00f6rsamlingsr\u00e5d. Dessa \u00e4r styrelser f\u00f6r varje f\u00f6rsamling, men har ett mycket begr\u00e4nsat ansvar j\u00e4mf\u00f6rt med tidigare kyrkor\u00e5d. F\u00f6rsamlingsr\u00e5dens ledam\u00f6ter kan v\u00e4ljas utanf\u00f6r nomineringsgrupperna. Var och en som \u00e4r engagerad [&hellip;]\" \/>\n<meta property=\"og:url\" content=\"https:\/\/www.posk.se\/uppsalastift\/debatt\/debatt-gefle-dagblad-5-februari-2021\/\" \/>\n<meta property=\"og:site_name\" content=\"STIFTSF\u00d6RENING Uppsala\" \/>\n<meta name=\"twitter:card\" content=\"summary_large_image\" \/>\n<meta name=\"twitter:label1\" content=\"Ber\u00e4knad l\u00e4stid\" \/>\n\t<meta name=\"twitter:data1\" content=\"3 minuter\" \/>\n<script type=\"application\/ld+json\" class=\"yoast-schema-graph\">{\"@context\":\"https:\/\/schema.org\",\"@graph\":[{\"@type\":\"WebPage\",\"@id\":\"https:\/\/www.posk.se\/uppsalastift\/debatt\/debatt-gefle-dagblad-5-februari-2021\/\",\"url\":\"https:\/\/www.posk.se\/uppsalastift\/debatt\/debatt-gefle-dagblad-5-februari-2021\/\",\"name\":\"Debatt: Gefle Dagblad 5 februari 2021 - STIFTSF\u00d6RENING Uppsala\",\"isPartOf\":{\"@id\":\"https:\/\/www.posk.se\/uppsalastift\/#website\"},\"datePublished\":\"2021-02-16T17:53:40+00:00\",\"breadcrumb\":{\"@id\":\"https:\/\/www.posk.se\/uppsalastift\/debatt\/debatt-gefle-dagblad-5-februari-2021\/#breadcrumb\"},\"inLanguage\":\"sv-SE\",\"potentialAction\":[{\"@type\":\"ReadAction\",\"target\":[\"https:\/\/www.posk.se\/uppsalastift\/debatt\/debatt-gefle-dagblad-5-februari-2021\/\"]}]},{\"@type\":\"BreadcrumbList\",\"@id\":\"https:\/\/www.posk.se\/uppsalastift\/debatt\/debatt-gefle-dagblad-5-februari-2021\/#breadcrumb\",\"itemListElement\":[{\"@type\":\"ListItem\",\"position\":1,\"name\":\"Hem\",\"item\":\"https:\/\/www.posk.se\/uppsalastift\/\"},{\"@type\":\"ListItem\",\"position\":2,\"name\":\"Debattartiklar\",\"item\":\"https:\/\/www.posk.se\/uppsalastift\/debatt\/\"},{\"@type\":\"ListItem\",\"position\":3,\"name\":\"Debatt: Gefle Dagblad 5 februari 2021\"}]},{\"@type\":\"WebSite\",\"@id\":\"https:\/\/www.posk.se\/uppsalastift\/#website\",\"url\":\"https:\/\/www.posk.se\/uppsalastift\/\",\"name\":\"STIFTSF\u00d6RENING Uppsala\",\"description\":\"Stiftsf\u00f6reningen f\u00f6r POSK i Uppsala stift\",\"potentialAction\":[{\"@type\":\"SearchAction\",\"target\":{\"@type\":\"EntryPoint\",\"urlTemplate\":\"https:\/\/www.posk.se\/uppsalastift\/?s={search_term_string}\"},\"query-input\":{\"@type\":\"PropertyValueSpecification\",\"valueRequired\":true,\"valueName\":\"search_term_string\"}}],\"inLanguage\":\"sv-SE\"}]}<\/script>\n<!-- \/ Yoast SEO plugin. -->","yoast_head_json":{"title":"Debatt: Gefle Dagblad 5 februari 2021 - STIFTSF\u00d6RENING Uppsala","robots":{"index":"index","follow":"follow","max-snippet":"max-snippet:-1","max-image-preview":"max-image-preview:large","max-video-preview":"max-video-preview:-1"},"canonical":"https:\/\/www.posk.se\/uppsalastift\/debatt\/debatt-gefle-dagblad-5-februari-2021\/","og_locale":"sv_SE","og_type":"article","og_title":"Debatt: Gefle Dagblad 5 februari 2021 - STIFTSF\u00d6RENING Uppsala","og_description":"D\u00e5 G\u00e4vle pastorat bildades 2014 ersattes kyrkon\u00e4mnden av ett gemensamt kyrkor\u00e5d med ett \u00f6vergripande ansvar f\u00f6r f\u00f6rsamlingarnas verksamhet. De tidigare kyrkor\u00e5den i varje f\u00f6rsamling ersattes av f\u00f6rsamlingsr\u00e5d. Dessa \u00e4r styrelser f\u00f6r varje f\u00f6rsamling, men har ett mycket begr\u00e4nsat ansvar j\u00e4mf\u00f6rt med tidigare kyrkor\u00e5d. F\u00f6rsamlingsr\u00e5dens ledam\u00f6ter kan v\u00e4ljas utanf\u00f6r nomineringsgrupperna. Var och en som \u00e4r engagerad [&hellip;]","og_url":"https:\/\/www.posk.se\/uppsalastift\/debatt\/debatt-gefle-dagblad-5-februari-2021\/","og_site_name":"STIFTSF\u00d6RENING Uppsala","twitter_card":"summary_large_image","twitter_misc":{"Ber\u00e4knad l\u00e4stid":"3 minuter"},"schema":{"@context":"https:\/\/schema.org","@graph":[{"@type":"WebPage","@id":"https:\/\/www.posk.se\/uppsalastift\/debatt\/debatt-gefle-dagblad-5-februari-2021\/","url":"https:\/\/www.posk.se\/uppsalastift\/debatt\/debatt-gefle-dagblad-5-februari-2021\/","name":"Debatt: Gefle Dagblad 5 februari 2021 - STIFTSF\u00d6RENING Uppsala","isPartOf":{"@id":"https:\/\/www.posk.se\/uppsalastift\/#website"},"datePublished":"2021-02-16T17:53:40+00:00","breadcrumb":{"@id":"https:\/\/www.posk.se\/uppsalastift\/debatt\/debatt-gefle-dagblad-5-februari-2021\/#breadcrumb"},"inLanguage":"sv-SE","potentialAction":[{"@type":"ReadAction","target":["https:\/\/www.posk.se\/uppsalastift\/debatt\/debatt-gefle-dagblad-5-februari-2021\/"]}]},{"@type":"BreadcrumbList","@id":"https:\/\/www.posk.se\/uppsalastift\/debatt\/debatt-gefle-dagblad-5-februari-2021\/#breadcrumb","itemListElement":[{"@type":"ListItem","position":1,"name":"Hem","item":"https:\/\/www.posk.se\/uppsalastift\/"},{"@type":"ListItem","position":2,"name":"Debattartiklar","item":"https:\/\/www.posk.se\/uppsalastift\/debatt\/"},{"@type":"ListItem","position":3,"name":"Debatt: Gefle Dagblad 5 februari 2021"}]},{"@type":"WebSite","@id":"https:\/\/www.posk.se\/uppsalastift\/#website","url":"https:\/\/www.posk.se\/uppsalastift\/","name":"STIFTSF\u00d6RENING Uppsala","description":"Stiftsf\u00f6reningen f\u00f6r POSK i Uppsala stift","potentialAction":[{"@type":"SearchAction","target":{"@type":"EntryPoint","urlTemplate":"https:\/\/www.posk.se\/uppsalastift\/?s={search_term_string}"},"query-input":{"@type":"PropertyValueSpecification","valueRequired":true,"valueName":"search_term_string"}}],"inLanguage":"sv-SE"}]}},"_links":{"self":[{"href":"https:\/\/www.posk.se\/uppsalastift\/wp-json\/wp\/v2\/pages\/84","targetHints":{"allow":["GET"]}}],"collection":[{"href":"https:\/\/www.posk.se\/uppsalastift\/wp-json\/wp\/v2\/pages"}],"about":[{"href":"https:\/\/www.posk.se\/uppsalastift\/wp-json\/wp\/v2\/types\/page"}],"author":[{"embeddable":true,"href":"https:\/\/www.posk.se\/uppsalastift\/wp-json\/wp\/v2\/users\/154"}],"replies":[{"embeddable":true,"href":"https:\/\/www.posk.se\/uppsalastift\/wp-json\/wp\/v2\/comments?post=84"}],"version-history":[{"count":2,"href":"https:\/\/www.posk.se\/uppsalastift\/wp-json\/wp\/v2\/pages\/84\/revisions"}],"predecessor-version":[{"id":86,"href":"https:\/\/www.posk.se\/uppsalastift\/wp-json\/wp\/v2\/pages\/84\/revisions\/86"}],"up":[{"embeddable":true,"href":"https:\/\/www.posk.se\/uppsalastift\/wp-json\/wp\/v2\/pages\/74"}],"wp:attachment":[{"href":"https:\/\/www.posk.se\/uppsalastift\/wp-json\/wp\/v2\/media?parent=84"}],"curies":[{"name":"wp","href":"https:\/\/api.w.org\/{rel}","templated":true}]}}