{"id":383,"date":"2025-08-31T23:51:21","date_gmt":"2025-08-31T21:51:21","guid":{"rendered":"https:\/\/www.posk.se\/uppsalastift\/?page_id=383"},"modified":"2025-08-31T23:58:09","modified_gmt":"2025-08-31T21:58:09","slug":"kandidatlistor-kyrkoval-2025","status":"publish","type":"page","link":"https:\/\/www.posk.se\/uppsalastift\/kandidatlistor-kyrkoval-2025\/","title":{"rendered":"Kandidatlistor Kyrkoval 2025"},"content":{"rendered":"<p style=\"padding-left: 40px;text-align: center\">Kandidater till kyrkom\u00f6tet.<\/p>\n<p><img loading=\"lazy\" decoding=\"async\" class=\"alignnone wp-image-493 size-full\" src=\"https:\/\/www.posk.se\/uppsalastift\/wp-content\/uploads\/sites\/164\/2025\/08\/valsedel-for-tryck-km-uppsala-stifts-valkrets-1.png\" alt=\"\" width=\"976\" height=\"1315\" srcset=\"https:\/\/www.posk.se\/uppsalastift\/wp-content\/uploads\/sites\/164\/2025\/08\/valsedel-for-tryck-km-uppsala-stifts-valkrets-1.png 976w, https:\/\/www.posk.se\/uppsalastift\/wp-content\/uploads\/sites\/164\/2025\/08\/valsedel-for-tryck-km-uppsala-stifts-valkrets-1-223x300.png 223w, https:\/\/www.posk.se\/uppsalastift\/wp-content\/uploads\/sites\/164\/2025\/08\/valsedel-for-tryck-km-uppsala-stifts-valkrets-1-760x1024.png 760w, https:\/\/www.posk.se\/uppsalastift\/wp-content\/uploads\/sites\/164\/2025\/08\/valsedel-for-tryck-km-uppsala-stifts-valkrets-1-768x1035.png 768w, https:\/\/www.posk.se\/uppsalastift\/wp-content\/uploads\/sites\/164\/2025\/08\/valsedel-for-tryck-km-uppsala-stifts-valkrets-1-330x445.png 330w\" sizes=\"auto, (max-width: 976px) 100vw, 976px\" \/><\/p>\n<p><img loading=\"lazy\" decoding=\"async\" class=\"alignnone wp-image-500 size-full\" src=\"https:\/\/www.posk.se\/uppsalastift\/wp-content\/uploads\/sites\/164\/2025\/08\/valsedel-for-tryck-km-uppsala-stifts-valkrets-2.png\" alt=\"\" width=\"976\" height=\"1315\" srcset=\"https:\/\/www.posk.se\/uppsalastift\/wp-content\/uploads\/sites\/164\/2025\/08\/valsedel-for-tryck-km-uppsala-stifts-valkrets-2.png 976w, https:\/\/www.posk.se\/uppsalastift\/wp-content\/uploads\/sites\/164\/2025\/08\/valsedel-for-tryck-km-uppsala-stifts-valkrets-2-223x300.png 223w, https:\/\/www.posk.se\/uppsalastift\/wp-content\/uploads\/sites\/164\/2025\/08\/valsedel-for-tryck-km-uppsala-stifts-valkrets-2-760x1024.png 760w, https:\/\/www.posk.se\/uppsalastift\/wp-content\/uploads\/sites\/164\/2025\/08\/valsedel-for-tryck-km-uppsala-stifts-valkrets-2-768x1035.png 768w, https:\/\/www.posk.se\/uppsalastift\/wp-content\/uploads\/sites\/164\/2025\/08\/valsedel-for-tryck-km-uppsala-stifts-valkrets-2-330x445.png 330w\" sizes=\"auto, (max-width: 976px) 100vw, 976px\" \/><\/p>\n<p style=\"padding-left: 40px;text-align: center\">Kandidater till stiftsfullm\u00e4ktige.<\/p>\n<p style=\"padding-left: 40px;text-align: center\">G\u00e4striklands valkrets<\/p>\n<p style=\"text-align: center\"><img loading=\"lazy\" decoding=\"async\" class=\"alignnone wp-image-494 size-full\" src=\"https:\/\/www.posk.se\/uppsalastift\/wp-content\/uploads\/sites\/164\/2025\/08\/valsedel-for-tryck-sf-gastriklands-valkrets-1.png\" alt=\"\" width=\"976\" height=\"1315\" srcset=\"https:\/\/www.posk.se\/uppsalastift\/wp-content\/uploads\/sites\/164\/2025\/08\/valsedel-for-tryck-sf-gastriklands-valkrets-1.png 976w, https:\/\/www.posk.se\/uppsalastift\/wp-content\/uploads\/sites\/164\/2025\/08\/valsedel-for-tryck-sf-gastriklands-valkrets-1-223x300.png 223w, https:\/\/www.posk.se\/uppsalastift\/wp-content\/uploads\/sites\/164\/2025\/08\/valsedel-for-tryck-sf-gastriklands-valkrets-1-760x1024.png 760w, https:\/\/www.posk.se\/uppsalastift\/wp-content\/uploads\/sites\/164\/2025\/08\/valsedel-for-tryck-sf-gastriklands-valkrets-1-768x1035.png 768w, https:\/\/www.posk.se\/uppsalastift\/wp-content\/uploads\/sites\/164\/2025\/08\/valsedel-for-tryck-sf-gastriklands-valkrets-1-330x445.png 330w\" sizes=\"auto, (max-width: 976px) 100vw, 976px\" \/><\/p>\n<p><img loading=\"lazy\" decoding=\"async\" class=\"alignnone wp-image-501 size-full\" src=\"https:\/\/www.posk.se\/uppsalastift\/wp-content\/uploads\/sites\/164\/2025\/08\/valsedel-for-tryck-sf-gastriklands-valkrets-2.png\" alt=\"\" width=\"976\" height=\"1315\" srcset=\"https:\/\/www.posk.se\/uppsalastift\/wp-content\/uploads\/sites\/164\/2025\/08\/valsedel-for-tryck-sf-gastriklands-valkrets-2.png 976w, https:\/\/www.posk.se\/uppsalastift\/wp-content\/uploads\/sites\/164\/2025\/08\/valsedel-for-tryck-sf-gastriklands-valkrets-2-223x300.png 223w, https:\/\/www.posk.se\/uppsalastift\/wp-content\/uploads\/sites\/164\/2025\/08\/valsedel-for-tryck-sf-gastriklands-valkrets-2-760x1024.png 760w, https:\/\/www.posk.se\/uppsalastift\/wp-content\/uploads\/sites\/164\/2025\/08\/valsedel-for-tryck-sf-gastriklands-valkrets-2-768x1035.png 768w, https:\/\/www.posk.se\/uppsalastift\/wp-content\/uploads\/sites\/164\/2025\/08\/valsedel-for-tryck-sf-gastriklands-valkrets-2-330x445.png 330w\" sizes=\"auto, (max-width: 976px) 100vw, 976px\" \/><\/p>\n<p style=\"padding-left: 40px;text-align: center\">H\u00e4lsinglands valkrets<\/p>\n<p><img loading=\"lazy\" decoding=\"async\" class=\"alignnone wp-image-489 size-full\" src=\"https:\/\/www.posk.se\/uppsalastift\/wp-content\/uploads\/sites\/164\/2025\/08\/valsedel-for-tryck-sf-halsinglands-valkrets-1.png\" alt=\"\" width=\"976\" height=\"1315\" srcset=\"https:\/\/www.posk.se\/uppsalastift\/wp-content\/uploads\/sites\/164\/2025\/08\/valsedel-for-tryck-sf-halsinglands-valkrets-1.png 976w, https:\/\/www.posk.se\/uppsalastift\/wp-content\/uploads\/sites\/164\/2025\/08\/valsedel-for-tryck-sf-halsinglands-valkrets-1-223x300.png 223w, https:\/\/www.posk.se\/uppsalastift\/wp-content\/uploads\/sites\/164\/2025\/08\/valsedel-for-tryck-sf-halsinglands-valkrets-1-760x1024.png 760w, https:\/\/www.posk.se\/uppsalastift\/wp-content\/uploads\/sites\/164\/2025\/08\/valsedel-for-tryck-sf-halsinglands-valkrets-1-768x1035.png 768w, https:\/\/www.posk.se\/uppsalastift\/wp-content\/uploads\/sites\/164\/2025\/08\/valsedel-for-tryck-sf-halsinglands-valkrets-1-330x445.png 330w\" sizes=\"auto, (max-width: 976px) 100vw, 976px\" \/><\/p>\n<p><img loading=\"lazy\" decoding=\"async\" class=\"alignnone wp-image-502 size-full\" src=\"https:\/\/www.posk.se\/uppsalastift\/wp-content\/uploads\/sites\/164\/2025\/08\/valsedel-for-tryck-sf-halsinglands-valkrets-2.png\" alt=\"\" width=\"976\" height=\"1315\" srcset=\"https:\/\/www.posk.se\/uppsalastift\/wp-content\/uploads\/sites\/164\/2025\/08\/valsedel-for-tryck-sf-halsinglands-valkrets-2.png 976w, https:\/\/www.posk.se\/uppsalastift\/wp-content\/uploads\/sites\/164\/2025\/08\/valsedel-for-tryck-sf-halsinglands-valkrets-2-223x300.png 223w, https:\/\/www.posk.se\/uppsalastift\/wp-content\/uploads\/sites\/164\/2025\/08\/valsedel-for-tryck-sf-halsinglands-valkrets-2-760x1024.png 760w, https:\/\/www.posk.se\/uppsalastift\/wp-content\/uploads\/sites\/164\/2025\/08\/valsedel-for-tryck-sf-halsinglands-valkrets-2-768x1035.png 768w, https:\/\/www.posk.se\/uppsalastift\/wp-content\/uploads\/sites\/164\/2025\/08\/valsedel-for-tryck-sf-halsinglands-valkrets-2-330x445.png 330w\" sizes=\"auto, (max-width: 976px) 100vw, 976px\" \/><\/p>\n<p style=\"padding-left: 40px;text-align: center\">Uppland Nordv\u00e4stras valkrets<\/p>\n<p><img loading=\"lazy\" decoding=\"async\" class=\"alignnone wp-image-490 size-full\" src=\"https:\/\/www.posk.se\/uppsalastift\/wp-content\/uploads\/sites\/164\/2025\/08\/valsedel-for-tryck-sf-upplands-nordvastra-valkrets-1.png\" alt=\"\" width=\"976\" height=\"1315\" srcset=\"https:\/\/www.posk.se\/uppsalastift\/wp-content\/uploads\/sites\/164\/2025\/08\/valsedel-for-tryck-sf-upplands-nordvastra-valkrets-1.png 976w, https:\/\/www.posk.se\/uppsalastift\/wp-content\/uploads\/sites\/164\/2025\/08\/valsedel-for-tryck-sf-upplands-nordvastra-valkrets-1-223x300.png 223w, https:\/\/www.posk.se\/uppsalastift\/wp-content\/uploads\/sites\/164\/2025\/08\/valsedel-for-tryck-sf-upplands-nordvastra-valkrets-1-760x1024.png 760w, https:\/\/www.posk.se\/uppsalastift\/wp-content\/uploads\/sites\/164\/2025\/08\/valsedel-for-tryck-sf-upplands-nordvastra-valkrets-1-768x1035.png 768w, https:\/\/www.posk.se\/uppsalastift\/wp-content\/uploads\/sites\/164\/2025\/08\/valsedel-for-tryck-sf-upplands-nordvastra-valkrets-1-330x445.png 330w\" sizes=\"auto, (max-width: 976px) 100vw, 976px\" \/><\/p>\n<p><img loading=\"lazy\" decoding=\"async\" class=\"alignnone wp-image-503 size-full\" src=\"https:\/\/www.posk.se\/uppsalastift\/wp-content\/uploads\/sites\/164\/2025\/08\/valsedel-for-tryck-sf-upplands-nordvastra-valkrets-2.png\" alt=\"\" width=\"976\" height=\"1315\" srcset=\"https:\/\/www.posk.se\/uppsalastift\/wp-content\/uploads\/sites\/164\/2025\/08\/valsedel-for-tryck-sf-upplands-nordvastra-valkrets-2.png 976w, https:\/\/www.posk.se\/uppsalastift\/wp-content\/uploads\/sites\/164\/2025\/08\/valsedel-for-tryck-sf-upplands-nordvastra-valkrets-2-223x300.png 223w, https:\/\/www.posk.se\/uppsalastift\/wp-content\/uploads\/sites\/164\/2025\/08\/valsedel-for-tryck-sf-upplands-nordvastra-valkrets-2-760x1024.png 760w, https:\/\/www.posk.se\/uppsalastift\/wp-content\/uploads\/sites\/164\/2025\/08\/valsedel-for-tryck-sf-upplands-nordvastra-valkrets-2-768x1035.png 768w, https:\/\/www.posk.se\/uppsalastift\/wp-content\/uploads\/sites\/164\/2025\/08\/valsedel-for-tryck-sf-upplands-nordvastra-valkrets-2-330x445.png 330w\" sizes=\"auto, (max-width: 976px) 100vw, 976px\" \/><\/p>\n<p style=\"padding-left: 40px;text-align: center\">Uppland Syd\u00f6stras valkrets<\/p>\n<p><img loading=\"lazy\" decoding=\"async\" class=\"alignnone wp-image-491 size-full\" src=\"https:\/\/www.posk.se\/uppsalastift\/wp-content\/uploads\/sites\/164\/2025\/08\/valsedel-for-tryck-sf-upplands-sydostra-valkrets-1.png\" alt=\"\" width=\"976\" height=\"1315\" srcset=\"https:\/\/www.posk.se\/uppsalastift\/wp-content\/uploads\/sites\/164\/2025\/08\/valsedel-for-tryck-sf-upplands-sydostra-valkrets-1.png 976w, https:\/\/www.posk.se\/uppsalastift\/wp-content\/uploads\/sites\/164\/2025\/08\/valsedel-for-tryck-sf-upplands-sydostra-valkrets-1-223x300.png 223w, https:\/\/www.posk.se\/uppsalastift\/wp-content\/uploads\/sites\/164\/2025\/08\/valsedel-for-tryck-sf-upplands-sydostra-valkrets-1-760x1024.png 760w, https:\/\/www.posk.se\/uppsalastift\/wp-content\/uploads\/sites\/164\/2025\/08\/valsedel-for-tryck-sf-upplands-sydostra-valkrets-1-768x1035.png 768w, https:\/\/www.posk.se\/uppsalastift\/wp-content\/uploads\/sites\/164\/2025\/08\/valsedel-for-tryck-sf-upplands-sydostra-valkrets-1-330x445.png 330w\" sizes=\"auto, (max-width: 976px) 100vw, 976px\" \/><\/p>\n<p><img loading=\"lazy\" decoding=\"async\" class=\"alignnone wp-image-504 size-full\" src=\"https:\/\/www.posk.se\/uppsalastift\/wp-content\/uploads\/sites\/164\/2025\/08\/valsedel-for-tryck-sf-upplands-sydostra-valkrets-2.png\" alt=\"\" width=\"976\" height=\"1315\" srcset=\"https:\/\/www.posk.se\/uppsalastift\/wp-content\/uploads\/sites\/164\/2025\/08\/valsedel-for-tryck-sf-upplands-sydostra-valkrets-2.png 976w, https:\/\/www.posk.se\/uppsalastift\/wp-content\/uploads\/sites\/164\/2025\/08\/valsedel-for-tryck-sf-upplands-sydostra-valkrets-2-223x300.png 223w, https:\/\/www.posk.se\/uppsalastift\/wp-content\/uploads\/sites\/164\/2025\/08\/valsedel-for-tryck-sf-upplands-sydostra-valkrets-2-760x1024.png 760w, https:\/\/www.posk.se\/uppsalastift\/wp-content\/uploads\/sites\/164\/2025\/08\/valsedel-for-tryck-sf-upplands-sydostra-valkrets-2-768x1035.png 768w, https:\/\/www.posk.se\/uppsalastift\/wp-content\/uploads\/sites\/164\/2025\/08\/valsedel-for-tryck-sf-upplands-sydostra-valkrets-2-330x445.png 330w\" sizes=\"auto, (max-width: 976px) 100vw, 976px\" \/><\/p>\n<p style=\"padding-left: 40px;text-align: center\">Uppsalas valkrets<\/p>\n<p><img loading=\"lazy\" decoding=\"async\" class=\"alignnone wp-image-492 size-full\" src=\"https:\/\/www.posk.se\/uppsalastift\/wp-content\/uploads\/sites\/164\/2025\/08\/valsedel-for-tryck-sf-uppsala-valkrets-1.png\" alt=\"\" width=\"976\" height=\"1315\" srcset=\"https:\/\/www.posk.se\/uppsalastift\/wp-content\/uploads\/sites\/164\/2025\/08\/valsedel-for-tryck-sf-uppsala-valkrets-1.png 976w, https:\/\/www.posk.se\/uppsalastift\/wp-content\/uploads\/sites\/164\/2025\/08\/valsedel-for-tryck-sf-uppsala-valkrets-1-223x300.png 223w, https:\/\/www.posk.se\/uppsalastift\/wp-content\/uploads\/sites\/164\/2025\/08\/valsedel-for-tryck-sf-uppsala-valkrets-1-760x1024.png 760w, https:\/\/www.posk.se\/uppsalastift\/wp-content\/uploads\/sites\/164\/2025\/08\/valsedel-for-tryck-sf-uppsala-valkrets-1-768x1035.png 768w, https:\/\/www.posk.se\/uppsalastift\/wp-content\/uploads\/sites\/164\/2025\/08\/valsedel-for-tryck-sf-uppsala-valkrets-1-330x445.png 330w\" sizes=\"auto, (max-width: 976px) 100vw, 976px\" \/><\/p>\n<p><img loading=\"lazy\" decoding=\"async\" class=\"alignnone wp-image-505 size-full\" src=\"https:\/\/www.posk.se\/uppsalastift\/wp-content\/uploads\/sites\/164\/2025\/08\/valsedel-for-tryck-sf-uppsala-valkrets-2.png\" alt=\"\" width=\"976\" height=\"1315\" srcset=\"https:\/\/www.posk.se\/uppsalastift\/wp-content\/uploads\/sites\/164\/2025\/08\/valsedel-for-tryck-sf-uppsala-valkrets-2.png 976w, https:\/\/www.posk.se\/uppsalastift\/wp-content\/uploads\/sites\/164\/2025\/08\/valsedel-for-tryck-sf-uppsala-valkrets-2-223x300.png 223w, https:\/\/www.posk.se\/uppsalastift\/wp-content\/uploads\/sites\/164\/2025\/08\/valsedel-for-tryck-sf-uppsala-valkrets-2-760x1024.png 760w, https:\/\/www.posk.se\/uppsalastift\/wp-content\/uploads\/sites\/164\/2025\/08\/valsedel-for-tryck-sf-uppsala-valkrets-2-768x1035.png 768w, https:\/\/www.posk.se\/uppsalastift\/wp-content\/uploads\/sites\/164\/2025\/08\/valsedel-for-tryck-sf-uppsala-valkrets-2-330x445.png 330w\" sizes=\"auto, (max-width: 976px) 100vw, 976px\" \/><\/p>\n","protected":false},"excerpt":{"rendered":"<p>Kandidater till kyrkom\u00f6tet. Kandidater till stiftsfullm\u00e4ktige. G\u00e4striklands valkrets H\u00e4lsinglands valkrets Uppland Nordv\u00e4stras valkrets Uppland Syd\u00f6stras valkrets Uppsalas valkrets<\/p>\n","protected":false},"author":1391,"featured_media":0,"parent":0,"menu_order":0,"comment_status":"closed","ping_status":"closed","template":"page-templates\/page-sidebar-left.php","meta":{"_acf_changed":false,"footnotes":""},"class_list":["post-383","page","type-page","status-publish","hentry"],"acf":[],"yoast_head":"<!-- This site is optimized with the Yoast SEO plugin v24.9 - https:\/\/yoast.com\/wordpress\/plugins\/seo\/ -->\n<title>Kandidatlistor Kyrkoval 2025 - STIFTSF\u00d6RENING Uppsala<\/title>\n<meta name=\"robots\" content=\"index, follow, max-snippet:-1, max-image-preview:large, max-video-preview:-1\" \/>\n<link rel=\"canonical\" href=\"https:\/\/www.posk.se\/uppsalastift\/kandidatlistor-kyrkoval-2025\/\" \/>\n<meta property=\"og:locale\" content=\"sv_SE\" \/>\n<meta property=\"og:type\" content=\"article\" \/>\n<meta property=\"og:title\" content=\"Kandidatlistor Kyrkoval 2025 - STIFTSF\u00d6RENING Uppsala\" \/>\n<meta property=\"og:description\" content=\"Kandidater till kyrkom\u00f6tet. Kandidater till stiftsfullm\u00e4ktige. G\u00e4striklands valkrets H\u00e4lsinglands valkrets Uppland Nordv\u00e4stras valkrets Uppland Syd\u00f6stras valkrets Uppsalas valkrets\" \/>\n<meta property=\"og:url\" content=\"https:\/\/www.posk.se\/uppsalastift\/kandidatlistor-kyrkoval-2025\/\" \/>\n<meta property=\"og:site_name\" content=\"STIFTSF\u00d6RENING Uppsala\" \/>\n<meta property=\"article:modified_time\" content=\"2025-08-31T21:58:09+00:00\" \/>\n<meta property=\"og:image\" content=\"https:\/\/www.posk.se\/uppsalastift\/wp-content\/uploads\/sites\/164\/2025\/08\/valsedel-for-tryck-km-uppsala-stifts-valkrets-1.png\" \/>\n\t<meta property=\"og:image:width\" content=\"976\" \/>\n\t<meta property=\"og:image:height\" content=\"1315\" \/>\n\t<meta property=\"og:image:type\" content=\"image\/png\" \/>\n<meta name=\"twitter:card\" content=\"summary_large_image\" \/>\n<meta name=\"twitter:label1\" content=\"Ber\u00e4knad l\u00e4stid\" \/>\n\t<meta name=\"twitter:data1\" content=\"3 minuter\" \/>\n<script type=\"application\/ld+json\" class=\"yoast-schema-graph\">{\"@context\":\"https:\/\/schema.org\",\"@graph\":[{\"@type\":\"WebPage\",\"@id\":\"https:\/\/www.posk.se\/uppsalastift\/kandidatlistor-kyrkoval-2025\/\",\"url\":\"https:\/\/www.posk.se\/uppsalastift\/kandidatlistor-kyrkoval-2025\/\",\"name\":\"Kandidatlistor Kyrkoval 2025 - STIFTSF\u00d6RENING Uppsala\",\"isPartOf\":{\"@id\":\"https:\/\/www.posk.se\/uppsalastift\/#website\"},\"primaryImageOfPage\":{\"@id\":\"https:\/\/www.posk.se\/uppsalastift\/kandidatlistor-kyrkoval-2025\/#primaryimage\"},\"image\":{\"@id\":\"https:\/\/www.posk.se\/uppsalastift\/kandidatlistor-kyrkoval-2025\/#primaryimage\"},\"thumbnailUrl\":\"https:\/\/www.posk.se\/uppsalastift\/wp-content\/uploads\/sites\/164\/2025\/08\/valsedel-for-tryck-km-uppsala-stifts-valkrets-1.png\",\"datePublished\":\"2025-08-31T21:51:21+00:00\",\"dateModified\":\"2025-08-31T21:58:09+00:00\",\"breadcrumb\":{\"@id\":\"https:\/\/www.posk.se\/uppsalastift\/kandidatlistor-kyrkoval-2025\/#breadcrumb\"},\"inLanguage\":\"sv-SE\",\"potentialAction\":[{\"@type\":\"ReadAction\",\"target\":[\"https:\/\/www.posk.se\/uppsalastift\/kandidatlistor-kyrkoval-2025\/\"]}]},{\"@type\":\"ImageObject\",\"inLanguage\":\"sv-SE\",\"@id\":\"https:\/\/www.posk.se\/uppsalastift\/kandidatlistor-kyrkoval-2025\/#primaryimage\",\"url\":\"https:\/\/www.posk.se\/uppsalastift\/wp-content\/uploads\/sites\/164\/2025\/08\/valsedel-for-tryck-km-uppsala-stifts-valkrets-1.png\",\"contentUrl\":\"https:\/\/www.posk.se\/uppsalastift\/wp-content\/uploads\/sites\/164\/2025\/08\/valsedel-for-tryck-km-uppsala-stifts-valkrets-1.png\",\"width\":976,\"height\":1315},{\"@type\":\"BreadcrumbList\",\"@id\":\"https:\/\/www.posk.se\/uppsalastift\/kandidatlistor-kyrkoval-2025\/#breadcrumb\",\"itemListElement\":[{\"@type\":\"ListItem\",\"position\":1,\"name\":\"Hem\",\"item\":\"https:\/\/www.posk.se\/uppsalastift\/\"},{\"@type\":\"ListItem\",\"position\":2,\"name\":\"Kandidatlistor Kyrkoval 2025\"}]},{\"@type\":\"WebSite\",\"@id\":\"https:\/\/www.posk.se\/uppsalastift\/#website\",\"url\":\"https:\/\/www.posk.se\/uppsalastift\/\",\"name\":\"STIFTSF\u00d6RENING Uppsala\",\"description\":\"Stiftsf\u00f6reningen f\u00f6r POSK i Uppsala stift\",\"potentialAction\":[{\"@type\":\"SearchAction\",\"target\":{\"@type\":\"EntryPoint\",\"urlTemplate\":\"https:\/\/www.posk.se\/uppsalastift\/?s={search_term_string}\"},\"query-input\":{\"@type\":\"PropertyValueSpecification\",\"valueRequired\":true,\"valueName\":\"search_term_string\"}}],\"inLanguage\":\"sv-SE\"}]}<\/script>\n<!-- \/ Yoast SEO plugin. -->","yoast_head_json":{"title":"Kandidatlistor Kyrkoval 2025 - STIFTSF\u00d6RENING Uppsala","robots":{"index":"index","follow":"follow","max-snippet":"max-snippet:-1","max-image-preview":"max-image-preview:large","max-video-preview":"max-video-preview:-1"},"canonical":"https:\/\/www.posk.se\/uppsalastift\/kandidatlistor-kyrkoval-2025\/","og_locale":"sv_SE","og_type":"article","og_title":"Kandidatlistor Kyrkoval 2025 - STIFTSF\u00d6RENING Uppsala","og_description":"Kandidater till kyrkom\u00f6tet. Kandidater till stiftsfullm\u00e4ktige. G\u00e4striklands valkrets H\u00e4lsinglands valkrets Uppland Nordv\u00e4stras valkrets Uppland Syd\u00f6stras valkrets Uppsalas valkrets","og_url":"https:\/\/www.posk.se\/uppsalastift\/kandidatlistor-kyrkoval-2025\/","og_site_name":"STIFTSF\u00d6RENING Uppsala","article_modified_time":"2025-08-31T21:58:09+00:00","og_image":[{"width":976,"height":1315,"url":"https:\/\/www.posk.se\/uppsalastift\/wp-content\/uploads\/sites\/164\/2025\/08\/valsedel-for-tryck-km-uppsala-stifts-valkrets-1.png","type":"image\/png"}],"twitter_card":"summary_large_image","twitter_misc":{"Ber\u00e4knad l\u00e4stid":"3 minuter"},"schema":{"@context":"https:\/\/schema.org","@graph":[{"@type":"WebPage","@id":"https:\/\/www.posk.se\/uppsalastift\/kandidatlistor-kyrkoval-2025\/","url":"https:\/\/www.posk.se\/uppsalastift\/kandidatlistor-kyrkoval-2025\/","name":"Kandidatlistor Kyrkoval 2025 - STIFTSF\u00d6RENING Uppsala","isPartOf":{"@id":"https:\/\/www.posk.se\/uppsalastift\/#website"},"primaryImageOfPage":{"@id":"https:\/\/www.posk.se\/uppsalastift\/kandidatlistor-kyrkoval-2025\/#primaryimage"},"image":{"@id":"https:\/\/www.posk.se\/uppsalastift\/kandidatlistor-kyrkoval-2025\/#primaryimage"},"thumbnailUrl":"https:\/\/www.posk.se\/uppsalastift\/wp-content\/uploads\/sites\/164\/2025\/08\/valsedel-for-tryck-km-uppsala-stifts-valkrets-1.png","datePublished":"2025-08-31T21:51:21+00:00","dateModified":"2025-08-31T21:58:09+00:00","breadcrumb":{"@id":"https:\/\/www.posk.se\/uppsalastift\/kandidatlistor-kyrkoval-2025\/#breadcrumb"},"inLanguage":"sv-SE","potentialAction":[{"@type":"ReadAction","target":["https:\/\/www.posk.se\/uppsalastift\/kandidatlistor-kyrkoval-2025\/"]}]},{"@type":"ImageObject","inLanguage":"sv-SE","@id":"https:\/\/www.posk.se\/uppsalastift\/kandidatlistor-kyrkoval-2025\/#primaryimage","url":"https:\/\/www.posk.se\/uppsalastift\/wp-content\/uploads\/sites\/164\/2025\/08\/valsedel-for-tryck-km-uppsala-stifts-valkrets-1.png","contentUrl":"https:\/\/www.posk.se\/uppsalastift\/wp-content\/uploads\/sites\/164\/2025\/08\/valsedel-for-tryck-km-uppsala-stifts-valkrets-1.png","width":976,"height":1315},{"@type":"BreadcrumbList","@id":"https:\/\/www.posk.se\/uppsalastift\/kandidatlistor-kyrkoval-2025\/#breadcrumb","itemListElement":[{"@type":"ListItem","position":1,"name":"Hem","item":"https:\/\/www.posk.se\/uppsalastift\/"},{"@type":"ListItem","position":2,"name":"Kandidatlistor Kyrkoval 2025"}]},{"@type":"WebSite","@id":"https:\/\/www.posk.se\/uppsalastift\/#website","url":"https:\/\/www.posk.se\/uppsalastift\/","name":"STIFTSF\u00d6RENING Uppsala","description":"Stiftsf\u00f6reningen f\u00f6r POSK i Uppsala stift","potentialAction":[{"@type":"SearchAction","target":{"@type":"EntryPoint","urlTemplate":"https:\/\/www.posk.se\/uppsalastift\/?s={search_term_string}"},"query-input":{"@type":"PropertyValueSpecification","valueRequired":true,"valueName":"search_term_string"}}],"inLanguage":"sv-SE"}]}},"_links":{"self":[{"href":"https:\/\/www.posk.se\/uppsalastift\/wp-json\/wp\/v2\/pages\/383","targetHints":{"allow":["GET"]}}],"collection":[{"href":"https:\/\/www.posk.se\/uppsalastift\/wp-json\/wp\/v2\/pages"}],"about":[{"href":"https:\/\/www.posk.se\/uppsalastift\/wp-json\/wp\/v2\/types\/page"}],"author":[{"embeddable":true,"href":"https:\/\/www.posk.se\/uppsalastift\/wp-json\/wp\/v2\/users\/1391"}],"replies":[{"embeddable":true,"href":"https:\/\/www.posk.se\/uppsalastift\/wp-json\/wp\/v2\/comments?post=383"}],"version-history":[{"count":12,"href":"https:\/\/www.posk.se\/uppsalastift\/wp-json\/wp\/v2\/pages\/383\/revisions"}],"predecessor-version":[{"id":512,"href":"https:\/\/www.posk.se\/uppsalastift\/wp-json\/wp\/v2\/pages\/383\/revisions\/512"}],"wp:attachment":[{"href":"https:\/\/www.posk.se\/uppsalastift\/wp-json\/wp\/v2\/media?parent=383"}],"curies":[{"name":"wp","href":"https:\/\/api.w.org\/{rel}","templated":true}]}}