{"id":37,"date":"2017-07-29T15:59:42","date_gmt":"2017-07-27T21:04:11","guid":{"rendered":"https:\/\/www.posk.se\/uppsalastift\/formular\/"},"modified":"2021-07-27T10:02:21","modified_gmt":"2021-07-27T08:02:21","slug":"formular","status":"publish","type":"page","link":"https:\/\/www.posk.se\/uppsalastift\/formular\/","title":{"rendered":"Formul\u00e4r f\u00f6r kandidatpresentation"},"content":{"rendered":"<h4>Det h\u00e4r vill jag verka f\u00f6r inom kyrkan<\/h4>\n<p>&nbsp;<\/p>\n<p>Som kyrka ska vi vara f\u00f6rankrade i den grundl\u00e4ggande uppgiften. Att fira gudstj\u00e4nst, bedriva undervisning och ut\u00f6va diakoni och mission m\u00e5ste vara det viktigaste f\u00f6r en f\u00f6rsamling. F\u00f6rsamlingen \u00e4r grunden till allt vi g\u00f6r.<\/p>\n<p>Ideellt engagerad m\u00e5ste f\u00e5 st\u00f6rre plats i f\u00f6rsamlingens arbete. Med uppmuntran och utbildning beh\u00f6ver vi s\u00e4kerst\u00e4lla att de kan st\u00e4lla upp med kunskap och engagemang.<\/p>\n<p>Kulturmilj\u00f6erna och musiken \u00e4r en viktig del i kyrkans f\u00f6rankring hos m\u00e4nniskor.<\/p>\n<p>Arbete med den v\u00e4rldsvida kyrkan engagerar mig, b\u00e5de med act Svenska kyrkan och Svenska kyrkan i utlandet.<\/p>\n","protected":false},"excerpt":{"rendered":"<p>Det h\u00e4r vill jag verka f\u00f6r inom kyrkan &nbsp; Som kyrka ska vi vara f\u00f6rankrade i den grundl\u00e4ggande uppgiften. Att fira gudstj\u00e4nst, bedriva undervisning och ut\u00f6va diakoni och mission m\u00e5ste vara det viktigaste f\u00f6r en f\u00f6rsamling. F\u00f6rsamlingen \u00e4r grunden till allt vi g\u00f6r. Ideellt engagerad m\u00e5ste f\u00e5 st\u00f6rre plats i f\u00f6rsamlingens arbete. Med uppmuntran och [&hellip;]<\/p>\n","protected":false},"author":1,"featured_media":0,"parent":0,"menu_order":5,"comment_status":"closed","ping_status":"closed","template":"page-templates\/page-sidebar-left-afcform.php","meta":{"_acf_changed":false,"footnotes":""},"class_list":["post-37","page","type-page","status-publish","hentry"],"acf":[],"yoast_head":"<!-- This site is optimized with the Yoast SEO plugin v24.9 - https:\/\/yoast.com\/wordpress\/plugins\/seo\/ -->\n<title>Formul\u00e4r f\u00f6r kandidatpresentation - STIFTSF\u00d6RENING Uppsala<\/title>\n<meta name=\"robots\" content=\"index, follow, max-snippet:-1, max-image-preview:large, max-video-preview:-1\" \/>\n<link rel=\"canonical\" href=\"https:\/\/www.posk.se\/uppsalastift\/formular\/\" \/>\n<meta property=\"og:locale\" content=\"sv_SE\" \/>\n<meta property=\"og:type\" content=\"article\" \/>\n<meta property=\"og:title\" content=\"Formul\u00e4r f\u00f6r kandidatpresentation - STIFTSF\u00d6RENING Uppsala\" \/>\n<meta property=\"og:description\" content=\"Det h\u00e4r vill jag verka f\u00f6r inom kyrkan &nbsp; Som kyrka ska vi vara f\u00f6rankrade i den grundl\u00e4ggande uppgiften. Att fira gudstj\u00e4nst, bedriva undervisning och ut\u00f6va diakoni och mission m\u00e5ste vara det viktigaste f\u00f6r en f\u00f6rsamling. F\u00f6rsamlingen \u00e4r grunden till allt vi g\u00f6r. Ideellt engagerad m\u00e5ste f\u00e5 st\u00f6rre plats i f\u00f6rsamlingens arbete. Med uppmuntran och [&hellip;]\" \/>\n<meta property=\"og:url\" content=\"https:\/\/www.posk.se\/uppsalastift\/formular\/\" \/>\n<meta property=\"og:site_name\" content=\"STIFTSF\u00d6RENING Uppsala\" \/>\n<meta property=\"article:modified_time\" content=\"2021-07-27T08:02:21+00:00\" \/>\n<meta name=\"twitter:card\" content=\"summary_large_image\" \/>\n<meta name=\"twitter:label1\" content=\"Ber\u00e4knad l\u00e4stid\" \/>\n\t<meta name=\"twitter:data1\" content=\"1 minut\" \/>\n<script type=\"application\/ld+json\" class=\"yoast-schema-graph\">{\"@context\":\"https:\/\/schema.org\",\"@graph\":[{\"@type\":\"WebPage\",\"@id\":\"https:\/\/www.posk.se\/uppsalastift\/formular\/\",\"url\":\"https:\/\/www.posk.se\/uppsalastift\/formular\/\",\"name\":\"Formul\u00e4r f\u00f6r kandidatpresentation - STIFTSF\u00d6RENING Uppsala\",\"isPartOf\":{\"@id\":\"https:\/\/www.posk.se\/uppsalastift\/#website\"},\"datePublished\":\"2017-07-27T21:04:11+00:00\",\"dateModified\":\"2021-07-27T08:02:21+00:00\",\"breadcrumb\":{\"@id\":\"https:\/\/www.posk.se\/uppsalastift\/formular\/#breadcrumb\"},\"inLanguage\":\"sv-SE\",\"potentialAction\":[{\"@type\":\"ReadAction\",\"target\":[\"https:\/\/www.posk.se\/uppsalastift\/formular\/\"]}]},{\"@type\":\"BreadcrumbList\",\"@id\":\"https:\/\/www.posk.se\/uppsalastift\/formular\/#breadcrumb\",\"itemListElement\":[{\"@type\":\"ListItem\",\"position\":1,\"name\":\"Hem\",\"item\":\"https:\/\/www.posk.se\/uppsalastift\/\"},{\"@type\":\"ListItem\",\"position\":2,\"name\":\"Formul\u00e4r f\u00f6r kandidatpresentation\"}]},{\"@type\":\"WebSite\",\"@id\":\"https:\/\/www.posk.se\/uppsalastift\/#website\",\"url\":\"https:\/\/www.posk.se\/uppsalastift\/\",\"name\":\"STIFTSF\u00d6RENING Uppsala\",\"description\":\"Stiftsf\u00f6reningen f\u00f6r POSK i Uppsala stift\",\"potentialAction\":[{\"@type\":\"SearchAction\",\"target\":{\"@type\":\"EntryPoint\",\"urlTemplate\":\"https:\/\/www.posk.se\/uppsalastift\/?s={search_term_string}\"},\"query-input\":{\"@type\":\"PropertyValueSpecification\",\"valueRequired\":true,\"valueName\":\"search_term_string\"}}],\"inLanguage\":\"sv-SE\"}]}<\/script>\n<!-- \/ Yoast SEO plugin. -->","yoast_head_json":{"title":"Formul\u00e4r f\u00f6r kandidatpresentation - STIFTSF\u00d6RENING Uppsala","robots":{"index":"index","follow":"follow","max-snippet":"max-snippet:-1","max-image-preview":"max-image-preview:large","max-video-preview":"max-video-preview:-1"},"canonical":"https:\/\/www.posk.se\/uppsalastift\/formular\/","og_locale":"sv_SE","og_type":"article","og_title":"Formul\u00e4r f\u00f6r kandidatpresentation - STIFTSF\u00d6RENING Uppsala","og_description":"Det h\u00e4r vill jag verka f\u00f6r inom kyrkan &nbsp; Som kyrka ska vi vara f\u00f6rankrade i den grundl\u00e4ggande uppgiften. Att fira gudstj\u00e4nst, bedriva undervisning och ut\u00f6va diakoni och mission m\u00e5ste vara det viktigaste f\u00f6r en f\u00f6rsamling. F\u00f6rsamlingen \u00e4r grunden till allt vi g\u00f6r. Ideellt engagerad m\u00e5ste f\u00e5 st\u00f6rre plats i f\u00f6rsamlingens arbete. Med uppmuntran och [&hellip;]","og_url":"https:\/\/www.posk.se\/uppsalastift\/formular\/","og_site_name":"STIFTSF\u00d6RENING Uppsala","article_modified_time":"2021-07-27T08:02:21+00:00","twitter_card":"summary_large_image","twitter_misc":{"Ber\u00e4knad l\u00e4stid":"1 minut"},"schema":{"@context":"https:\/\/schema.org","@graph":[{"@type":"WebPage","@id":"https:\/\/www.posk.se\/uppsalastift\/formular\/","url":"https:\/\/www.posk.se\/uppsalastift\/formular\/","name":"Formul\u00e4r f\u00f6r kandidatpresentation - STIFTSF\u00d6RENING Uppsala","isPartOf":{"@id":"https:\/\/www.posk.se\/uppsalastift\/#website"},"datePublished":"2017-07-27T21:04:11+00:00","dateModified":"2021-07-27T08:02:21+00:00","breadcrumb":{"@id":"https:\/\/www.posk.se\/uppsalastift\/formular\/#breadcrumb"},"inLanguage":"sv-SE","potentialAction":[{"@type":"ReadAction","target":["https:\/\/www.posk.se\/uppsalastift\/formular\/"]}]},{"@type":"BreadcrumbList","@id":"https:\/\/www.posk.se\/uppsalastift\/formular\/#breadcrumb","itemListElement":[{"@type":"ListItem","position":1,"name":"Hem","item":"https:\/\/www.posk.se\/uppsalastift\/"},{"@type":"ListItem","position":2,"name":"Formul\u00e4r f\u00f6r kandidatpresentation"}]},{"@type":"WebSite","@id":"https:\/\/www.posk.se\/uppsalastift\/#website","url":"https:\/\/www.posk.se\/uppsalastift\/","name":"STIFTSF\u00d6RENING Uppsala","description":"Stiftsf\u00f6reningen f\u00f6r POSK i Uppsala stift","potentialAction":[{"@type":"SearchAction","target":{"@type":"EntryPoint","urlTemplate":"https:\/\/www.posk.se\/uppsalastift\/?s={search_term_string}"},"query-input":{"@type":"PropertyValueSpecification","valueRequired":true,"valueName":"search_term_string"}}],"inLanguage":"sv-SE"}]}},"_links":{"self":[{"href":"https:\/\/www.posk.se\/uppsalastift\/wp-json\/wp\/v2\/pages\/37","targetHints":{"allow":["GET"]}}],"collection":[{"href":"https:\/\/www.posk.se\/uppsalastift\/wp-json\/wp\/v2\/pages"}],"about":[{"href":"https:\/\/www.posk.se\/uppsalastift\/wp-json\/wp\/v2\/types\/page"}],"author":[{"embeddable":true,"href":"https:\/\/www.posk.se\/uppsalastift\/wp-json\/wp\/v2\/users\/1"}],"replies":[{"embeddable":true,"href":"https:\/\/www.posk.se\/uppsalastift\/wp-json\/wp\/v2\/comments?post=37"}],"version-history":[{"count":2,"href":"https:\/\/www.posk.se\/uppsalastift\/wp-json\/wp\/v2\/pages\/37\/revisions"}],"predecessor-version":[{"id":216,"href":"https:\/\/www.posk.se\/uppsalastift\/wp-json\/wp\/v2\/pages\/37\/revisions\/216"}],"wp:attachment":[{"href":"https:\/\/www.posk.se\/uppsalastift\/wp-json\/wp\/v2\/media?parent=37"}],"curies":[{"name":"wp","href":"https:\/\/api.w.org\/{rel}","templated":true}]}}