{"id":171,"date":"2021-03-15T18:05:21","date_gmt":"2021-03-15T17:05:21","guid":{"rendered":"https:\/\/www.posk.se\/uppsalastift\/?page_id=171"},"modified":"2021-03-15T18:05:21","modified_gmt":"2021-03-15T17:05:21","slug":"debatt-gefle-dagblad-23-januari-2021","status":"publish","type":"page","link":"https:\/\/www.posk.se\/uppsalastift\/debatt\/debatt-gefle-dagblad-23-januari-2021\/","title":{"rendered":"Debatt: Gefle Dagblad 23 januari 2021"},"content":{"rendered":"<p>Fr\u00e5n \u00e5rsskiftet \u00e4r Svenska kyrkan i G\u00e4vle bara en f\u00f6rsamling och makten har centraliserats. Svenska kyrkan \u00e4r en folkkyrka, som styrs demokratiskt genom allm\u00e4nna val d\u00e4r alla medlemmar kan r\u00f6sta vart fj\u00e4rde \u00e5r. D\u00e5 v\u00e4ljs kyrkofullm\u00e4ktige, som utser kyrkor\u00e5det, f\u00f6rsamlingens styrelse. H\u00e4r blev det ingen f\u00f6r\u00e4ndring. Men Svenska kyrkan i G\u00e4vle kommer nu att toppstyras fr\u00e5n kyrkor\u00e5det. Helt i on\u00f6dan, skriver Boel Johansson, POSK.<\/p>\n<p class=\"body\">Bland de m\u00e5nga engagerade m\u00e4nniskor som finns i de olika kyrkorna finns de som vill ta ansvar som f\u00f6rtroendevalda. M\u00e5nga av dem har funnits i n\u00e5got av de fyra f\u00f6rsamlingsr\u00e5d som nu avskaffats. I st\u00e4llet har Socialdemokraterna inf\u00f6rt storm\u00f6ten tv\u00e5 g\u00e5nger om \u00e5ret d\u00e4r n\u00e5gon ledamot i kyrkor\u00e5det informerar om verksamheten i de olika kyrkorna och svarar p\u00e5 fr\u00e5gor. Det h\u00e4r \u00e4r ingen d\u00e5lig id\u00e9, men helt otillr\u00e4cklig.<\/p>\n<p class=\"body\">I Partipolitiskt Obundna i Svenska Kyrkan (POSK) \u00e4r vi best\u00f6rta \u00f6ver att S tycker att det h\u00e4r r\u00e4cker som demokratisk f\u00f6rankring. Vi menar att det \u00e4r viktigt, till och med n\u00f6dv\u00e4ndigt, att m\u00e4nniskors vilja att ta ansvar i sin kyrka inte ska nonchaleras.<\/p>\n<p class=\"body\">D\u00e4rf\u00f6r har vi arbetat fram ett f\u00f6reslag d\u00e4r det runt varje kyrka bildas ett verksamhetsr\u00e5d. H\u00e4r kan id\u00e9er v\u00e4xa fram tillsammans med anst\u00e4lld personal. Den verksamhet som finns kan utv\u00e4rderas och utvecklas.<\/p>\n<p class=\"body\">Verksamhetsr\u00e5d kan finnas f\u00f6r verksamheten i kyrkor och f\u00f6rsamlingshus i Str\u00f6msbro och i Hemlingby liksom i Tomaskyrkan och Bj\u00f6rsj\u00f6kyrkan, inte bara i Bomhus, Heliga Trefaldighet, Maria och Staffan som tidigare.<\/p>\n<p class=\"body\">Den som vill kandidera till ett verksamhetsr\u00e5d ska inte vara tvungen att g\u00e5 omv\u00e4gen om ett politiskt parti eller en partipolitiskt obunden nomineringsgrupp. Det \u00e4r engagemanget i den lokala kyrkan som ska vara det viktiga. Man v\u00e4ljs p\u00e5 tv\u00e5 \u00e5r, vilket kan vara bra till exempel f\u00f6r unga m\u00e4nniskor, som kanske flyttar fr\u00e5n stan efter gymnasiet. Man f\u00e5r inga arvoden, s\u00e5 det h\u00e4r blir inte dyrare.<\/p>\n<p class=\"body\">Kyrkan v\u00e4xer underifr\u00e5n. Det \u00e4r mycket gott som kan gro och spira i kyrkan. Det \u00e4r m\u00e5nga som kan v\u00e4xa genom att ta ansvar. Det \u00e4r inte minst Kyrkans Unga sedan m\u00e5nga \u00e5r ett bevis f\u00f6r. Vi kan utveckla demokratin i Svenska kyrkan i G\u00e4vle, om vi vill. Vi ska inte f\u00f6rs\u00f6ka ta d\u00f6d p\u00e5 den!<\/p>\n<p class=\"body\"><strong>Boel Johansson, POSK<\/strong><\/p>\n<p class=\"body\">ordf\u00f6rande G\u00e4vle<\/p>\n","protected":false},"excerpt":{"rendered":"<p>Fr\u00e5n \u00e5rsskiftet \u00e4r Svenska kyrkan i G\u00e4vle bara en f\u00f6rsamling och makten har centraliserats. Svenska kyrkan \u00e4r en folkkyrka, som styrs demokratiskt genom allm\u00e4nna val d\u00e4r alla medlemmar kan r\u00f6sta vart fj\u00e4rde \u00e5r. D\u00e5 v\u00e4ljs kyrkofullm\u00e4ktige, som utser kyrkor\u00e5det, f\u00f6rsamlingens styrelse. H\u00e4r blev det ingen f\u00f6r\u00e4ndring. Men Svenska kyrkan i G\u00e4vle kommer nu att toppstyras [&hellip;]<\/p>\n","protected":false},"author":154,"featured_media":0,"parent":74,"menu_order":1,"comment_status":"closed","ping_status":"closed","template":"page-templates\/page-sidebar-left.php","meta":{"_acf_changed":false,"footnotes":""},"class_list":["post-171","page","type-page","status-publish","hentry"],"acf":[],"yoast_head":"<!-- This site is optimized with the Yoast SEO plugin v24.9 - https:\/\/yoast.com\/wordpress\/plugins\/seo\/ -->\n<title>Debatt: Gefle Dagblad 23 januari 2021 - STIFTSF\u00d6RENING Uppsala<\/title>\n<meta name=\"robots\" content=\"index, follow, max-snippet:-1, max-image-preview:large, max-video-preview:-1\" \/>\n<link rel=\"canonical\" href=\"https:\/\/www.posk.se\/uppsalastift\/debatt\/debatt-gefle-dagblad-23-januari-2021\/\" \/>\n<meta property=\"og:locale\" content=\"sv_SE\" \/>\n<meta property=\"og:type\" content=\"article\" \/>\n<meta property=\"og:title\" content=\"Debatt: Gefle Dagblad 23 januari 2021 - STIFTSF\u00d6RENING Uppsala\" \/>\n<meta property=\"og:description\" content=\"Fr\u00e5n \u00e5rsskiftet \u00e4r Svenska kyrkan i G\u00e4vle bara en f\u00f6rsamling och makten har centraliserats. Svenska kyrkan \u00e4r en folkkyrka, som styrs demokratiskt genom allm\u00e4nna val d\u00e4r alla medlemmar kan r\u00f6sta vart fj\u00e4rde \u00e5r. D\u00e5 v\u00e4ljs kyrkofullm\u00e4ktige, som utser kyrkor\u00e5det, f\u00f6rsamlingens styrelse. H\u00e4r blev det ingen f\u00f6r\u00e4ndring. Men Svenska kyrkan i G\u00e4vle kommer nu att toppstyras [&hellip;]\" \/>\n<meta property=\"og:url\" content=\"https:\/\/www.posk.se\/uppsalastift\/debatt\/debatt-gefle-dagblad-23-januari-2021\/\" \/>\n<meta property=\"og:site_name\" content=\"STIFTSF\u00d6RENING Uppsala\" \/>\n<meta name=\"twitter:card\" content=\"summary_large_image\" \/>\n<meta name=\"twitter:label1\" content=\"Ber\u00e4knad l\u00e4stid\" \/>\n\t<meta name=\"twitter:data1\" content=\"2 minuter\" \/>\n<script type=\"application\/ld+json\" class=\"yoast-schema-graph\">{\"@context\":\"https:\/\/schema.org\",\"@graph\":[{\"@type\":\"WebPage\",\"@id\":\"https:\/\/www.posk.se\/uppsalastift\/debatt\/debatt-gefle-dagblad-23-januari-2021\/\",\"url\":\"https:\/\/www.posk.se\/uppsalastift\/debatt\/debatt-gefle-dagblad-23-januari-2021\/\",\"name\":\"Debatt: Gefle Dagblad 23 januari 2021 - STIFTSF\u00d6RENING Uppsala\",\"isPartOf\":{\"@id\":\"https:\/\/www.posk.se\/uppsalastift\/#website\"},\"datePublished\":\"2021-03-15T17:05:21+00:00\",\"breadcrumb\":{\"@id\":\"https:\/\/www.posk.se\/uppsalastift\/debatt\/debatt-gefle-dagblad-23-januari-2021\/#breadcrumb\"},\"inLanguage\":\"sv-SE\",\"potentialAction\":[{\"@type\":\"ReadAction\",\"target\":[\"https:\/\/www.posk.se\/uppsalastift\/debatt\/debatt-gefle-dagblad-23-januari-2021\/\"]}]},{\"@type\":\"BreadcrumbList\",\"@id\":\"https:\/\/www.posk.se\/uppsalastift\/debatt\/debatt-gefle-dagblad-23-januari-2021\/#breadcrumb\",\"itemListElement\":[{\"@type\":\"ListItem\",\"position\":1,\"name\":\"Hem\",\"item\":\"https:\/\/www.posk.se\/uppsalastift\/\"},{\"@type\":\"ListItem\",\"position\":2,\"name\":\"Debattartiklar\",\"item\":\"https:\/\/www.posk.se\/uppsalastift\/debatt\/\"},{\"@type\":\"ListItem\",\"position\":3,\"name\":\"Debatt: Gefle Dagblad 23 januari 2021\"}]},{\"@type\":\"WebSite\",\"@id\":\"https:\/\/www.posk.se\/uppsalastift\/#website\",\"url\":\"https:\/\/www.posk.se\/uppsalastift\/\",\"name\":\"STIFTSF\u00d6RENING Uppsala\",\"description\":\"Stiftsf\u00f6reningen f\u00f6r POSK i Uppsala stift\",\"potentialAction\":[{\"@type\":\"SearchAction\",\"target\":{\"@type\":\"EntryPoint\",\"urlTemplate\":\"https:\/\/www.posk.se\/uppsalastift\/?s={search_term_string}\"},\"query-input\":{\"@type\":\"PropertyValueSpecification\",\"valueRequired\":true,\"valueName\":\"search_term_string\"}}],\"inLanguage\":\"sv-SE\"}]}<\/script>\n<!-- \/ Yoast SEO plugin. -->","yoast_head_json":{"title":"Debatt: Gefle Dagblad 23 januari 2021 - STIFTSF\u00d6RENING Uppsala","robots":{"index":"index","follow":"follow","max-snippet":"max-snippet:-1","max-image-preview":"max-image-preview:large","max-video-preview":"max-video-preview:-1"},"canonical":"https:\/\/www.posk.se\/uppsalastift\/debatt\/debatt-gefle-dagblad-23-januari-2021\/","og_locale":"sv_SE","og_type":"article","og_title":"Debatt: Gefle Dagblad 23 januari 2021 - STIFTSF\u00d6RENING Uppsala","og_description":"Fr\u00e5n \u00e5rsskiftet \u00e4r Svenska kyrkan i G\u00e4vle bara en f\u00f6rsamling och makten har centraliserats. Svenska kyrkan \u00e4r en folkkyrka, som styrs demokratiskt genom allm\u00e4nna val d\u00e4r alla medlemmar kan r\u00f6sta vart fj\u00e4rde \u00e5r. D\u00e5 v\u00e4ljs kyrkofullm\u00e4ktige, som utser kyrkor\u00e5det, f\u00f6rsamlingens styrelse. H\u00e4r blev det ingen f\u00f6r\u00e4ndring. Men Svenska kyrkan i G\u00e4vle kommer nu att toppstyras [&hellip;]","og_url":"https:\/\/www.posk.se\/uppsalastift\/debatt\/debatt-gefle-dagblad-23-januari-2021\/","og_site_name":"STIFTSF\u00d6RENING Uppsala","twitter_card":"summary_large_image","twitter_misc":{"Ber\u00e4knad l\u00e4stid":"2 minuter"},"schema":{"@context":"https:\/\/schema.org","@graph":[{"@type":"WebPage","@id":"https:\/\/www.posk.se\/uppsalastift\/debatt\/debatt-gefle-dagblad-23-januari-2021\/","url":"https:\/\/www.posk.se\/uppsalastift\/debatt\/debatt-gefle-dagblad-23-januari-2021\/","name":"Debatt: Gefle Dagblad 23 januari 2021 - STIFTSF\u00d6RENING Uppsala","isPartOf":{"@id":"https:\/\/www.posk.se\/uppsalastift\/#website"},"datePublished":"2021-03-15T17:05:21+00:00","breadcrumb":{"@id":"https:\/\/www.posk.se\/uppsalastift\/debatt\/debatt-gefle-dagblad-23-januari-2021\/#breadcrumb"},"inLanguage":"sv-SE","potentialAction":[{"@type":"ReadAction","target":["https:\/\/www.posk.se\/uppsalastift\/debatt\/debatt-gefle-dagblad-23-januari-2021\/"]}]},{"@type":"BreadcrumbList","@id":"https:\/\/www.posk.se\/uppsalastift\/debatt\/debatt-gefle-dagblad-23-januari-2021\/#breadcrumb","itemListElement":[{"@type":"ListItem","position":1,"name":"Hem","item":"https:\/\/www.posk.se\/uppsalastift\/"},{"@type":"ListItem","position":2,"name":"Debattartiklar","item":"https:\/\/www.posk.se\/uppsalastift\/debatt\/"},{"@type":"ListItem","position":3,"name":"Debatt: Gefle Dagblad 23 januari 2021"}]},{"@type":"WebSite","@id":"https:\/\/www.posk.se\/uppsalastift\/#website","url":"https:\/\/www.posk.se\/uppsalastift\/","name":"STIFTSF\u00d6RENING Uppsala","description":"Stiftsf\u00f6reningen f\u00f6r POSK i Uppsala stift","potentialAction":[{"@type":"SearchAction","target":{"@type":"EntryPoint","urlTemplate":"https:\/\/www.posk.se\/uppsalastift\/?s={search_term_string}"},"query-input":{"@type":"PropertyValueSpecification","valueRequired":true,"valueName":"search_term_string"}}],"inLanguage":"sv-SE"}]}},"_links":{"self":[{"href":"https:\/\/www.posk.se\/uppsalastift\/wp-json\/wp\/v2\/pages\/171","targetHints":{"allow":["GET"]}}],"collection":[{"href":"https:\/\/www.posk.se\/uppsalastift\/wp-json\/wp\/v2\/pages"}],"about":[{"href":"https:\/\/www.posk.se\/uppsalastift\/wp-json\/wp\/v2\/types\/page"}],"author":[{"embeddable":true,"href":"https:\/\/www.posk.se\/uppsalastift\/wp-json\/wp\/v2\/users\/154"}],"replies":[{"embeddable":true,"href":"https:\/\/www.posk.se\/uppsalastift\/wp-json\/wp\/v2\/comments?post=171"}],"version-history":[{"count":2,"href":"https:\/\/www.posk.se\/uppsalastift\/wp-json\/wp\/v2\/pages\/171\/revisions"}],"predecessor-version":[{"id":173,"href":"https:\/\/www.posk.se\/uppsalastift\/wp-json\/wp\/v2\/pages\/171\/revisions\/173"}],"up":[{"embeddable":true,"href":"https:\/\/www.posk.se\/uppsalastift\/wp-json\/wp\/v2\/pages\/74"}],"wp:attachment":[{"href":"https:\/\/www.posk.se\/uppsalastift\/wp-json\/wp\/v2\/media?parent=171"}],"curies":[{"name":"wp","href":"https:\/\/api.w.org\/{rel}","templated":true}]}}