{"id":74,"date":"2017-09-12T21:54:18","date_gmt":"2017-09-12T19:54:18","guid":{"rendered":"https:\/\/www.posk.se\/uppsala\/?page_id=74"},"modified":"2025-08-21T15:19:04","modified_gmt":"2025-08-21T13:19:04","slug":"program","status":"publish","type":"page","link":"https:\/\/www.posk.se\/uppsala\/program\/","title":{"rendered":"V\u00e5rt program"},"content":{"rendered":"<p>POSK &#8211; partipolitiskt obundna i Svenska kyrkan &#8211; har b\u00e5de bredd och djup. Vi som \u00e4r aktiva i POSK \u00e4r engagerade i kyrkan p\u00e5 olika s\u00e4tt och vill ocks\u00e5 vara med och ta ansvar f\u00f6r beslut och styrning.<br \/>\nL\u00e4s g\u00e4rna mer om <a href=\"https:\/\/www.posk.se\/vi-vill\/program\/\">POSKs vision och program 2026-2029<\/a><\/p>\n<p>POSK i Uppsala pastorat har erfarenhet, engagemang och f\u00f6rankring i pastoratets fem f\u00f6rsamlingar.<\/p>\n<h3>POSK i Uppsala vill:<\/h3>\n<ul>\n<li>Se en kyrka fri fr\u00e5n partipolitik<\/li>\n<li>Verka f\u00f6r att minska ensamhet i alla \u00e5ldrar<\/li>\n<li>Inbjuda till samtal om tro och liv i dagens samh\u00e4lle<\/li>\n<li>Ge mer resurser till Universitetskyrkan<\/li>\n<li>P\u00e5verka f\u00f6r att nya skyddsrum \u00e4ven kan anv\u00e4ndas som samlingslokaler<\/li>\n<li>Utveckla musiksamverkan mellan f\u00f6rsamlingarna<\/li>\n<li>Ta vara p\u00e5 ideella medarbetares initiativ och kompetens<\/li>\n<li>\u00d6ka internationellt bist\u00e5nd till en procent av budget<\/li>\n<li>Ge f\u00f6rsamlingsr\u00e5den \u00f6kat ansvar och inflytande<\/li>\n<\/ul>\n<p>F\u00f6r att f\u00e5 veta mer om vad POSK i Uppsala st\u00e5r f\u00f6r \u00e4r du varmt <a href=\"https:\/\/www.posk.se\/uppsala\/om-oss\/\">v\u00e4lkommen att h\u00f6ra av dig<\/a>!<\/p>\n<p>&nbsp;<\/p>\n","protected":false},"excerpt":{"rendered":"<p>POSK &#8211; partipolitiskt obundna i Svenska kyrkan &#8211; har b\u00e5de bredd och djup. Vi som \u00e4r aktiva i POSK \u00e4r engagerade i kyrkan p\u00e5 olika s\u00e4tt och vill ocks\u00e5 vara med och ta ansvar f\u00f6r beslut och styrning. L\u00e4s g\u00e4rna mer om POSKs vision och program 2026-2029 POSK i Uppsala pastorat har erfarenhet, engagemang och [&hellip;]<\/p>\n","protected":false},"author":154,"featured_media":203,"parent":0,"menu_order":2,"comment_status":"closed","ping_status":"closed","template":"page-templates\/page-sidebar-left.php","meta":{"_acf_changed":false,"footnotes":""},"class_list":["post-74","page","type-page","status-publish","has-post-thumbnail","hentry"],"acf":[],"yoast_head":"<!-- This site is optimized with the Yoast SEO plugin v24.9 - https:\/\/yoast.com\/wordpress\/plugins\/seo\/ -->\n<title>V\u00e5rt program - Uppsala<\/title>\n<meta name=\"robots\" content=\"index, follow, max-snippet:-1, max-image-preview:large, max-video-preview:-1\" \/>\n<link rel=\"canonical\" href=\"https:\/\/www.posk.se\/uppsala\/program\/\" \/>\n<meta property=\"og:locale\" content=\"sv_SE\" \/>\n<meta property=\"og:type\" content=\"article\" \/>\n<meta property=\"og:title\" content=\"V\u00e5rt program - Uppsala\" \/>\n<meta property=\"og:description\" content=\"POSK &#8211; partipolitiskt obundna i Svenska kyrkan &#8211; har b\u00e5de bredd och djup. Vi som \u00e4r aktiva i POSK \u00e4r engagerade i kyrkan p\u00e5 olika s\u00e4tt och vill ocks\u00e5 vara med och ta ansvar f\u00f6r beslut och styrning. L\u00e4s g\u00e4rna mer om POSKs vision och program 2026-2029 POSK i Uppsala pastorat har erfarenhet, engagemang och [&hellip;]\" \/>\n<meta property=\"og:url\" content=\"https:\/\/www.posk.se\/uppsala\/program\/\" \/>\n<meta property=\"og:site_name\" content=\"Uppsala\" \/>\n<meta property=\"article:modified_time\" content=\"2025-08-21T13:19:04+00:00\" \/>\n<meta property=\"og:image\" content=\"https:\/\/www.posk.se\/uppsala\/wp-content\/uploads\/sites\/180\/2021\/03\/silvana-carlos-bh-wrdaez9e-unsplash-scaled.jpg\" \/>\n\t<meta property=\"og:image:width\" content=\"1707\" \/>\n\t<meta property=\"og:image:height\" content=\"2560\" \/>\n\t<meta property=\"og:image:type\" content=\"image\/jpeg\" \/>\n<meta name=\"twitter:card\" content=\"summary_large_image\" \/>\n<meta name=\"twitter:label1\" content=\"Ber\u00e4knad l\u00e4stid\" \/>\n\t<meta name=\"twitter:data1\" content=\"1 minut\" \/>\n<script type=\"application\/ld+json\" class=\"yoast-schema-graph\">{\"@context\":\"https:\/\/schema.org\",\"@graph\":[{\"@type\":\"WebPage\",\"@id\":\"https:\/\/www.posk.se\/uppsala\/program\/\",\"url\":\"https:\/\/www.posk.se\/uppsala\/program\/\",\"name\":\"V\u00e5rt program - Uppsala\",\"isPartOf\":{\"@id\":\"https:\/\/www.posk.se\/uppsala\/#website\"},\"primaryImageOfPage\":{\"@id\":\"https:\/\/www.posk.se\/uppsala\/program\/#primaryimage\"},\"image\":{\"@id\":\"https:\/\/www.posk.se\/uppsala\/program\/#primaryimage\"},\"thumbnailUrl\":\"https:\/\/www.posk.se\/uppsala\/wp-content\/uploads\/sites\/180\/2021\/03\/silvana-carlos-bh-wrdaez9e-unsplash-scaled.jpg\",\"datePublished\":\"2017-09-12T19:54:18+00:00\",\"dateModified\":\"2025-08-21T13:19:04+00:00\",\"breadcrumb\":{\"@id\":\"https:\/\/www.posk.se\/uppsala\/program\/#breadcrumb\"},\"inLanguage\":\"sv-SE\",\"potentialAction\":[{\"@type\":\"ReadAction\",\"target\":[\"https:\/\/www.posk.se\/uppsala\/program\/\"]}]},{\"@type\":\"ImageObject\",\"inLanguage\":\"sv-SE\",\"@id\":\"https:\/\/www.posk.se\/uppsala\/program\/#primaryimage\",\"url\":\"https:\/\/www.posk.se\/uppsala\/wp-content\/uploads\/sites\/180\/2021\/03\/silvana-carlos-bh-wrdaez9e-unsplash-scaled.jpg\",\"contentUrl\":\"https:\/\/www.posk.se\/uppsala\/wp-content\/uploads\/sites\/180\/2021\/03\/silvana-carlos-bh-wrdaez9e-unsplash-scaled.jpg\",\"width\":1707,\"height\":2560},{\"@type\":\"BreadcrumbList\",\"@id\":\"https:\/\/www.posk.se\/uppsala\/program\/#breadcrumb\",\"itemListElement\":[{\"@type\":\"ListItem\",\"position\":1,\"name\":\"Hem\",\"item\":\"https:\/\/www.posk.se\/uppsala\/\"},{\"@type\":\"ListItem\",\"position\":2,\"name\":\"V\u00e5rt program\"}]},{\"@type\":\"WebSite\",\"@id\":\"https:\/\/www.posk.se\/uppsala\/#website\",\"url\":\"https:\/\/www.posk.se\/uppsala\/\",\"name\":\"Uppsala\",\"description\":\"POSK-grupp i Uppsala stift\",\"potentialAction\":[{\"@type\":\"SearchAction\",\"target\":{\"@type\":\"EntryPoint\",\"urlTemplate\":\"https:\/\/www.posk.se\/uppsala\/?s={search_term_string}\"},\"query-input\":{\"@type\":\"PropertyValueSpecification\",\"valueRequired\":true,\"valueName\":\"search_term_string\"}}],\"inLanguage\":\"sv-SE\"}]}<\/script>\n<!-- \/ Yoast SEO plugin. -->","yoast_head_json":{"title":"V\u00e5rt program - Uppsala","robots":{"index":"index","follow":"follow","max-snippet":"max-snippet:-1","max-image-preview":"max-image-preview:large","max-video-preview":"max-video-preview:-1"},"canonical":"https:\/\/www.posk.se\/uppsala\/program\/","og_locale":"sv_SE","og_type":"article","og_title":"V\u00e5rt program - Uppsala","og_description":"POSK &#8211; partipolitiskt obundna i Svenska kyrkan &#8211; har b\u00e5de bredd och djup. Vi som \u00e4r aktiva i POSK \u00e4r engagerade i kyrkan p\u00e5 olika s\u00e4tt och vill ocks\u00e5 vara med och ta ansvar f\u00f6r beslut och styrning. L\u00e4s g\u00e4rna mer om POSKs vision och program 2026-2029 POSK i Uppsala pastorat har erfarenhet, engagemang och [&hellip;]","og_url":"https:\/\/www.posk.se\/uppsala\/program\/","og_site_name":"Uppsala","article_modified_time":"2025-08-21T13:19:04+00:00","og_image":[{"width":1707,"height":2560,"url":"https:\/\/www.posk.se\/uppsala\/wp-content\/uploads\/sites\/180\/2021\/03\/silvana-carlos-bh-wrdaez9e-unsplash-scaled.jpg","type":"image\/jpeg"}],"twitter_card":"summary_large_image","twitter_misc":{"Ber\u00e4knad l\u00e4stid":"1 minut"},"schema":{"@context":"https:\/\/schema.org","@graph":[{"@type":"WebPage","@id":"https:\/\/www.posk.se\/uppsala\/program\/","url":"https:\/\/www.posk.se\/uppsala\/program\/","name":"V\u00e5rt program - Uppsala","isPartOf":{"@id":"https:\/\/www.posk.se\/uppsala\/#website"},"primaryImageOfPage":{"@id":"https:\/\/www.posk.se\/uppsala\/program\/#primaryimage"},"image":{"@id":"https:\/\/www.posk.se\/uppsala\/program\/#primaryimage"},"thumbnailUrl":"https:\/\/www.posk.se\/uppsala\/wp-content\/uploads\/sites\/180\/2021\/03\/silvana-carlos-bh-wrdaez9e-unsplash-scaled.jpg","datePublished":"2017-09-12T19:54:18+00:00","dateModified":"2025-08-21T13:19:04+00:00","breadcrumb":{"@id":"https:\/\/www.posk.se\/uppsala\/program\/#breadcrumb"},"inLanguage":"sv-SE","potentialAction":[{"@type":"ReadAction","target":["https:\/\/www.posk.se\/uppsala\/program\/"]}]},{"@type":"ImageObject","inLanguage":"sv-SE","@id":"https:\/\/www.posk.se\/uppsala\/program\/#primaryimage","url":"https:\/\/www.posk.se\/uppsala\/wp-content\/uploads\/sites\/180\/2021\/03\/silvana-carlos-bh-wrdaez9e-unsplash-scaled.jpg","contentUrl":"https:\/\/www.posk.se\/uppsala\/wp-content\/uploads\/sites\/180\/2021\/03\/silvana-carlos-bh-wrdaez9e-unsplash-scaled.jpg","width":1707,"height":2560},{"@type":"BreadcrumbList","@id":"https:\/\/www.posk.se\/uppsala\/program\/#breadcrumb","itemListElement":[{"@type":"ListItem","position":1,"name":"Hem","item":"https:\/\/www.posk.se\/uppsala\/"},{"@type":"ListItem","position":2,"name":"V\u00e5rt program"}]},{"@type":"WebSite","@id":"https:\/\/www.posk.se\/uppsala\/#website","url":"https:\/\/www.posk.se\/uppsala\/","name":"Uppsala","description":"POSK-grupp i Uppsala stift","potentialAction":[{"@type":"SearchAction","target":{"@type":"EntryPoint","urlTemplate":"https:\/\/www.posk.se\/uppsala\/?s={search_term_string}"},"query-input":{"@type":"PropertyValueSpecification","valueRequired":true,"valueName":"search_term_string"}}],"inLanguage":"sv-SE"}]}},"_links":{"self":[{"href":"https:\/\/www.posk.se\/uppsala\/wp-json\/wp\/v2\/pages\/74","targetHints":{"allow":["GET"]}}],"collection":[{"href":"https:\/\/www.posk.se\/uppsala\/wp-json\/wp\/v2\/pages"}],"about":[{"href":"https:\/\/www.posk.se\/uppsala\/wp-json\/wp\/v2\/types\/page"}],"author":[{"embeddable":true,"href":"https:\/\/www.posk.se\/uppsala\/wp-json\/wp\/v2\/users\/154"}],"replies":[{"embeddable":true,"href":"https:\/\/www.posk.se\/uppsala\/wp-json\/wp\/v2\/comments?post=74"}],"version-history":[{"count":12,"href":"https:\/\/www.posk.se\/uppsala\/wp-json\/wp\/v2\/pages\/74\/revisions"}],"predecessor-version":[{"id":548,"href":"https:\/\/www.posk.se\/uppsala\/wp-json\/wp\/v2\/pages\/74\/revisions\/548"}],"wp:featuredmedia":[{"embeddable":true,"href":"https:\/\/www.posk.se\/uppsala\/wp-json\/wp\/v2\/media\/203"}],"wp:attachment":[{"href":"https:\/\/www.posk.se\/uppsala\/wp-json\/wp\/v2\/media?parent=74"}],"curies":[{"name":"wp","href":"https:\/\/api.w.org\/{rel}","templated":true}]}}

Vårt program

<p>POSK &#8211; partipolitiskt obundna i Svenska kyrkan &#8211; har både bredd och djup. Vi som är aktiva i POSK är engagerade i kyrkan på olika sätt och vill också vara med och ta ansvar för beslut och styrning.<br />
Läs gärna mer om <a href="https://www.posk.se/vi-vill/program/">POSKs vision och program 2026-2029</a></p>
<p>POSK i Uppsala pastorat har erfarenhet, engagemang och förankring i pastoratets fem församlingar.</p>
<h3>POSK i Uppsala vill:</h3>
<ul>
<li>Se en kyrka fri från partipolitik</li>
<li>Verka för att minska ensamhet i alla åldrar</li>
<li>Inbjuda till samtal om tro och liv i dagens samhälle</li>
<li>Ge mer resurser till Universitetskyrkan</li>
<li>Påverka för att nya skyddsrum även kan användas som samlingslokaler</li>
<li>Utveckla musiksamverkan mellan församlingarna</li>
<li>Ta vara på ideella medarbetares initiativ och kompetens</li>
<li>Öka internationellt bistånd till en procent av budget</li>
<li>Ge församlingsråden ökat ansvar och inflytande</li>
</ul>
<p>För att få veta mer om vad POSK i Uppsala står för är du varmt <a href="https://www.posk.se/uppsala/om-oss/">välkommen att höra av dig</a>!</p>
<p>&nbsp;</p>

<p>POSK &#8211; partipolitiskt obundna i Svenska kyrkan &#8211; har både bredd och djup. Vi som är aktiva i POSK är engagerade i kyrkan på olika sätt och vill också vara med och ta ansvar för beslut och styrning. Läs gärna mer om POSKs vision och program 2026-2029 POSK i Uppsala pastorat har erfarenhet, engagemang och [&hellip;]</p>

<!-- This site is optimized with the Yoast SEO plugin v24.9 - https://yoast.com/wordpress/plugins/seo/ -->
<title>Vårt program - Uppsala</title>
<meta name="robots" content="index, follow, max-snippet:-1, max-image-preview:large, max-video-preview:-1" />
<link rel="canonical" href="https://www.posk.se/uppsala/program/" />
<meta property="og:locale" content="sv_SE" />
<meta property="og:type" content="article" />
<meta property="og:title" content="Vårt program - Uppsala" />
<meta property="og:description" content="POSK &#8211; partipolitiskt obundna i Svenska kyrkan &#8211; har både bredd och djup. Vi som är aktiva i POSK är engagerade i kyrkan på olika sätt och vill också vara med och ta ansvar för beslut och styrning. Läs gärna mer om POSKs vision och program 2026-2029 POSK i Uppsala pastorat har erfarenhet, engagemang och [&hellip;]" />
<meta property="og:url" content="https://www.posk.se/uppsala/program/" />
<meta property="og:site_name" content="Uppsala" />
<meta property="article:modified_time" content="2025-08-21T13:19:04+00:00" />
<meta property="og:image" content="https://www.posk.se/uppsala/wp-content/uploads/sites/180/2021/03/silvana-carlos-bh-wrdaez9e-unsplash-scaled.jpg" />
	<meta property="og:image:width" content="1707" />
	<meta property="og:image:height" content="2560" />
	<meta property="og:image:type" content="image/jpeg" />
<meta name="twitter:card" content="summary_large_image" />
<meta name="twitter:label1" content="Beräknad lästid" />
	<meta name="twitter:data1" content="1 minut" />
<script type="application/ld+json" class="yoast-schema-graph">{"@context":"https://schema.org","@graph":[{"@type":"WebPage","@id":"https://www.posk.se/uppsala/program/","url":"https://www.posk.se/uppsala/program/","name":"Vårt program - Uppsala","isPartOf":{"@id":"https://www.posk.se/uppsala/#website"},"primaryImageOfPage":{"@id":"https://www.posk.se/uppsala/program/#primaryimage"},"image":{"@id":"https://www.posk.se/uppsala/program/#primaryimage"},"thumbnailUrl":"https://www.posk.se/uppsala/wp-content/uploads/sites/180/2021/03/silvana-carlos-bh-wrdaez9e-unsplash-scaled.jpg","datePublished":"2017-09-12T19:54:18+00:00","dateModified":"2025-08-21T13:19:04+00:00","breadcrumb":{"@id":"https://www.posk.se/uppsala/program/#breadcrumb"},"inLanguage":"sv-SE","potentialAction":[{"@type":"ReadAction","target":["https://www.posk.se/uppsala/program/"]}]},{"@type":"ImageObject","inLanguage":"sv-SE","@id":"https://www.posk.se/uppsala/program/#primaryimage","url":"https://www.posk.se/uppsala/wp-content/uploads/sites/180/2021/03/silvana-carlos-bh-wrdaez9e-unsplash-scaled.jpg","contentUrl":"https://www.posk.se/uppsala/wp-content/uploads/sites/180/2021/03/silvana-carlos-bh-wrdaez9e-unsplash-scaled.jpg","width":1707,"height":2560},{"@type":"BreadcrumbList","@id":"https://www.posk.se/uppsala/program/#breadcrumb","itemListElement":[{"@type":"ListItem","position":1,"name":"Hem","item":"https://www.posk.se/uppsala/"},{"@type":"ListItem","position":2,"name":"Vårt program"}]},{"@type":"WebSite","@id":"https://www.posk.se/uppsala/#website","url":"https://www.posk.se/uppsala/","name":"Uppsala","description":"POSK-grupp i Uppsala stift","potentialAction":[{"@type":"SearchAction","target":{"@type":"EntryPoint","urlTemplate":"https://www.posk.se/uppsala/?s={search_term_string}"},"query-input":{"@type":"PropertyValueSpecification","valueRequired":true,"valueName":"search_term_string"}}],"inLanguage":"sv-SE"}]}</script>
<!-- / Yoast SEO plugin. -->

Vårt program - Uppsala

POSK &#8211; partipolitiskt obundna i Svenska kyrkan &#8211; har både bredd och djup. Vi som är aktiva i POSK är engagerade i kyrkan på olika sätt och vill också vara med och ta ansvar för beslut och styrning. Läs gärna mer om POSKs vision och program 2026-2029 POSK i Uppsala pastorat har erfarenhet, engagemang och [&hellip;]
