{"id":342,"date":"2025-10-18T09:34:19","date_gmt":"2025-10-18T07:34:19","guid":{"rendered":"https:\/\/www.posk.se\/tranas\/?page_id=342"},"modified":"2025-10-19T23:20:34","modified_gmt":"2025-10-19T21:20:34","slug":"fortroendevalda-2026-2029","status":"publish","type":"page","link":"https:\/\/www.posk.se\/tranas\/fortroendevalda-2026-2029\/","title":{"rendered":"F\u00f6rtroendevalda 2026-2029"},"content":{"rendered":"<p><strong>Kyrkofullm\u00e4ktige<\/strong><br \/>\n<em>Ordinarie ledam\u00f6ter<\/em><br \/>\nJohan Broman [<a href=\"https:\/\/www.posk.se\/tranas\/kandidatpresentationer\/johan-broman\/\">&gt;<\/a>]<br \/>\nTobias Enell<br \/>\nKatarina Karlsson [<a href=\"https:\/\/www.posk.se\/tranas\/kandidatpresentationer\/katarina-karlsson\/\">&gt;<\/a>]<br \/>\nRobin Falk<br \/>\nFrida G\u00e5rdmo<br \/>\nLeif Osbeck<br \/>\nMaria Sanfridsson<br \/>\nBj\u00f6rn Rosenqvist<br \/>\nNami Svensson<br \/>\nFuji Hoffmann<br \/>\nKurre Carlson<\/p>\n<p><i>Ers\u00e4ttare<\/i><br \/>\n1. Anna Samson<br \/>\n2. Sebastian Broman<br \/>\n3. Inga Fingal<br \/>\n4. Hans Karlsson<br \/>\n5. Ellinor Broman<br \/>\n6. Ann-Charlotte Morell<br \/>\n.<br \/>\nK\u00e4lla: <a href=\"https:\/\/kyrkoval.svenskakyrkan.se\/Valresultat2025\/slutg\/Visning\/Resultat\/Forsamling.aspx?StiftID=3&amp;ValomradeId=12944&amp;ValtypId=7\" target=\"_blank\" rel=\"noopener\">Valresultat<\/a> (<i>kyrkoval.svenskakyrkan.se<\/i>)<\/p>\n<hr \/>\n<p><em>\u2013 Bild \u00f6verst: Gruppbild p\u00e5 POSK till tidningen kyrktuppen, Foto: Svenska kyrkan Tran\u00e5s<\/em><\/p>\n<p style=\"text-align: right\">Verktyg f\u00f6r ber\u00e4kning av indirekta val<br \/>\n<a href=\"https:\/\/www.svenskakyrkan.se\/valwebben\/indirekta-val\" target=\"_blank\" rel=\"noopener\">L\u00e4s mer<\/a> {<a href=\"https:\/\/webapp.svenskakyrkan.se\/miscapp\/v1\/client\/indirektaval\/#\/?stiftId=1\" target=\"_blank\" rel=\"noopener\">Verktyget<\/a>}<\/p>\n","protected":false},"excerpt":{"rendered":"<p>Kyrkofullm\u00e4ktige Ordinarie ledam\u00f6ter Johan Broman [&gt;] Tobias Enell Katarina Karlsson [&gt;] Robin Falk Frida G\u00e5rdmo Leif Osbeck Maria Sanfridsson Bj\u00f6rn Rosenqvist Nami Svensson Fuji Hoffmann Kurre Carlson Ers\u00e4ttare 1. Anna Samson 2. Sebastian Broman 3. Inga Fingal 4. Hans Karlsson 5. Ellinor Broman 6. Ann-Charlotte Morell . K\u00e4lla: Valresultat (kyrkoval.svenskakyrkan.se) \u2013 Bild \u00f6verst: Gruppbild p\u00e5 [&hellip;]<\/p>\n","protected":false},"author":104,"featured_media":329,"parent":0,"menu_order":1,"comment_status":"closed","ping_status":"closed","template":"page-templates\/page-sidebar-left.php","meta":{"_acf_changed":false,"footnotes":""},"class_list":["post-342","page","type-page","status-publish","has-post-thumbnail","hentry"],"acf":[],"yoast_head":"<!-- This site is optimized with the Yoast SEO plugin v24.9 - https:\/\/yoast.com\/wordpress\/plugins\/seo\/ -->\n<title>F\u00f6rtroendevalda 2026-2029 - Tran\u00e5s<\/title>\n<meta name=\"robots\" content=\"index, follow, max-snippet:-1, max-image-preview:large, max-video-preview:-1\" \/>\n<link rel=\"canonical\" href=\"https:\/\/www.posk.se\/tranas\/fortroendevalda-2026-2029\/\" \/>\n<meta property=\"og:locale\" content=\"sv_SE\" \/>\n<meta property=\"og:type\" content=\"article\" \/>\n<meta property=\"og:title\" content=\"F\u00f6rtroendevalda 2026-2029 - Tran\u00e5s\" \/>\n<meta property=\"og:description\" content=\"Kyrkofullm\u00e4ktige Ordinarie ledam\u00f6ter Johan Broman [&gt;] Tobias Enell Katarina Karlsson [&gt;] Robin Falk Frida G\u00e5rdmo Leif Osbeck Maria Sanfridsson Bj\u00f6rn Rosenqvist Nami Svensson Fuji Hoffmann Kurre Carlson Ers\u00e4ttare 1. Anna Samson 2. Sebastian Broman 3. Inga Fingal 4. Hans Karlsson 5. Ellinor Broman 6. Ann-Charlotte Morell . K\u00e4lla: Valresultat (kyrkoval.svenskakyrkan.se) \u2013 Bild \u00f6verst: Gruppbild p\u00e5 [&hellip;]\" \/>\n<meta property=\"og:url\" content=\"https:\/\/www.posk.se\/tranas\/fortroendevalda-2026-2029\/\" \/>\n<meta property=\"og:site_name\" content=\"Tran\u00e5s\" \/>\n<meta property=\"article:modified_time\" content=\"2025-10-19T21:20:34+00:00\" \/>\n<meta property=\"og:image\" content=\"https:\/\/www.posk.se\/tranas\/wp-content\/uploads\/sites\/82\/2025\/08\/img-1533-1-scaled-e1756394700295.jpeg\" \/>\n\t<meta property=\"og:image:width\" content=\"2560\" \/>\n\t<meta property=\"og:image:height\" content=\"1387\" \/>\n\t<meta property=\"og:image:type\" content=\"image\/jpeg\" \/>\n<meta name=\"twitter:card\" content=\"summary_large_image\" \/>\n<meta name=\"twitter:label1\" content=\"Ber\u00e4knad l\u00e4stid\" \/>\n\t<meta name=\"twitter:data1\" content=\"1 minut\" \/>\n<script type=\"application\/ld+json\" class=\"yoast-schema-graph\">{\"@context\":\"https:\/\/schema.org\",\"@graph\":[{\"@type\":\"WebPage\",\"@id\":\"https:\/\/www.posk.se\/tranas\/fortroendevalda-2026-2029\/\",\"url\":\"https:\/\/www.posk.se\/tranas\/fortroendevalda-2026-2029\/\",\"name\":\"F\u00f6rtroendevalda 2026-2029 - Tran\u00e5s\",\"isPartOf\":{\"@id\":\"https:\/\/www.posk.se\/tranas\/#website\"},\"primaryImageOfPage\":{\"@id\":\"https:\/\/www.posk.se\/tranas\/fortroendevalda-2026-2029\/#primaryimage\"},\"image\":{\"@id\":\"https:\/\/www.posk.se\/tranas\/fortroendevalda-2026-2029\/#primaryimage\"},\"thumbnailUrl\":\"https:\/\/www.posk.se\/tranas\/wp-content\/uploads\/sites\/82\/2025\/08\/img-1533-1-scaled-e1756394700295.jpeg\",\"datePublished\":\"2025-10-18T07:34:19+00:00\",\"dateModified\":\"2025-10-19T21:20:34+00:00\",\"breadcrumb\":{\"@id\":\"https:\/\/www.posk.se\/tranas\/fortroendevalda-2026-2029\/#breadcrumb\"},\"inLanguage\":\"sv-SE\",\"potentialAction\":[{\"@type\":\"ReadAction\",\"target\":[\"https:\/\/www.posk.se\/tranas\/fortroendevalda-2026-2029\/\"]}]},{\"@type\":\"ImageObject\",\"inLanguage\":\"sv-SE\",\"@id\":\"https:\/\/www.posk.se\/tranas\/fortroendevalda-2026-2029\/#primaryimage\",\"url\":\"https:\/\/www.posk.se\/tranas\/wp-content\/uploads\/sites\/82\/2025\/08\/img-1533-1-scaled-e1756394700295.jpeg\",\"contentUrl\":\"https:\/\/www.posk.se\/tranas\/wp-content\/uploads\/sites\/82\/2025\/08\/img-1533-1-scaled-e1756394700295.jpeg\",\"width\":2560,\"height\":1387},{\"@type\":\"BreadcrumbList\",\"@id\":\"https:\/\/www.posk.se\/tranas\/fortroendevalda-2026-2029\/#breadcrumb\",\"itemListElement\":[{\"@type\":\"ListItem\",\"position\":1,\"name\":\"Hem\",\"item\":\"https:\/\/www.posk.se\/tranas\/\"},{\"@type\":\"ListItem\",\"position\":2,\"name\":\"F\u00f6rtroendevalda 2026-2029\"}]},{\"@type\":\"WebSite\",\"@id\":\"https:\/\/www.posk.se\/tranas\/#website\",\"url\":\"https:\/\/www.posk.se\/tranas\/\",\"name\":\"Tran\u00e5s\",\"description\":\"POSK-grupp i Link\u00f6pings stift\",\"potentialAction\":[{\"@type\":\"SearchAction\",\"target\":{\"@type\":\"EntryPoint\",\"urlTemplate\":\"https:\/\/www.posk.se\/tranas\/?s={search_term_string}\"},\"query-input\":{\"@type\":\"PropertyValueSpecification\",\"valueRequired\":true,\"valueName\":\"search_term_string\"}}],\"inLanguage\":\"sv-SE\"}]}<\/script>\n<!-- \/ Yoast SEO plugin. -->","yoast_head_json":{"title":"F\u00f6rtroendevalda 2026-2029 - Tran\u00e5s","robots":{"index":"index","follow":"follow","max-snippet":"max-snippet:-1","max-image-preview":"max-image-preview:large","max-video-preview":"max-video-preview:-1"},"canonical":"https:\/\/www.posk.se\/tranas\/fortroendevalda-2026-2029\/","og_locale":"sv_SE","og_type":"article","og_title":"F\u00f6rtroendevalda 2026-2029 - Tran\u00e5s","og_description":"Kyrkofullm\u00e4ktige Ordinarie ledam\u00f6ter Johan Broman [&gt;] Tobias Enell Katarina Karlsson [&gt;] Robin Falk Frida G\u00e5rdmo Leif Osbeck Maria Sanfridsson Bj\u00f6rn Rosenqvist Nami Svensson Fuji Hoffmann Kurre Carlson Ers\u00e4ttare 1. Anna Samson 2. Sebastian Broman 3. Inga Fingal 4. Hans Karlsson 5. Ellinor Broman 6. Ann-Charlotte Morell . K\u00e4lla: Valresultat (kyrkoval.svenskakyrkan.se) \u2013 Bild \u00f6verst: Gruppbild p\u00e5 [&hellip;]","og_url":"https:\/\/www.posk.se\/tranas\/fortroendevalda-2026-2029\/","og_site_name":"Tran\u00e5s","article_modified_time":"2025-10-19T21:20:34+00:00","og_image":[{"width":2560,"height":1387,"url":"https:\/\/www.posk.se\/tranas\/wp-content\/uploads\/sites\/82\/2025\/08\/img-1533-1-scaled-e1756394700295.jpeg","type":"image\/jpeg"}],"twitter_card":"summary_large_image","twitter_misc":{"Ber\u00e4knad l\u00e4stid":"1 minut"},"schema":{"@context":"https:\/\/schema.org","@graph":[{"@type":"WebPage","@id":"https:\/\/www.posk.se\/tranas\/fortroendevalda-2026-2029\/","url":"https:\/\/www.posk.se\/tranas\/fortroendevalda-2026-2029\/","name":"F\u00f6rtroendevalda 2026-2029 - Tran\u00e5s","isPartOf":{"@id":"https:\/\/www.posk.se\/tranas\/#website"},"primaryImageOfPage":{"@id":"https:\/\/www.posk.se\/tranas\/fortroendevalda-2026-2029\/#primaryimage"},"image":{"@id":"https:\/\/www.posk.se\/tranas\/fortroendevalda-2026-2029\/#primaryimage"},"thumbnailUrl":"https:\/\/www.posk.se\/tranas\/wp-content\/uploads\/sites\/82\/2025\/08\/img-1533-1-scaled-e1756394700295.jpeg","datePublished":"2025-10-18T07:34:19+00:00","dateModified":"2025-10-19T21:20:34+00:00","breadcrumb":{"@id":"https:\/\/www.posk.se\/tranas\/fortroendevalda-2026-2029\/#breadcrumb"},"inLanguage":"sv-SE","potentialAction":[{"@type":"ReadAction","target":["https:\/\/www.posk.se\/tranas\/fortroendevalda-2026-2029\/"]}]},{"@type":"ImageObject","inLanguage":"sv-SE","@id":"https:\/\/www.posk.se\/tranas\/fortroendevalda-2026-2029\/#primaryimage","url":"https:\/\/www.posk.se\/tranas\/wp-content\/uploads\/sites\/82\/2025\/08\/img-1533-1-scaled-e1756394700295.jpeg","contentUrl":"https:\/\/www.posk.se\/tranas\/wp-content\/uploads\/sites\/82\/2025\/08\/img-1533-1-scaled-e1756394700295.jpeg","width":2560,"height":1387},{"@type":"BreadcrumbList","@id":"https:\/\/www.posk.se\/tranas\/fortroendevalda-2026-2029\/#breadcrumb","itemListElement":[{"@type":"ListItem","position":1,"name":"Hem","item":"https:\/\/www.posk.se\/tranas\/"},{"@type":"ListItem","position":2,"name":"F\u00f6rtroendevalda 2026-2029"}]},{"@type":"WebSite","@id":"https:\/\/www.posk.se\/tranas\/#website","url":"https:\/\/www.posk.se\/tranas\/","name":"Tran\u00e5s","description":"POSK-grupp i Link\u00f6pings stift","potentialAction":[{"@type":"SearchAction","target":{"@type":"EntryPoint","urlTemplate":"https:\/\/www.posk.se\/tranas\/?s={search_term_string}"},"query-input":{"@type":"PropertyValueSpecification","valueRequired":true,"valueName":"search_term_string"}}],"inLanguage":"sv-SE"}]}},"_links":{"self":[{"href":"https:\/\/www.posk.se\/tranas\/wp-json\/wp\/v2\/pages\/342","targetHints":{"allow":["GET"]}}],"collection":[{"href":"https:\/\/www.posk.se\/tranas\/wp-json\/wp\/v2\/pages"}],"about":[{"href":"https:\/\/www.posk.se\/tranas\/wp-json\/wp\/v2\/types\/page"}],"author":[{"embeddable":true,"href":"https:\/\/www.posk.se\/tranas\/wp-json\/wp\/v2\/users\/104"}],"replies":[{"embeddable":true,"href":"https:\/\/www.posk.se\/tranas\/wp-json\/wp\/v2\/comments?post=342"}],"version-history":[{"count":20,"href":"https:\/\/www.posk.se\/tranas\/wp-json\/wp\/v2\/pages\/342\/revisions"}],"predecessor-version":[{"id":367,"href":"https:\/\/www.posk.se\/tranas\/wp-json\/wp\/v2\/pages\/342\/revisions\/367"}],"wp:featuredmedia":[{"embeddable":true,"href":"https:\/\/www.posk.se\/tranas\/wp-json\/wp\/v2\/media\/329"}],"wp:attachment":[{"href":"https:\/\/www.posk.se\/tranas\/wp-json\/wp\/v2\/media?parent=342"}],"curies":[{"name":"wp","href":"https:\/\/api.w.org\/{rel}","templated":true}]}}