{"id":31,"date":"2017-09-04T22:43:22","date_gmt":"2017-09-04T20:43:22","guid":{"rendered":"https:\/\/www.posk.se\/taby\/?page_id=31"},"modified":"2025-06-22T21:57:14","modified_gmt":"2025-06-22T19:57:14","slug":"detta-vill-vi-gora","status":"publish","type":"page","link":"https:\/\/www.posk.se\/taby\/detta-vill-vi-gora\/","title":{"rendered":"Detta vill vi g\u00f6ra"},"content":{"rendered":"<h2>Tre av v\u00e5ra hj\u00e4rtefr\u00e5gor<\/h2>\n<h3>Konfirmation, Svenska kyrkans unga &amp; Karlberg<\/h3>\n<p>T\u00e4by f\u00f6rsamling ska ha Sveriges b\u00e4sta konfirmandverksamhet. Redan idag \u00e4r konfirmandarbetet en av T\u00e4bys stoltheter, men det finns fortfarande utvecklingsm\u00f6jligheter. Idag \u00e4r fler ungdomar nyfikna p\u00e5 konfirmation \u00e4n vad f\u00f6rsamlingen klarar av att ta emot. Det vill vi m\u00f6ta med fler l\u00e4ger och fler konfirmandgrupper. Deltagaravgifterna ska s\u00e4nkas s\u00e5 att alla som vill kan konfirmeras. Ekonomi f\u00e5r inte vara ett hinder f\u00f6r att kunna delta i kyrkans verksamhet.<\/p>\n<p>Ungdomsledarutbildningen och Svenska Kyrkans Unga, SKU, \u00e4r h\u00f6rnstenar i en bra konfirmandverksamhet. T\u00e4by sticker verkligen ut i Sverige n\u00e4r mer \u00e4n 500 av T\u00e4bys barn och ungdomar samlas p\u00e5 l\u00e4ger, ungdomsm\u00e4ssor och andra aktiviteter vecka efter vecka \u00e5ret om. Det vill vi ta vara p\u00e5 och utveckla vidare genom fler barn- och ungdomssatsningar. L\u00e4gerg\u00e5rden Karlberg ska v\u00e4rnas!<\/p>\n<h3>Diakoni, idealitet &amp; integration<\/h3>\n<p>Vi vill att Svenska kyrkan i T\u00e4by ska vara en socialt engagerad kyrka med l\u00e5ga tr\u00f6sklar d\u00e4r den kristna tron inte bara \u00e4r ord utan ocks\u00e5 syns i handling. F\u00f6rsamlingsarbetet ska d\u00e4rf\u00f6r inte begr\u00e4nsas till v\u00e5ra fem kyrkor utan finnas mitt i m\u00e4nniskors vardag d\u00e4r de lever, bor och arbetar.<\/p>\n<p>Vi vill att Svenska kyrkan ska erbjuda hembes\u00f6k hos \u00e4ldre och ensamma, och finnas n\u00e4rvarande p\u00e5 \u00e4ldreboenden i kommunen. Integrationsarbetet i form av Prata svenska-caf\u00e9t och st\u00f6det till nyanl\u00e4nda \u00e4r en viktig verksamhet f\u00f6r f\u00f6rsamlingen. N\u00e4r andra samh\u00e4llsinstanser sviker ska kyrkan ta sitt ansvar. Vi \u00e4r \u00f6vertygade om att b\u00e5de anst\u00e4llda och ideella krafter har mycket att bidra med och vill bli fler som ger en del av v\u00e5r tid och v\u00e5rt engagemang f\u00f6r v\u00e5ra medm\u00e4nniskor.<\/p>\n<h3>Lokalt, genuint &amp; v\u00e4lljudande<\/h3>\n<p>V\u00e5ra fem kyrkor ska fyllas av liv, aktivitet och mycket musik. Alla T\u00e4bybor ska k\u00e4nna sig hemma i &#8221;sin&#8221; kyrka och m\u00f6tas av gemenskap och engagemang. Varje s\u00f6ndag vill vi fira gudstj\u00e4nst i f\u00f6rsamlingens alla fem kyrkor, men vi vill ocks\u00e5 fylla v\u00e5ra lokaler med meningsfulla m\u00f6ten och aktiviteter under resten av veckans dagar. Kyrkan ska vara en plats d\u00e4r m\u00e4nniskor av olika ursprung och med olika livs\u00e5sk\u00e5dningar kan tr\u00e4ffas f\u00f6r samtal, samvaro, gl\u00e4dje, s\u00e5ng och uppt\u00e4ckarlust. Och n\u00e4r livet \u00e4r tungt ska kyrkan vara en plats d\u00e4r \u00e4ven sorgen, tvivlet och suckarna f\u00e5r ta plats.<\/p>\n<p>Musiken i gudstj\u00e4nsterna \u00e4r av central betydelse och k\u00f6rs\u00e5ngare, ungdomsmusiker och anst\u00e4llda musiker har en v\u00e4rdefull roll. Vill vill forts\u00e4tta att bygga ut k\u00f6rverksamheten s\u00e5 att fler m\u00e4nniskor i alla \u00e5ldrar f\u00e5r uppleva gl\u00e4djen i att skapa musik tillsammans.<\/p>\n<h2>POSK p\u00e5 T\u00e4by f\u00f6rsamlings webbsida<\/h2>\n<p>Alla nomineringsgrupper som st\u00e4ller upp i kyrkovalet har f\u00e5tt svara p\u00e5 tv\u00e5 fr\u00e5gor<\/p>\n<ol>\n<li>Den grundl\u00e4ggande uppgiften i en f\u00f6rsamling \u00e4r att fira gudstj\u00e4nst, bedriva undervisning samt att utf\u00f6ra diakoni och mission. P\u00e5 vilket s\u00e4tt ska T\u00e4by f\u00f6rsamling b\u00e4st utf\u00f6ra den uppgiften?<\/li>\n<li>T\u00e4by f\u00f6rsamling bedriver en mycket omfattande verksamhet. Vilken verksamhet av de vi idag bedriver \u00e4r mest n\u00f6dv\u00e4ndig f\u00f6r framtiden? Hur ska den utvecklas?<\/li>\n<\/ol>\n<p><a href=\"https:\/\/www.svenskakyrkan.se\/taby\/posk-partipolitiskt-obundna-inom-svenska-kyrkan\" target=\"_blank\" rel=\"noopener\">L\u00e4s hur vi har svarat.<\/a><\/p>\n","protected":false},"excerpt":{"rendered":"<p>Tre av v\u00e5ra hj\u00e4rtefr\u00e5gor Konfirmation, Svenska kyrkans unga &amp; Karlberg T\u00e4by f\u00f6rsamling ska ha Sveriges b\u00e4sta konfirmandverksamhet. Redan idag \u00e4r konfirmandarbetet en av T\u00e4bys stoltheter, men det finns fortfarande utvecklingsm\u00f6jligheter. Idag \u00e4r fler ungdomar nyfikna p\u00e5 konfirmation \u00e4n vad f\u00f6rsamlingen klarar av att ta emot. Det vill vi m\u00f6ta med fler l\u00e4ger och fler konfirmandgrupper. [&hellip;]<\/p>\n","protected":false},"author":99,"featured_media":0,"parent":0,"menu_order":1,"comment_status":"closed","ping_status":"closed","template":"page-templates\/page-sidebar-left.php","meta":{"_acf_changed":false,"footnotes":""},"class_list":["post-31","page","type-page","status-publish","hentry"],"acf":[],"yoast_head":"<!-- This site is optimized with the Yoast SEO plugin v24.9 - https:\/\/yoast.com\/wordpress\/plugins\/seo\/ -->\n<title>Detta vill vi g\u00f6ra - T\u00e4by<\/title>\n<meta name=\"robots\" content=\"index, follow, max-snippet:-1, max-image-preview:large, max-video-preview:-1\" \/>\n<link rel=\"canonical\" href=\"https:\/\/www.posk.se\/taby\/detta-vill-vi-gora\/\" \/>\n<meta property=\"og:locale\" content=\"sv_SE\" \/>\n<meta property=\"og:type\" content=\"article\" \/>\n<meta property=\"og:title\" content=\"Detta vill vi g\u00f6ra - T\u00e4by\" \/>\n<meta property=\"og:description\" content=\"Tre av v\u00e5ra hj\u00e4rtefr\u00e5gor Konfirmation, Svenska kyrkans unga &amp; Karlberg T\u00e4by f\u00f6rsamling ska ha Sveriges b\u00e4sta konfirmandverksamhet. Redan idag \u00e4r konfirmandarbetet en av T\u00e4bys stoltheter, men det finns fortfarande utvecklingsm\u00f6jligheter. Idag \u00e4r fler ungdomar nyfikna p\u00e5 konfirmation \u00e4n vad f\u00f6rsamlingen klarar av att ta emot. Det vill vi m\u00f6ta med fler l\u00e4ger och fler konfirmandgrupper. [&hellip;]\" \/>\n<meta property=\"og:url\" content=\"https:\/\/www.posk.se\/taby\/detta-vill-vi-gora\/\" \/>\n<meta property=\"og:site_name\" content=\"T\u00e4by\" \/>\n<meta property=\"article:modified_time\" content=\"2025-06-22T19:57:14+00:00\" \/>\n<meta name=\"twitter:card\" content=\"summary_large_image\" \/>\n<meta name=\"twitter:label1\" content=\"Ber\u00e4knad l\u00e4stid\" \/>\n\t<meta name=\"twitter:data1\" content=\"3 minuter\" \/>\n<script type=\"application\/ld+json\" class=\"yoast-schema-graph\">{\"@context\":\"https:\/\/schema.org\",\"@graph\":[{\"@type\":\"WebPage\",\"@id\":\"https:\/\/www.posk.se\/taby\/detta-vill-vi-gora\/\",\"url\":\"https:\/\/www.posk.se\/taby\/detta-vill-vi-gora\/\",\"name\":\"Detta vill vi g\u00f6ra - T\u00e4by\",\"isPartOf\":{\"@id\":\"https:\/\/www.posk.se\/taby\/#website\"},\"datePublished\":\"2017-09-04T20:43:22+00:00\",\"dateModified\":\"2025-06-22T19:57:14+00:00\",\"breadcrumb\":{\"@id\":\"https:\/\/www.posk.se\/taby\/detta-vill-vi-gora\/#breadcrumb\"},\"inLanguage\":\"sv-SE\",\"potentialAction\":[{\"@type\":\"ReadAction\",\"target\":[\"https:\/\/www.posk.se\/taby\/detta-vill-vi-gora\/\"]}]},{\"@type\":\"BreadcrumbList\",\"@id\":\"https:\/\/www.posk.se\/taby\/detta-vill-vi-gora\/#breadcrumb\",\"itemListElement\":[{\"@type\":\"ListItem\",\"position\":1,\"name\":\"Hem\",\"item\":\"https:\/\/www.posk.se\/taby\/\"},{\"@type\":\"ListItem\",\"position\":2,\"name\":\"Detta vill vi g\u00f6ra\"}]},{\"@type\":\"WebSite\",\"@id\":\"https:\/\/www.posk.se\/taby\/#website\",\"url\":\"https:\/\/www.posk.se\/taby\/\",\"name\":\"T\u00e4by\",\"description\":\"POSK-grupp i Stockholms stift\",\"potentialAction\":[{\"@type\":\"SearchAction\",\"target\":{\"@type\":\"EntryPoint\",\"urlTemplate\":\"https:\/\/www.posk.se\/taby\/?s={search_term_string}\"},\"query-input\":{\"@type\":\"PropertyValueSpecification\",\"valueRequired\":true,\"valueName\":\"search_term_string\"}}],\"inLanguage\":\"sv-SE\"}]}<\/script>\n<!-- \/ Yoast SEO plugin. -->","yoast_head_json":{"title":"Detta vill vi g\u00f6ra - T\u00e4by","robots":{"index":"index","follow":"follow","max-snippet":"max-snippet:-1","max-image-preview":"max-image-preview:large","max-video-preview":"max-video-preview:-1"},"canonical":"https:\/\/www.posk.se\/taby\/detta-vill-vi-gora\/","og_locale":"sv_SE","og_type":"article","og_title":"Detta vill vi g\u00f6ra - T\u00e4by","og_description":"Tre av v\u00e5ra hj\u00e4rtefr\u00e5gor Konfirmation, Svenska kyrkans unga &amp; Karlberg T\u00e4by f\u00f6rsamling ska ha Sveriges b\u00e4sta konfirmandverksamhet. Redan idag \u00e4r konfirmandarbetet en av T\u00e4bys stoltheter, men det finns fortfarande utvecklingsm\u00f6jligheter. Idag \u00e4r fler ungdomar nyfikna p\u00e5 konfirmation \u00e4n vad f\u00f6rsamlingen klarar av att ta emot. Det vill vi m\u00f6ta med fler l\u00e4ger och fler konfirmandgrupper. [&hellip;]","og_url":"https:\/\/www.posk.se\/taby\/detta-vill-vi-gora\/","og_site_name":"T\u00e4by","article_modified_time":"2025-06-22T19:57:14+00:00","twitter_card":"summary_large_image","twitter_misc":{"Ber\u00e4knad l\u00e4stid":"3 minuter"},"schema":{"@context":"https:\/\/schema.org","@graph":[{"@type":"WebPage","@id":"https:\/\/www.posk.se\/taby\/detta-vill-vi-gora\/","url":"https:\/\/www.posk.se\/taby\/detta-vill-vi-gora\/","name":"Detta vill vi g\u00f6ra - T\u00e4by","isPartOf":{"@id":"https:\/\/www.posk.se\/taby\/#website"},"datePublished":"2017-09-04T20:43:22+00:00","dateModified":"2025-06-22T19:57:14+00:00","breadcrumb":{"@id":"https:\/\/www.posk.se\/taby\/detta-vill-vi-gora\/#breadcrumb"},"inLanguage":"sv-SE","potentialAction":[{"@type":"ReadAction","target":["https:\/\/www.posk.se\/taby\/detta-vill-vi-gora\/"]}]},{"@type":"BreadcrumbList","@id":"https:\/\/www.posk.se\/taby\/detta-vill-vi-gora\/#breadcrumb","itemListElement":[{"@type":"ListItem","position":1,"name":"Hem","item":"https:\/\/www.posk.se\/taby\/"},{"@type":"ListItem","position":2,"name":"Detta vill vi g\u00f6ra"}]},{"@type":"WebSite","@id":"https:\/\/www.posk.se\/taby\/#website","url":"https:\/\/www.posk.se\/taby\/","name":"T\u00e4by","description":"POSK-grupp i Stockholms stift","potentialAction":[{"@type":"SearchAction","target":{"@type":"EntryPoint","urlTemplate":"https:\/\/www.posk.se\/taby\/?s={search_term_string}"},"query-input":{"@type":"PropertyValueSpecification","valueRequired":true,"valueName":"search_term_string"}}],"inLanguage":"sv-SE"}]}},"_links":{"self":[{"href":"https:\/\/www.posk.se\/taby\/wp-json\/wp\/v2\/pages\/31","targetHints":{"allow":["GET"]}}],"collection":[{"href":"https:\/\/www.posk.se\/taby\/wp-json\/wp\/v2\/pages"}],"about":[{"href":"https:\/\/www.posk.se\/taby\/wp-json\/wp\/v2\/types\/page"}],"author":[{"embeddable":true,"href":"https:\/\/www.posk.se\/taby\/wp-json\/wp\/v2\/users\/99"}],"replies":[{"embeddable":true,"href":"https:\/\/www.posk.se\/taby\/wp-json\/wp\/v2\/comments?post=31"}],"version-history":[{"count":20,"href":"https:\/\/www.posk.se\/taby\/wp-json\/wp\/v2\/pages\/31\/revisions"}],"predecessor-version":[{"id":317,"href":"https:\/\/www.posk.se\/taby\/wp-json\/wp\/v2\/pages\/31\/revisions\/317"}],"wp:attachment":[{"href":"https:\/\/www.posk.se\/taby\/wp-json\/wp\/v2\/media?parent=31"}],"curies":[{"name":"wp","href":"https:\/\/api.w.org\/{rel}","templated":true}]}}