{"id":20,"date":"2016-07-18T14:10:04","date_gmt":"2016-07-18T12:10:04","guid":{"rendered":"https:\/\/www.posk.se\/taby\/?page_id=20"},"modified":"2025-06-22T21:14:37","modified_gmt":"2025-06-22T19:14:37","slug":"startsidan-2","status":"publish","type":"page","link":"https:\/\/www.posk.se\/taby\/","title":{"rendered":"Startsidan"},"content":{"rendered":"<h2>V\u00e5r lista inf\u00f6r kyrkovalet \u00e5r 2025<\/h2>\n<p>Nedan ser du v\u00e5r fullst\u00e4ndiga lista p\u00e5 kandidater till Kyrkofullm\u00e4ktige i T\u00e4by f\u00f6rsamling. L\u00e4r k\u00e4nna n\u00e5gra av v\u00e5ra kandidater p\u00e5 v\u00e5r sida f\u00f6r <a href=\"https:\/\/www.posk.se\/taby\/kandidatpresentationer\/\">kandidatpresentationer<\/a>.<\/p>\n<p><img loading=\"lazy\" decoding=\"async\" class=\"alignnone size-medium wp-image-301\" src=\"https:\/\/www.posk.se\/taby\/wp-content\/uploads\/sites\/150\/2025\/06\/valsedel-fram-213x300.png\" alt=\"\" width=\"639\" height=\"900\" srcset=\"https:\/\/www.posk.se\/taby\/wp-content\/uploads\/sites\/150\/2025\/06\/valsedel-fram-213x300.png 213w, https:\/\/www.posk.se\/taby\/wp-content\/uploads\/sites\/150\/2025\/06\/valsedel-fram-727x1024.png 727w, https:\/\/www.posk.se\/taby\/wp-content\/uploads\/sites\/150\/2025\/06\/valsedel-fram-768x1081.png 768w, https:\/\/www.posk.se\/taby\/wp-content\/uploads\/sites\/150\/2025\/06\/valsedel-fram-1091x1536.png 1091w, https:\/\/www.posk.se\/taby\/wp-content\/uploads\/sites\/150\/2025\/06\/valsedel-fram-1455x2048.png 1455w, https:\/\/www.posk.se\/taby\/wp-content\/uploads\/sites\/150\/2025\/06\/valsedel-fram-330x465.png 330w, https:\/\/www.posk.se\/taby\/wp-content\/uploads\/sites\/150\/2025\/06\/valsedel-fram.png 1614w\" sizes=\"auto, (max-width: 639px) 100vw, 639px\" \/> <img loading=\"lazy\" decoding=\"async\" class=\"alignnone size-medium wp-image-302\" src=\"https:\/\/www.posk.se\/taby\/wp-content\/uploads\/sites\/150\/2025\/06\/valsedel-bak-213x300.png\" alt=\"\" width=\"639\" height=\"900\" srcset=\"https:\/\/www.posk.se\/taby\/wp-content\/uploads\/sites\/150\/2025\/06\/valsedel-bak-213x300.png 213w, https:\/\/www.posk.se\/taby\/wp-content\/uploads\/sites\/150\/2025\/06\/valsedel-bak-727x1024.png 727w, https:\/\/www.posk.se\/taby\/wp-content\/uploads\/sites\/150\/2025\/06\/valsedel-bak-768x1081.png 768w, https:\/\/www.posk.se\/taby\/wp-content\/uploads\/sites\/150\/2025\/06\/valsedel-bak-1091x1536.png 1091w, https:\/\/www.posk.se\/taby\/wp-content\/uploads\/sites\/150\/2025\/06\/valsedel-bak-1455x2048.png 1455w, https:\/\/www.posk.se\/taby\/wp-content\/uploads\/sites\/150\/2025\/06\/valsedel-bak-330x465.png 330w, https:\/\/www.posk.se\/taby\/wp-content\/uploads\/sites\/150\/2025\/06\/valsedel-bak.png 1614w\" sizes=\"auto, (max-width: 639px) 100vw, 639px\" \/><\/p>\n<p>&nbsp;<\/p>\n<div class=\"&quot;kyrkovalet_se&quot;\"><\/div>\n","protected":false},"excerpt":{"rendered":"<p>V\u00e5r lista inf\u00f6r kyrkovalet \u00e5r 2025 Nedan ser du v\u00e5r fullst\u00e4ndiga lista p\u00e5 kandidater till Kyrkofullm\u00e4ktige i T\u00e4by f\u00f6rsamling. L\u00e4r k\u00e4nna n\u00e5gra av v\u00e5ra kandidater p\u00e5 v\u00e5r sida f\u00f6r kandidatpresentationer. &nbsp;<\/p>\n","protected":false},"author":1,"featured_media":0,"parent":0,"menu_order":0,"comment_status":"closed","ping_status":"closed","template":"page-templates\/page-sidebar-left.php","meta":{"_acf_changed":false,"footnotes":""},"class_list":["post-20","page","type-page","status-publish","hentry"],"acf":[],"yoast_head":"<!-- This site is optimized with the Yoast SEO plugin v24.9 - https:\/\/yoast.com\/wordpress\/plugins\/seo\/ -->\n<title>Startsidan - T\u00e4by<\/title>\n<meta name=\"robots\" content=\"index, follow, max-snippet:-1, max-image-preview:large, max-video-preview:-1\" \/>\n<link rel=\"canonical\" href=\"https:\/\/www.posk.se\/taby\/\" \/>\n<meta property=\"og:locale\" content=\"sv_SE\" \/>\n<meta property=\"og:type\" content=\"article\" \/>\n<meta property=\"og:title\" content=\"Startsidan - T\u00e4by\" \/>\n<meta property=\"og:description\" content=\"V\u00e5r lista inf\u00f6r kyrkovalet \u00e5r 2025 Nedan ser du v\u00e5r fullst\u00e4ndiga lista p\u00e5 kandidater till Kyrkofullm\u00e4ktige i T\u00e4by f\u00f6rsamling. L\u00e4r k\u00e4nna n\u00e5gra av v\u00e5ra kandidater p\u00e5 v\u00e5r sida f\u00f6r kandidatpresentationer. &nbsp;\" \/>\n<meta property=\"og:url\" content=\"https:\/\/www.posk.se\/taby\/\" \/>\n<meta property=\"og:site_name\" content=\"T\u00e4by\" \/>\n<meta property=\"article:modified_time\" content=\"2025-06-22T19:14:37+00:00\" \/>\n<meta property=\"og:image\" content=\"https:\/\/www.posk.se\/taby\/wp-content\/uploads\/sites\/150\/2025\/06\/valsedel-fram.png\" \/>\n\t<meta property=\"og:image:width\" content=\"1614\" \/>\n\t<meta property=\"og:image:height\" content=\"2272\" \/>\n\t<meta property=\"og:image:type\" content=\"image\/png\" \/>\n<meta name=\"twitter:card\" content=\"summary_large_image\" \/>\n<meta name=\"twitter:label1\" content=\"Ber\u00e4knad l\u00e4stid\" \/>\n\t<meta name=\"twitter:data1\" content=\"1 minut\" \/>\n<script type=\"application\/ld+json\" class=\"yoast-schema-graph\">{\"@context\":\"https:\/\/schema.org\",\"@graph\":[{\"@type\":\"WebPage\",\"@id\":\"https:\/\/www.posk.se\/taby\/\",\"url\":\"https:\/\/www.posk.se\/taby\/\",\"name\":\"Startsidan - T\u00e4by\",\"isPartOf\":{\"@id\":\"https:\/\/www.posk.se\/taby\/#website\"},\"primaryImageOfPage\":{\"@id\":\"https:\/\/www.posk.se\/taby\/#primaryimage\"},\"image\":{\"@id\":\"https:\/\/www.posk.se\/taby\/#primaryimage\"},\"thumbnailUrl\":\"https:\/\/www.posk.se\/taby\/wp-content\/uploads\/sites\/150\/2025\/06\/valsedel-fram-213x300.png\",\"datePublished\":\"2016-07-18T12:10:04+00:00\",\"dateModified\":\"2025-06-22T19:14:37+00:00\",\"breadcrumb\":{\"@id\":\"https:\/\/www.posk.se\/taby\/#breadcrumb\"},\"inLanguage\":\"sv-SE\",\"potentialAction\":[{\"@type\":\"ReadAction\",\"target\":[\"https:\/\/www.posk.se\/taby\/\"]}]},{\"@type\":\"ImageObject\",\"inLanguage\":\"sv-SE\",\"@id\":\"https:\/\/www.posk.se\/taby\/#primaryimage\",\"url\":\"https:\/\/www.posk.se\/taby\/wp-content\/uploads\/sites\/150\/2025\/06\/valsedel-fram.png\",\"contentUrl\":\"https:\/\/www.posk.se\/taby\/wp-content\/uploads\/sites\/150\/2025\/06\/valsedel-fram.png\",\"width\":1614,\"height\":2272},{\"@type\":\"BreadcrumbList\",\"@id\":\"https:\/\/www.posk.se\/taby\/#breadcrumb\",\"itemListElement\":[{\"@type\":\"ListItem\",\"position\":1,\"name\":\"Hem\",\"item\":\"https:\/\/www.posk.se\/taby\/\"},{\"@type\":\"ListItem\",\"position\":2,\"name\":\"Startsidan\"}]},{\"@type\":\"WebSite\",\"@id\":\"https:\/\/www.posk.se\/taby\/#website\",\"url\":\"https:\/\/www.posk.se\/taby\/\",\"name\":\"T\u00e4by\",\"description\":\"POSK-grupp i Stockholms stift\",\"potentialAction\":[{\"@type\":\"SearchAction\",\"target\":{\"@type\":\"EntryPoint\",\"urlTemplate\":\"https:\/\/www.posk.se\/taby\/?s={search_term_string}\"},\"query-input\":{\"@type\":\"PropertyValueSpecification\",\"valueRequired\":true,\"valueName\":\"search_term_string\"}}],\"inLanguage\":\"sv-SE\"}]}<\/script>\n<!-- \/ Yoast SEO plugin. -->","yoast_head_json":{"title":"Startsidan - T\u00e4by","robots":{"index":"index","follow":"follow","max-snippet":"max-snippet:-1","max-image-preview":"max-image-preview:large","max-video-preview":"max-video-preview:-1"},"canonical":"https:\/\/www.posk.se\/taby\/","og_locale":"sv_SE","og_type":"article","og_title":"Startsidan - T\u00e4by","og_description":"V\u00e5r lista inf\u00f6r kyrkovalet \u00e5r 2025 Nedan ser du v\u00e5r fullst\u00e4ndiga lista p\u00e5 kandidater till Kyrkofullm\u00e4ktige i T\u00e4by f\u00f6rsamling. L\u00e4r k\u00e4nna n\u00e5gra av v\u00e5ra kandidater p\u00e5 v\u00e5r sida f\u00f6r kandidatpresentationer. &nbsp;","og_url":"https:\/\/www.posk.se\/taby\/","og_site_name":"T\u00e4by","article_modified_time":"2025-06-22T19:14:37+00:00","og_image":[{"width":1614,"height":2272,"url":"https:\/\/www.posk.se\/taby\/wp-content\/uploads\/sites\/150\/2025\/06\/valsedel-fram.png","type":"image\/png"}],"twitter_card":"summary_large_image","twitter_misc":{"Ber\u00e4knad l\u00e4stid":"1 minut"},"schema":{"@context":"https:\/\/schema.org","@graph":[{"@type":"WebPage","@id":"https:\/\/www.posk.se\/taby\/","url":"https:\/\/www.posk.se\/taby\/","name":"Startsidan - T\u00e4by","isPartOf":{"@id":"https:\/\/www.posk.se\/taby\/#website"},"primaryImageOfPage":{"@id":"https:\/\/www.posk.se\/taby\/#primaryimage"},"image":{"@id":"https:\/\/www.posk.se\/taby\/#primaryimage"},"thumbnailUrl":"https:\/\/www.posk.se\/taby\/wp-content\/uploads\/sites\/150\/2025\/06\/valsedel-fram-213x300.png","datePublished":"2016-07-18T12:10:04+00:00","dateModified":"2025-06-22T19:14:37+00:00","breadcrumb":{"@id":"https:\/\/www.posk.se\/taby\/#breadcrumb"},"inLanguage":"sv-SE","potentialAction":[{"@type":"ReadAction","target":["https:\/\/www.posk.se\/taby\/"]}]},{"@type":"ImageObject","inLanguage":"sv-SE","@id":"https:\/\/www.posk.se\/taby\/#primaryimage","url":"https:\/\/www.posk.se\/taby\/wp-content\/uploads\/sites\/150\/2025\/06\/valsedel-fram.png","contentUrl":"https:\/\/www.posk.se\/taby\/wp-content\/uploads\/sites\/150\/2025\/06\/valsedel-fram.png","width":1614,"height":2272},{"@type":"BreadcrumbList","@id":"https:\/\/www.posk.se\/taby\/#breadcrumb","itemListElement":[{"@type":"ListItem","position":1,"name":"Hem","item":"https:\/\/www.posk.se\/taby\/"},{"@type":"ListItem","position":2,"name":"Startsidan"}]},{"@type":"WebSite","@id":"https:\/\/www.posk.se\/taby\/#website","url":"https:\/\/www.posk.se\/taby\/","name":"T\u00e4by","description":"POSK-grupp i Stockholms stift","potentialAction":[{"@type":"SearchAction","target":{"@type":"EntryPoint","urlTemplate":"https:\/\/www.posk.se\/taby\/?s={search_term_string}"},"query-input":{"@type":"PropertyValueSpecification","valueRequired":true,"valueName":"search_term_string"}}],"inLanguage":"sv-SE"}]}},"_links":{"self":[{"href":"https:\/\/www.posk.se\/taby\/wp-json\/wp\/v2\/pages\/20","targetHints":{"allow":["GET"]}}],"collection":[{"href":"https:\/\/www.posk.se\/taby\/wp-json\/wp\/v2\/pages"}],"about":[{"href":"https:\/\/www.posk.se\/taby\/wp-json\/wp\/v2\/types\/page"}],"author":[{"embeddable":true,"href":"https:\/\/www.posk.se\/taby\/wp-json\/wp\/v2\/users\/1"}],"replies":[{"embeddable":true,"href":"https:\/\/www.posk.se\/taby\/wp-json\/wp\/v2\/comments?post=20"}],"version-history":[{"count":27,"href":"https:\/\/www.posk.se\/taby\/wp-json\/wp\/v2\/pages\/20\/revisions"}],"predecessor-version":[{"id":314,"href":"https:\/\/www.posk.se\/taby\/wp-json\/wp\/v2\/pages\/20\/revisions\/314"}],"wp:attachment":[{"href":"https:\/\/www.posk.se\/taby\/wp-json\/wp\/v2\/media?parent=20"}],"curies":[{"name":"wp","href":"https:\/\/api.w.org\/{rel}","templated":true}]}}

<h2>Vår lista inför kyrkovalet år 2025</h2>
<p>Nedan ser du vår fullständiga lista på kandidater till Kyrkofullmäktige i Täby församling. Lär känna några av våra kandidater på vår sida för <a href="https://www.posk.se/taby/kandidatpresentationer/">kandidatpresentationer</a>.</p>
<p><img loading="lazy" decoding="async" class="alignnone size-medium wp-image-301" src="https://www.posk.se/taby/wp-content/uploads/sites/150/2025/06/valsedel-fram-213x300.png" alt="" width="639" height="900" srcset="https://www.posk.se/taby/wp-content/uploads/sites/150/2025/06/valsedel-fram-213x300.png 213w, https://www.posk.se/taby/wp-content/uploads/sites/150/2025/06/valsedel-fram-727x1024.png 727w, https://www.posk.se/taby/wp-content/uploads/sites/150/2025/06/valsedel-fram-768x1081.png 768w, https://www.posk.se/taby/wp-content/uploads/sites/150/2025/06/valsedel-fram-1091x1536.png 1091w, https://www.posk.se/taby/wp-content/uploads/sites/150/2025/06/valsedel-fram-1455x2048.png 1455w, https://www.posk.se/taby/wp-content/uploads/sites/150/2025/06/valsedel-fram-330x465.png 330w, https://www.posk.se/taby/wp-content/uploads/sites/150/2025/06/valsedel-fram.png 1614w" sizes="auto, (max-width: 639px) 100vw, 639px" /> <img loading="lazy" decoding="async" class="alignnone size-medium wp-image-302" src="https://www.posk.se/taby/wp-content/uploads/sites/150/2025/06/valsedel-bak-213x300.png" alt="" width="639" height="900" srcset="https://www.posk.se/taby/wp-content/uploads/sites/150/2025/06/valsedel-bak-213x300.png 213w, https://www.posk.se/taby/wp-content/uploads/sites/150/2025/06/valsedel-bak-727x1024.png 727w, https://www.posk.se/taby/wp-content/uploads/sites/150/2025/06/valsedel-bak-768x1081.png 768w, https://www.posk.se/taby/wp-content/uploads/sites/150/2025/06/valsedel-bak-1091x1536.png 1091w, https://www.posk.se/taby/wp-content/uploads/sites/150/2025/06/valsedel-bak-1455x2048.png 1455w, https://www.posk.se/taby/wp-content/uploads/sites/150/2025/06/valsedel-bak-330x465.png 330w, https://www.posk.se/taby/wp-content/uploads/sites/150/2025/06/valsedel-bak.png 1614w" sizes="auto, (max-width: 639px) 100vw, 639px" /></p>
<p>&nbsp;</p>
<div class="&quot;kyrkovalet_se&quot;"></div>

<p>Vår lista inför kyrkovalet år 2025 Nedan ser du vår fullständiga lista på kandidater till Kyrkofullmäktige i Täby församling. Lär känna några av våra kandidater på vår sida för kandidatpresentationer. &nbsp;</p>

<!-- This site is optimized with the Yoast SEO plugin v24.9 - https://yoast.com/wordpress/plugins/seo/ -->
<title>Startsidan - Täby</title>
<meta name="robots" content="index, follow, max-snippet:-1, max-image-preview:large, max-video-preview:-1" />
<link rel="canonical" href="https://www.posk.se/taby/" />
<meta property="og:locale" content="sv_SE" />
<meta property="og:type" content="article" />
<meta property="og:title" content="Startsidan - Täby" />
<meta property="og:description" content="Vår lista inför kyrkovalet år 2025 Nedan ser du vår fullständiga lista på kandidater till Kyrkofullmäktige i Täby församling. Lär känna några av våra kandidater på vår sida för kandidatpresentationer. &nbsp;" />
<meta property="og:url" content="https://www.posk.se/taby/" />
<meta property="og:site_name" content="Täby" />
<meta property="article:modified_time" content="2025-06-22T19:14:37+00:00" />
<meta property="og:image" content="https://www.posk.se/taby/wp-content/uploads/sites/150/2025/06/valsedel-fram.png" />
	<meta property="og:image:width" content="1614" />
	<meta property="og:image:height" content="2272" />
	<meta property="og:image:type" content="image/png" />
<meta name="twitter:card" content="summary_large_image" />
<meta name="twitter:label1" content="Beräknad lästid" />
	<meta name="twitter:data1" content="1 minut" />
<script type="application/ld+json" class="yoast-schema-graph">{"@context":"https://schema.org","@graph":[{"@type":"WebPage","@id":"https://www.posk.se/taby/","url":"https://www.posk.se/taby/","name":"Startsidan - Täby","isPartOf":{"@id":"https://www.posk.se/taby/#website"},"primaryImageOfPage":{"@id":"https://www.posk.se/taby/#primaryimage"},"image":{"@id":"https://www.posk.se/taby/#primaryimage"},"thumbnailUrl":"https://www.posk.se/taby/wp-content/uploads/sites/150/2025/06/valsedel-fram-213x300.png","datePublished":"2016-07-18T12:10:04+00:00","dateModified":"2025-06-22T19:14:37+00:00","breadcrumb":{"@id":"https://www.posk.se/taby/#breadcrumb"},"inLanguage":"sv-SE","potentialAction":[{"@type":"ReadAction","target":["https://www.posk.se/taby/"]}]},{"@type":"ImageObject","inLanguage":"sv-SE","@id":"https://www.posk.se/taby/#primaryimage","url":"https://www.posk.se/taby/wp-content/uploads/sites/150/2025/06/valsedel-fram.png","contentUrl":"https://www.posk.se/taby/wp-content/uploads/sites/150/2025/06/valsedel-fram.png","width":1614,"height":2272},{"@type":"BreadcrumbList","@id":"https://www.posk.se/taby/#breadcrumb","itemListElement":[{"@type":"ListItem","position":1,"name":"Hem","item":"https://www.posk.se/taby/"},{"@type":"ListItem","position":2,"name":"Startsidan"}]},{"@type":"WebSite","@id":"https://www.posk.se/taby/#website","url":"https://www.posk.se/taby/","name":"Täby","description":"POSK-grupp i Stockholms stift","potentialAction":[{"@type":"SearchAction","target":{"@type":"EntryPoint","urlTemplate":"https://www.posk.se/taby/?s={search_term_string}"},"query-input":{"@type":"PropertyValueSpecification","valueRequired":true,"valueName":"search_term_string"}}],"inLanguage":"sv-SE"}]}</script>
<!-- / Yoast SEO plugin. -->

Startsidan - Täby

Vår lista inför kyrkovalet år 2025 Nedan ser du vår fullständiga lista på kandidater till Kyrkofullmäktige i Täby församling. Lär känna några av våra kandidater på vår sida för kandidatpresentationer. &nbsp;

Täby
