{"id":61,"date":"2025-08-16T11:51:44","date_gmt":"2025-08-16T09:51:44","guid":{"rendered":"https:\/\/www.posk.se\/sydostra-jamtland\/?page_id=61"},"modified":"2025-08-16T11:51:44","modified_gmt":"2025-08-16T09:51:44","slug":"om-oss","status":"publish","type":"page","link":"https:\/\/www.posk.se\/sydostra-jamtland\/om-oss\/","title":{"rendered":"Om oss"},"content":{"rendered":"<p><img loading=\"lazy\" decoding=\"async\" class=\"alignnone wp-image-62\" src=\"https:\/\/www.posk.se\/sydostra-jamtland\/wp-content\/uploads\/sites\/299\/2025\/08\/posk-py-och-hanna-1-300x225.jpeg\" alt=\"\" width=\"359\" height=\"269\" \/><br \/>\nPy J\u00f6nsson\u00a0 \u00a0 \u00a0 \u00a0 \u00a0 \u00a0 \u00a0 \u00a0 \u00a0 \u00a0 \u00a0 \u00a0 Hanna Wall\u00e9n<\/p>\n<p>Det \u00e4r vi som st\u00e4ller upp i \u00e5rets val till Kyrkofullm\u00e4ktige.<br \/>\nL\u00e4s mer om oss under kandidatpresentationer.<\/p>\n","protected":false},"excerpt":{"rendered":"<p>Py J\u00f6nsson\u00a0 \u00a0 \u00a0 \u00a0 \u00a0 \u00a0 \u00a0 \u00a0 \u00a0 \u00a0 \u00a0 \u00a0 Hanna Wall\u00e9n Det \u00e4r vi som st\u00e4ller upp i \u00e5rets val till Kyrkofullm\u00e4ktige. L\u00e4s mer om oss under kandidatpresentationer.<\/p>\n","protected":false},"author":1970,"featured_media":0,"parent":0,"menu_order":5,"comment_status":"closed","ping_status":"closed","template":"page-templates\/page-sidebar-left.php","meta":{"_acf_changed":false,"footnotes":""},"class_list":["post-61","page","type-page","status-publish","hentry"],"acf":[],"yoast_head":"<!-- This site is optimized with the Yoast SEO plugin v24.9 - https:\/\/yoast.com\/wordpress\/plugins\/seo\/ -->\n<title>Om oss - Syd\u00f6stra J\u00e4mtland<\/title>\n<meta name=\"robots\" content=\"index, follow, max-snippet:-1, max-image-preview:large, max-video-preview:-1\" \/>\n<link rel=\"canonical\" href=\"https:\/\/www.posk.se\/sydostra-jamtland\/om-oss\/\" \/>\n<meta property=\"og:locale\" content=\"sv_SE\" \/>\n<meta property=\"og:type\" content=\"article\" \/>\n<meta property=\"og:title\" content=\"Om oss - Syd\u00f6stra J\u00e4mtland\" \/>\n<meta property=\"og:description\" content=\"Py J\u00f6nsson\u00a0 \u00a0 \u00a0 \u00a0 \u00a0 \u00a0 \u00a0 \u00a0 \u00a0 \u00a0 \u00a0 \u00a0 Hanna Wall\u00e9n Det \u00e4r vi som st\u00e4ller upp i \u00e5rets val till Kyrkofullm\u00e4ktige. L\u00e4s mer om oss under kandidatpresentationer.\" \/>\n<meta property=\"og:url\" content=\"https:\/\/www.posk.se\/sydostra-jamtland\/om-oss\/\" \/>\n<meta property=\"og:site_name\" content=\"Syd\u00f6stra J\u00e4mtland\" \/>\n<meta property=\"og:image\" content=\"https:\/\/www.posk.se\/sydostra-jamtland\/wp-content\/uploads\/sites\/299\/2025\/08\/posk-py-och-hanna-1-e1756720292135.jpeg\" \/>\n\t<meta property=\"og:image:width\" content=\"1500\" \/>\n\t<meta property=\"og:image:height\" content=\"713\" \/>\n\t<meta property=\"og:image:type\" content=\"image\/jpeg\" \/>\n<meta name=\"twitter:card\" content=\"summary_large_image\" \/>\n<meta name=\"twitter:label1\" content=\"Ber\u00e4knad l\u00e4stid\" \/>\n\t<meta name=\"twitter:data1\" content=\"1 minut\" \/>\n<script type=\"application\/ld+json\" class=\"yoast-schema-graph\">{\"@context\":\"https:\/\/schema.org\",\"@graph\":[{\"@type\":\"WebPage\",\"@id\":\"https:\/\/www.posk.se\/sydostra-jamtland\/om-oss\/\",\"url\":\"https:\/\/www.posk.se\/sydostra-jamtland\/om-oss\/\",\"name\":\"Om oss - Syd\u00f6stra J\u00e4mtland\",\"isPartOf\":{\"@id\":\"https:\/\/www.posk.se\/sydostra-jamtland\/#website\"},\"primaryImageOfPage\":{\"@id\":\"https:\/\/www.posk.se\/sydostra-jamtland\/om-oss\/#primaryimage\"},\"image\":{\"@id\":\"https:\/\/www.posk.se\/sydostra-jamtland\/om-oss\/#primaryimage\"},\"thumbnailUrl\":\"https:\/\/www.posk.se\/sydostra-jamtland\/wp-content\/uploads\/sites\/299\/2025\/08\/posk-py-och-hanna-1-300x225.jpeg\",\"datePublished\":\"2025-08-16T09:51:44+00:00\",\"breadcrumb\":{\"@id\":\"https:\/\/www.posk.se\/sydostra-jamtland\/om-oss\/#breadcrumb\"},\"inLanguage\":\"sv-SE\",\"potentialAction\":[{\"@type\":\"ReadAction\",\"target\":[\"https:\/\/www.posk.se\/sydostra-jamtland\/om-oss\/\"]}]},{\"@type\":\"ImageObject\",\"inLanguage\":\"sv-SE\",\"@id\":\"https:\/\/www.posk.se\/sydostra-jamtland\/om-oss\/#primaryimage\",\"url\":\"https:\/\/www.posk.se\/sydostra-jamtland\/wp-content\/uploads\/sites\/299\/2025\/08\/posk-py-och-hanna-1-e1756720292135.jpeg\",\"contentUrl\":\"https:\/\/www.posk.se\/sydostra-jamtland\/wp-content\/uploads\/sites\/299\/2025\/08\/posk-py-och-hanna-1-e1756720292135.jpeg\",\"width\":1500,\"height\":713},{\"@type\":\"BreadcrumbList\",\"@id\":\"https:\/\/www.posk.se\/sydostra-jamtland\/om-oss\/#breadcrumb\",\"itemListElement\":[{\"@type\":\"ListItem\",\"position\":1,\"name\":\"Hem\",\"item\":\"https:\/\/www.posk.se\/sydostra-jamtland\/\"},{\"@type\":\"ListItem\",\"position\":2,\"name\":\"Om oss\"}]},{\"@type\":\"WebSite\",\"@id\":\"https:\/\/www.posk.se\/sydostra-jamtland\/#website\",\"url\":\"https:\/\/www.posk.se\/sydostra-jamtland\/\",\"name\":\"Syd\u00f6stra J\u00e4mtland\",\"description\":\"POSK-grupp i H\u00e4rn\u00f6sands stift\",\"potentialAction\":[{\"@type\":\"SearchAction\",\"target\":{\"@type\":\"EntryPoint\",\"urlTemplate\":\"https:\/\/www.posk.se\/sydostra-jamtland\/?s={search_term_string}\"},\"query-input\":{\"@type\":\"PropertyValueSpecification\",\"valueRequired\":true,\"valueName\":\"search_term_string\"}}],\"inLanguage\":\"sv-SE\"}]}<\/script>\n<!-- \/ Yoast SEO plugin. -->","yoast_head_json":{"title":"Om oss - Syd\u00f6stra J\u00e4mtland","robots":{"index":"index","follow":"follow","max-snippet":"max-snippet:-1","max-image-preview":"max-image-preview:large","max-video-preview":"max-video-preview:-1"},"canonical":"https:\/\/www.posk.se\/sydostra-jamtland\/om-oss\/","og_locale":"sv_SE","og_type":"article","og_title":"Om oss - Syd\u00f6stra J\u00e4mtland","og_description":"Py J\u00f6nsson\u00a0 \u00a0 \u00a0 \u00a0 \u00a0 \u00a0 \u00a0 \u00a0 \u00a0 \u00a0 \u00a0 \u00a0 Hanna Wall\u00e9n Det \u00e4r vi som st\u00e4ller upp i \u00e5rets val till Kyrkofullm\u00e4ktige. L\u00e4s mer om oss under kandidatpresentationer.","og_url":"https:\/\/www.posk.se\/sydostra-jamtland\/om-oss\/","og_site_name":"Syd\u00f6stra J\u00e4mtland","og_image":[{"width":1500,"height":713,"url":"https:\/\/www.posk.se\/sydostra-jamtland\/wp-content\/uploads\/sites\/299\/2025\/08\/posk-py-och-hanna-1-e1756720292135.jpeg","type":"image\/jpeg"}],"twitter_card":"summary_large_image","twitter_misc":{"Ber\u00e4knad l\u00e4stid":"1 minut"},"schema":{"@context":"https:\/\/schema.org","@graph":[{"@type":"WebPage","@id":"https:\/\/www.posk.se\/sydostra-jamtland\/om-oss\/","url":"https:\/\/www.posk.se\/sydostra-jamtland\/om-oss\/","name":"Om oss - Syd\u00f6stra J\u00e4mtland","isPartOf":{"@id":"https:\/\/www.posk.se\/sydostra-jamtland\/#website"},"primaryImageOfPage":{"@id":"https:\/\/www.posk.se\/sydostra-jamtland\/om-oss\/#primaryimage"},"image":{"@id":"https:\/\/www.posk.se\/sydostra-jamtland\/om-oss\/#primaryimage"},"thumbnailUrl":"https:\/\/www.posk.se\/sydostra-jamtland\/wp-content\/uploads\/sites\/299\/2025\/08\/posk-py-och-hanna-1-300x225.jpeg","datePublished":"2025-08-16T09:51:44+00:00","breadcrumb":{"@id":"https:\/\/www.posk.se\/sydostra-jamtland\/om-oss\/#breadcrumb"},"inLanguage":"sv-SE","potentialAction":[{"@type":"ReadAction","target":["https:\/\/www.posk.se\/sydostra-jamtland\/om-oss\/"]}]},{"@type":"ImageObject","inLanguage":"sv-SE","@id":"https:\/\/www.posk.se\/sydostra-jamtland\/om-oss\/#primaryimage","url":"https:\/\/www.posk.se\/sydostra-jamtland\/wp-content\/uploads\/sites\/299\/2025\/08\/posk-py-och-hanna-1-e1756720292135.jpeg","contentUrl":"https:\/\/www.posk.se\/sydostra-jamtland\/wp-content\/uploads\/sites\/299\/2025\/08\/posk-py-och-hanna-1-e1756720292135.jpeg","width":1500,"height":713},{"@type":"BreadcrumbList","@id":"https:\/\/www.posk.se\/sydostra-jamtland\/om-oss\/#breadcrumb","itemListElement":[{"@type":"ListItem","position":1,"name":"Hem","item":"https:\/\/www.posk.se\/sydostra-jamtland\/"},{"@type":"ListItem","position":2,"name":"Om oss"}]},{"@type":"WebSite","@id":"https:\/\/www.posk.se\/sydostra-jamtland\/#website","url":"https:\/\/www.posk.se\/sydostra-jamtland\/","name":"Syd\u00f6stra J\u00e4mtland","description":"POSK-grupp i H\u00e4rn\u00f6sands stift","potentialAction":[{"@type":"SearchAction","target":{"@type":"EntryPoint","urlTemplate":"https:\/\/www.posk.se\/sydostra-jamtland\/?s={search_term_string}"},"query-input":{"@type":"PropertyValueSpecification","valueRequired":true,"valueName":"search_term_string"}}],"inLanguage":"sv-SE"}]}},"_links":{"self":[{"href":"https:\/\/www.posk.se\/sydostra-jamtland\/wp-json\/wp\/v2\/pages\/61","targetHints":{"allow":["GET"]}}],"collection":[{"href":"https:\/\/www.posk.se\/sydostra-jamtland\/wp-json\/wp\/v2\/pages"}],"about":[{"href":"https:\/\/www.posk.se\/sydostra-jamtland\/wp-json\/wp\/v2\/types\/page"}],"author":[{"embeddable":true,"href":"https:\/\/www.posk.se\/sydostra-jamtland\/wp-json\/wp\/v2\/users\/1970"}],"replies":[{"embeddable":true,"href":"https:\/\/www.posk.se\/sydostra-jamtland\/wp-json\/wp\/v2\/comments?post=61"}],"version-history":[{"count":10,"href":"https:\/\/www.posk.se\/sydostra-jamtland\/wp-json\/wp\/v2\/pages\/61\/revisions"}],"predecessor-version":[{"id":72,"href":"https:\/\/www.posk.se\/sydostra-jamtland\/wp-json\/wp\/v2\/pages\/61\/revisions\/72"}],"wp:attachment":[{"href":"https:\/\/www.posk.se\/sydostra-jamtland\/wp-json\/wp\/v2\/media?parent=61"}],"curies":[{"name":"wp","href":"https:\/\/api.w.org\/{rel}","templated":true}]}}

<p><img loading="lazy" decoding="async" class="alignnone wp-image-62" src="https://www.posk.se/sydostra-jamtland/wp-content/uploads/sites/299/2025/08/posk-py-och-hanna-1-300x225.jpeg" alt="" width="359" height="269" /><br />
Py Jönsson                        Hanna Wallén</p>
<p>Det är vi som ställer upp i årets val till Kyrkofullmäktige.<br />
Läs mer om oss under kandidatpresentationer.</p>

<p>Py Jönsson                        Hanna Wallén Det är vi som ställer upp i årets val till Kyrkofullmäktige. Läs mer om oss under kandidatpresentationer.</p>

<!-- This site is optimized with the Yoast SEO plugin v24.9 - https://yoast.com/wordpress/plugins/seo/ -->
<title>Om oss - Sydöstra Jämtland</title>
<meta name="robots" content="index, follow, max-snippet:-1, max-image-preview:large, max-video-preview:-1" />
<link rel="canonical" href="https://www.posk.se/sydostra-jamtland/om-oss/" />
<meta property="og:locale" content="sv_SE" />
<meta property="og:type" content="article" />
<meta property="og:title" content="Om oss - Sydöstra Jämtland" />
<meta property="og:description" content="Py Jönsson                        Hanna Wallén Det är vi som ställer upp i årets val till Kyrkofullmäktige. Läs mer om oss under kandidatpresentationer." />
<meta property="og:url" content="https://www.posk.se/sydostra-jamtland/om-oss/" />
<meta property="og:site_name" content="Sydöstra Jämtland" />
<meta property="og:image" content="https://www.posk.se/sydostra-jamtland/wp-content/uploads/sites/299/2025/08/posk-py-och-hanna-1-e1756720292135.jpeg" />
	<meta property="og:image:width" content="1500" />
	<meta property="og:image:height" content="713" />
	<meta property="og:image:type" content="image/jpeg" />
<meta name="twitter:card" content="summary_large_image" />
<meta name="twitter:label1" content="Beräknad lästid" />
	<meta name="twitter:data1" content="1 minut" />
<script type="application/ld+json" class="yoast-schema-graph">{"@context":"https://schema.org","@graph":[{"@type":"WebPage","@id":"https://www.posk.se/sydostra-jamtland/om-oss/","url":"https://www.posk.se/sydostra-jamtland/om-oss/","name":"Om oss - Sydöstra Jämtland","isPartOf":{"@id":"https://www.posk.se/sydostra-jamtland/#website"},"primaryImageOfPage":{"@id":"https://www.posk.se/sydostra-jamtland/om-oss/#primaryimage"},"image":{"@id":"https://www.posk.se/sydostra-jamtland/om-oss/#primaryimage"},"thumbnailUrl":"https://www.posk.se/sydostra-jamtland/wp-content/uploads/sites/299/2025/08/posk-py-och-hanna-1-300x225.jpeg","datePublished":"2025-08-16T09:51:44+00:00","breadcrumb":{"@id":"https://www.posk.se/sydostra-jamtland/om-oss/#breadcrumb"},"inLanguage":"sv-SE","potentialAction":[{"@type":"ReadAction","target":["https://www.posk.se/sydostra-jamtland/om-oss/"]}]},{"@type":"ImageObject","inLanguage":"sv-SE","@id":"https://www.posk.se/sydostra-jamtland/om-oss/#primaryimage","url":"https://www.posk.se/sydostra-jamtland/wp-content/uploads/sites/299/2025/08/posk-py-och-hanna-1-e1756720292135.jpeg","contentUrl":"https://www.posk.se/sydostra-jamtland/wp-content/uploads/sites/299/2025/08/posk-py-och-hanna-1-e1756720292135.jpeg","width":1500,"height":713},{"@type":"BreadcrumbList","@id":"https://www.posk.se/sydostra-jamtland/om-oss/#breadcrumb","itemListElement":[{"@type":"ListItem","position":1,"name":"Hem","item":"https://www.posk.se/sydostra-jamtland/"},{"@type":"ListItem","position":2,"name":"Om oss"}]},{"@type":"WebSite","@id":"https://www.posk.se/sydostra-jamtland/#website","url":"https://www.posk.se/sydostra-jamtland/","name":"Sydöstra Jämtland","description":"POSK-grupp i Härnösands stift","potentialAction":[{"@type":"SearchAction","target":{"@type":"EntryPoint","urlTemplate":"https://www.posk.se/sydostra-jamtland/?s={search_term_string}"},"query-input":{"@type":"PropertyValueSpecification","valueRequired":true,"valueName":"search_term_string"}}],"inLanguage":"sv-SE"}]}</script>
<!-- / Yoast SEO plugin. -->

Om oss - Sydöstra Jämtland

Py Jönsson                        Hanna Wallén Det är vi som ställer upp i årets val till Kyrkofullmäktige. Läs mer om oss under kandidatpresentationer.

Sydöstra Jämtland

POSK-grupp i Härnösands stift
