{"id":817,"date":"2025-05-19T22:41:03","date_gmt":"2025-05-19T20:41:03","guid":{"rendered":"https:\/\/www.posk.se\/stockholmsstift\/?page_id=817"},"modified":"2025-06-27T13:48:41","modified_gmt":"2025-06-27T11:48:41","slug":"kyrkoval-2025","status":"publish","type":"page","link":"https:\/\/www.posk.se\/stockholmsstift\/kyrkoval-2025\/","title":{"rendered":"Kyrkoval 2025"},"content":{"rendered":"<h3>Vem f\u00e5r r\u00f6sta?<\/h3>\n<p>Alla som senast p\u00e5 valdagen har fyllt <strong>16 \u00e5r<\/strong> och \u00e4r medlemmar i Svenska kyrkan samt kyrkobokf\u00f6rda i en f\u00f6rsamling f\u00e5r r\u00f6sta.<\/p>\n<h3>Hur r\u00f6star jag?<\/h3>\n<p>Du kommer att f\u00e5 ett <a href=\"https:\/\/www.svenskakyrkan.se\/kyrkoval\/rostkortet\" target=\"_blank\" rel=\"noopener\"><strong>r\u00f6stkort<\/strong><\/a> hem i brevl\u00e5dan. Ta med r\u00f6stkortet n\u00e4r du r\u00f6star.<\/p>\n<p>I r\u00f6stningslokalen v\u00e4ljer du <strong>tre valsedlar i olika f\u00e4rg<\/strong>, en f\u00f6r varje val.<\/p>\n<p>Du kan r\u00f6sta p\u00e5 upp till <strong>tre kandidater<\/strong> genom att <strong>kryssa<\/strong> i deras namn p\u00e5 valsedeln. Dina kryss \u00f6kar deras m\u00f6jlighet att bli valda.<\/p>\n<p>H\u00e4r finns <a href=\"https:\/\/www.svenskakyrkan.se\/kyrkoval\/sa-rostar-du\/hur\" target=\"_blank\" rel=\"noopener\">mer information om hur du r\u00f6star<\/a>, t.ex. hur du r\u00f6star via bud, brev eller fr\u00e5n utlandet.<\/p>\n<h3>N\u00e4r och var r\u00f6star jag?<\/h3>\n<p>P\u00e5 <strong>valdagen den 21 september<\/strong> kan du r\u00f6sta i din\u00a0<strong>vallokal<\/strong>. Vilken vallokal du har st\u00e5r p\u00e5 ditt r\u00f6stkort, tillsammans med adress och \u00f6ppettider. Du beh\u00f6ver ha med legitimation till vallokalen. Det underl\u00e4ttar om du \u00e4ven tar med ditt r\u00f6stkortet.<\/p>\n<p><strong>Den 8-21 september<\/strong> kan du\u00a0<strong>f\u00f6rtidsr\u00f6sta<\/strong> i f\u00f6rtidsr\u00f6stningslokaler runt om hela landet. Det \u00e4r ett tips till dig som inte har m\u00f6jlighet att r\u00f6sta i din utpekade vallokal p\u00e5 valdagen. N\u00e4r du f\u00f6rtidsr\u00f6star m\u00e5ste du ha med legitimation och r\u00f6stkort. H\u00e4r kommer det finnas <a href=\"https:\/\/www.svenskakyrkan.se\/kyrkoval\/hitta-din-lokal\" target=\"_blank\" rel=\"noopener\">information om f\u00f6rtidsr\u00f6stningslokaler<\/a>.<\/p>\n<h3>Vem kan jag r\u00f6sta p\u00e5?<\/h3>\n<p>I kyrkovalet kan du r\u00f6sta p\u00e5 nomineringsgrupper. POSK st\u00e4ller upp med kandidatlistor p\u00e5 alla <a href=\"https:\/\/www.svenskakyrkan.se\/kyrkoval\/om-kyrkovalet\/det-har-rostar-du-pa\" target=\"_blank\" rel=\"noopener\">tre niv\u00e5er<\/a>:<\/p>\n<ul>\n<li>kyrkom\u00f6tet (nationell niv\u00e5)<\/li>\n<li>stiftsfullm\u00e4ktige i Stockholms stift (regional niv\u00e5)<\/li>\n<li>\u00f6ver 30 f\u00f6rsamlingar och pastorat runt om i stiftet (lokal niv\u00e5)<\/li>\n<\/ul>\n<p>R\u00f6sta p\u00e5 POSK i alla tre val! Om POSK inte finns i just din f\u00f6rsamling\/pastorat kan du \u00e4nd\u00e5 r\u00f6sta p\u00e5 POSK i valet till stiftsfullm\u00e4ktige och kyrkom\u00f6tet &#8211; f\u00f6r en kyrka fri fr\u00e5n partipolitik!<\/p>\n<p>H\u00e4r finns <a href=\"https:\/\/www.posk.se\/stockholmsstift\/kandidatpresentationer\/\"><strong>presentationer \u00f6ver alla kandidater<\/strong><\/a> till Stockholms <strong>stiftsfullm\u00e4ktige<\/strong> och stiftets valkrets till <strong>Kyrkom\u00f6tet.<\/strong> Vilka personer som st\u00e4ller upp f\u00f6r POSK i din lokala f\u00f6rsamling\/pastorat kan du hitta information om p\u00e5 den lokala POSK-gruppens sida.<\/p>\n<h3>Mer information om kyrkovalet<\/h3>\n<p>P\u00e5 <a href=\"https:\/\/www.svenskakyrkan.se\/kyrkoval\">Svenska kyrkans hemsida<\/a> kan du l\u00e4sa mer om kyrkovalet.<\/p>\n","protected":false},"excerpt":{"rendered":"<p>Vem f\u00e5r r\u00f6sta? Alla som senast p\u00e5 valdagen har fyllt 16 \u00e5r och \u00e4r medlemmar i Svenska kyrkan samt kyrkobokf\u00f6rda i en f\u00f6rsamling f\u00e5r r\u00f6sta. Hur r\u00f6star jag? Du kommer att f\u00e5 ett r\u00f6stkort hem i brevl\u00e5dan. Ta med r\u00f6stkortet n\u00e4r du r\u00f6star. I r\u00f6stningslokalen v\u00e4ljer du tre valsedlar i olika f\u00e4rg, en f\u00f6r varje [&hellip;]<\/p>\n","protected":false},"author":1954,"featured_media":1166,"parent":0,"menu_order":3,"comment_status":"closed","ping_status":"closed","template":"page-templates\/page-sidebar-left.php","meta":{"_acf_changed":false,"footnotes":""},"class_list":["post-817","page","type-page","status-publish","has-post-thumbnail","hentry"],"acf":[],"yoast_head":"<!-- This site is optimized with the Yoast SEO plugin v24.9 - https:\/\/yoast.com\/wordpress\/plugins\/seo\/ -->\n<title>Kyrkoval 2025 - STIFTSF\u00d6RENING Stockholm<\/title>\n<meta name=\"description\" content=\"Kyrkoval 8-21 september 2025\" \/>\n<meta name=\"robots\" content=\"index, follow, max-snippet:-1, max-image-preview:large, max-video-preview:-1\" \/>\n<link rel=\"canonical\" href=\"https:\/\/www.posk.se\/stockholmsstift\/kyrkoval-2025\/\" \/>\n<meta property=\"og:locale\" content=\"sv_SE\" \/>\n<meta property=\"og:type\" content=\"article\" \/>\n<meta property=\"og:title\" content=\"Kyrkoval 2025 - STIFTSF\u00d6RENING Stockholm\" \/>\n<meta property=\"og:description\" content=\"Kyrkoval 8-21 september 2025\" \/>\n<meta property=\"og:url\" content=\"https:\/\/www.posk.se\/stockholmsstift\/kyrkoval-2025\/\" \/>\n<meta property=\"og:site_name\" content=\"STIFTSF\u00d6RENING Stockholm\" \/>\n<meta property=\"article:modified_time\" content=\"2025-06-27T11:48:41+00:00\" \/>\n<meta property=\"og:image\" content=\"https:\/\/www.posk.se\/stockholmsstift\/wp-content\/uploads\/sites\/131\/2025\/06\/kyrkoval-1024x640.png\" \/>\n\t<meta property=\"og:image:width\" content=\"1024\" \/>\n\t<meta property=\"og:image:height\" content=\"640\" \/>\n\t<meta property=\"og:image:type\" content=\"image\/png\" \/>\n<meta name=\"twitter:card\" content=\"summary_large_image\" \/>\n<meta name=\"twitter:label1\" content=\"Ber\u00e4knad l\u00e4stid\" \/>\n\t<meta name=\"twitter:data1\" content=\"2 minuter\" \/>\n<script type=\"application\/ld+json\" class=\"yoast-schema-graph\">{\"@context\":\"https:\/\/schema.org\",\"@graph\":[{\"@type\":\"WebPage\",\"@id\":\"https:\/\/www.posk.se\/stockholmsstift\/kyrkoval-2025\/\",\"url\":\"https:\/\/www.posk.se\/stockholmsstift\/kyrkoval-2025\/\",\"name\":\"Kyrkoval 2025 - STIFTSF\u00d6RENING Stockholm\",\"isPartOf\":{\"@id\":\"https:\/\/www.posk.se\/stockholmsstift\/#website\"},\"primaryImageOfPage\":{\"@id\":\"https:\/\/www.posk.se\/stockholmsstift\/kyrkoval-2025\/#primaryimage\"},\"image\":{\"@id\":\"https:\/\/www.posk.se\/stockholmsstift\/kyrkoval-2025\/#primaryimage\"},\"thumbnailUrl\":\"https:\/\/www.posk.se\/stockholmsstift\/wp-content\/uploads\/sites\/131\/2025\/06\/kyrkoval.png\",\"datePublished\":\"2025-05-19T20:41:03+00:00\",\"dateModified\":\"2025-06-27T11:48:41+00:00\",\"description\":\"Kyrkoval 8-21 september 2025\",\"breadcrumb\":{\"@id\":\"https:\/\/www.posk.se\/stockholmsstift\/kyrkoval-2025\/#breadcrumb\"},\"inLanguage\":\"sv-SE\",\"potentialAction\":[{\"@type\":\"ReadAction\",\"target\":[\"https:\/\/www.posk.se\/stockholmsstift\/kyrkoval-2025\/\"]}]},{\"@type\":\"ImageObject\",\"inLanguage\":\"sv-SE\",\"@id\":\"https:\/\/www.posk.se\/stockholmsstift\/kyrkoval-2025\/#primaryimage\",\"url\":\"https:\/\/www.posk.se\/stockholmsstift\/wp-content\/uploads\/sites\/131\/2025\/06\/kyrkoval.png\",\"contentUrl\":\"https:\/\/www.posk.se\/stockholmsstift\/wp-content\/uploads\/sites\/131\/2025\/06\/kyrkoval.png\",\"width\":1872,\"height\":1170},{\"@type\":\"BreadcrumbList\",\"@id\":\"https:\/\/www.posk.se\/stockholmsstift\/kyrkoval-2025\/#breadcrumb\",\"itemListElement\":[{\"@type\":\"ListItem\",\"position\":1,\"name\":\"Hem\",\"item\":\"https:\/\/www.posk.se\/stockholmsstift\/\"},{\"@type\":\"ListItem\",\"position\":2,\"name\":\"Kyrkoval 2025\"}]},{\"@type\":\"WebSite\",\"@id\":\"https:\/\/www.posk.se\/stockholmsstift\/#website\",\"url\":\"https:\/\/www.posk.se\/stockholmsstift\/\",\"name\":\"STIFTSF\u00d6RENING Stockholm\",\"description\":\"Stiftsf\u00f6reningen f\u00f6r POSK i Stockholms stift\",\"potentialAction\":[{\"@type\":\"SearchAction\",\"target\":{\"@type\":\"EntryPoint\",\"urlTemplate\":\"https:\/\/www.posk.se\/stockholmsstift\/?s={search_term_string}\"},\"query-input\":{\"@type\":\"PropertyValueSpecification\",\"valueRequired\":true,\"valueName\":\"search_term_string\"}}],\"inLanguage\":\"sv-SE\"}]}<\/script>\n<!-- \/ Yoast SEO plugin. -->","yoast_head_json":{"title":"Kyrkoval 2025 - STIFTSF\u00d6RENING Stockholm","description":"Kyrkoval 8-21 september 2025","robots":{"index":"index","follow":"follow","max-snippet":"max-snippet:-1","max-image-preview":"max-image-preview:large","max-video-preview":"max-video-preview:-1"},"canonical":"https:\/\/www.posk.se\/stockholmsstift\/kyrkoval-2025\/","og_locale":"sv_SE","og_type":"article","og_title":"Kyrkoval 2025 - STIFTSF\u00d6RENING Stockholm","og_description":"Kyrkoval 8-21 september 2025","og_url":"https:\/\/www.posk.se\/stockholmsstift\/kyrkoval-2025\/","og_site_name":"STIFTSF\u00d6RENING Stockholm","article_modified_time":"2025-06-27T11:48:41+00:00","og_image":[{"width":1024,"height":640,"url":"https:\/\/www.posk.se\/stockholmsstift\/wp-content\/uploads\/sites\/131\/2025\/06\/kyrkoval-1024x640.png","type":"image\/png"}],"twitter_card":"summary_large_image","twitter_misc":{"Ber\u00e4knad l\u00e4stid":"2 minuter"},"schema":{"@context":"https:\/\/schema.org","@graph":[{"@type":"WebPage","@id":"https:\/\/www.posk.se\/stockholmsstift\/kyrkoval-2025\/","url":"https:\/\/www.posk.se\/stockholmsstift\/kyrkoval-2025\/","name":"Kyrkoval 2025 - STIFTSF\u00d6RENING Stockholm","isPartOf":{"@id":"https:\/\/www.posk.se\/stockholmsstift\/#website"},"primaryImageOfPage":{"@id":"https:\/\/www.posk.se\/stockholmsstift\/kyrkoval-2025\/#primaryimage"},"image":{"@id":"https:\/\/www.posk.se\/stockholmsstift\/kyrkoval-2025\/#primaryimage"},"thumbnailUrl":"https:\/\/www.posk.se\/stockholmsstift\/wp-content\/uploads\/sites\/131\/2025\/06\/kyrkoval.png","datePublished":"2025-05-19T20:41:03+00:00","dateModified":"2025-06-27T11:48:41+00:00","description":"Kyrkoval 8-21 september 2025","breadcrumb":{"@id":"https:\/\/www.posk.se\/stockholmsstift\/kyrkoval-2025\/#breadcrumb"},"inLanguage":"sv-SE","potentialAction":[{"@type":"ReadAction","target":["https:\/\/www.posk.se\/stockholmsstift\/kyrkoval-2025\/"]}]},{"@type":"ImageObject","inLanguage":"sv-SE","@id":"https:\/\/www.posk.se\/stockholmsstift\/kyrkoval-2025\/#primaryimage","url":"https:\/\/www.posk.se\/stockholmsstift\/wp-content\/uploads\/sites\/131\/2025\/06\/kyrkoval.png","contentUrl":"https:\/\/www.posk.se\/stockholmsstift\/wp-content\/uploads\/sites\/131\/2025\/06\/kyrkoval.png","width":1872,"height":1170},{"@type":"BreadcrumbList","@id":"https:\/\/www.posk.se\/stockholmsstift\/kyrkoval-2025\/#breadcrumb","itemListElement":[{"@type":"ListItem","position":1,"name":"Hem","item":"https:\/\/www.posk.se\/stockholmsstift\/"},{"@type":"ListItem","position":2,"name":"Kyrkoval 2025"}]},{"@type":"WebSite","@id":"https:\/\/www.posk.se\/stockholmsstift\/#website","url":"https:\/\/www.posk.se\/stockholmsstift\/","name":"STIFTSF\u00d6RENING Stockholm","description":"Stiftsf\u00f6reningen f\u00f6r POSK i Stockholms stift","potentialAction":[{"@type":"SearchAction","target":{"@type":"EntryPoint","urlTemplate":"https:\/\/www.posk.se\/stockholmsstift\/?s={search_term_string}"},"query-input":{"@type":"PropertyValueSpecification","valueRequired":true,"valueName":"search_term_string"}}],"inLanguage":"sv-SE"}]}},"_links":{"self":[{"href":"https:\/\/www.posk.se\/stockholmsstift\/wp-json\/wp\/v2\/pages\/817","targetHints":{"allow":["GET"]}}],"collection":[{"href":"https:\/\/www.posk.se\/stockholmsstift\/wp-json\/wp\/v2\/pages"}],"about":[{"href":"https:\/\/www.posk.se\/stockholmsstift\/wp-json\/wp\/v2\/types\/page"}],"author":[{"embeddable":true,"href":"https:\/\/www.posk.se\/stockholmsstift\/wp-json\/wp\/v2\/users\/1954"}],"replies":[{"embeddable":true,"href":"https:\/\/www.posk.se\/stockholmsstift\/wp-json\/wp\/v2\/comments?post=817"}],"version-history":[{"count":13,"href":"https:\/\/www.posk.se\/stockholmsstift\/wp-json\/wp\/v2\/pages\/817\/revisions"}],"predecessor-version":[{"id":1168,"href":"https:\/\/www.posk.se\/stockholmsstift\/wp-json\/wp\/v2\/pages\/817\/revisions\/1168"}],"wp:featuredmedia":[{"embeddable":true,"href":"https:\/\/www.posk.se\/stockholmsstift\/wp-json\/wp\/v2\/media\/1166"}],"wp:attachment":[{"href":"https:\/\/www.posk.se\/stockholmsstift\/wp-json\/wp\/v2\/media?parent=817"}],"curies":[{"name":"wp","href":"https:\/\/api.w.org\/{rel}","templated":true}]}}