{"id":387,"date":"2018-09-25T18:57:39","date_gmt":"2018-09-25T16:57:39","guid":{"rendered":"https:\/\/www.posk.se\/stockholmsstift\/?page_id=387"},"modified":"2018-09-25T18:57:39","modified_gmt":"2018-09-25T16:57:39","slug":"stadgar","status":"publish","type":"page","link":"https:\/\/www.posk.se\/stockholmsstift\/om-posk\/stadgar\/","title":{"rendered":"Stadgar"},"content":{"rendered":"<p>Stadgar f\u00f6r <a href=\"https:\/\/www.posk.se\/stockholmsstift\/wp-content\/uploads\/sites\/131\/2018\/03\/posk-sto-stift-stadgar-2.pdf\" target=\"_blank\" rel=\"noopener\">POSK Stiftsf\u00f6rening i Stockholms stift (PDF)<\/a><\/p>\n<p>Stadgar f\u00f6r <a href=\"https:\/\/www.posk.se\/om-posk\/stadgar\/\" target=\"_blank\" rel=\"noopener\">POSK Riksf\u00f6rening (l\u00e4nk)<\/a><\/p>\n","protected":false},"excerpt":{"rendered":"<p>Stadgar f\u00f6r POSK Stiftsf\u00f6rening i Stockholms stift (PDF) Stadgar f\u00f6r POSK Riksf\u00f6rening (l\u00e4nk)<\/p>\n","protected":false},"author":117,"featured_media":0,"parent":341,"menu_order":3,"comment_status":"closed","ping_status":"closed","template":"page-templates\/page-sidebar-left.php","meta":{"_acf_changed":false,"footnotes":""},"class_list":["post-387","page","type-page","status-publish","hentry"],"acf":[],"yoast_head":"<!-- This site is optimized with the Yoast SEO plugin v24.9 - https:\/\/yoast.com\/wordpress\/plugins\/seo\/ -->\n<title>Stadgar - STIFTSF\u00d6RENING Stockholm<\/title>\n<meta name=\"robots\" content=\"index, follow, max-snippet:-1, max-image-preview:large, max-video-preview:-1\" \/>\n<link rel=\"canonical\" href=\"https:\/\/www.posk.se\/stockholmsstift\/om-posk\/stadgar\/\" \/>\n<meta property=\"og:locale\" content=\"sv_SE\" \/>\n<meta property=\"og:type\" content=\"article\" \/>\n<meta property=\"og:title\" content=\"Stadgar - STIFTSF\u00d6RENING Stockholm\" \/>\n<meta property=\"og:description\" content=\"Stadgar f\u00f6r POSK Stiftsf\u00f6rening i Stockholms stift (PDF) Stadgar f\u00f6r POSK Riksf\u00f6rening (l\u00e4nk)\" \/>\n<meta property=\"og:url\" content=\"https:\/\/www.posk.se\/stockholmsstift\/om-posk\/stadgar\/\" \/>\n<meta property=\"og:site_name\" content=\"STIFTSF\u00d6RENING Stockholm\" \/>\n<meta name=\"twitter:card\" content=\"summary_large_image\" \/>\n<script type=\"application\/ld+json\" class=\"yoast-schema-graph\">{\"@context\":\"https:\/\/schema.org\",\"@graph\":[{\"@type\":\"WebPage\",\"@id\":\"https:\/\/www.posk.se\/stockholmsstift\/om-posk\/stadgar\/\",\"url\":\"https:\/\/www.posk.se\/stockholmsstift\/om-posk\/stadgar\/\",\"name\":\"Stadgar - STIFTSF\u00d6RENING Stockholm\",\"isPartOf\":{\"@id\":\"https:\/\/www.posk.se\/stockholmsstift\/#website\"},\"datePublished\":\"2018-09-25T16:57:39+00:00\",\"breadcrumb\":{\"@id\":\"https:\/\/www.posk.se\/stockholmsstift\/om-posk\/stadgar\/#breadcrumb\"},\"inLanguage\":\"sv-SE\",\"potentialAction\":[{\"@type\":\"ReadAction\",\"target\":[\"https:\/\/www.posk.se\/stockholmsstift\/om-posk\/stadgar\/\"]}]},{\"@type\":\"BreadcrumbList\",\"@id\":\"https:\/\/www.posk.se\/stockholmsstift\/om-posk\/stadgar\/#breadcrumb\",\"itemListElement\":[{\"@type\":\"ListItem\",\"position\":1,\"name\":\"Hem\",\"item\":\"https:\/\/www.posk.se\/stockholmsstift\/\"},{\"@type\":\"ListItem\",\"position\":2,\"name\":\"Om POSK\",\"item\":\"https:\/\/www.posk.se\/stockholmsstift\/om-posk\/\"},{\"@type\":\"ListItem\",\"position\":3,\"name\":\"Stadgar\"}]},{\"@type\":\"WebSite\",\"@id\":\"https:\/\/www.posk.se\/stockholmsstift\/#website\",\"url\":\"https:\/\/www.posk.se\/stockholmsstift\/\",\"name\":\"STIFTSF\u00d6RENING Stockholm\",\"description\":\"Stiftsf\u00f6reningen f\u00f6r POSK i Stockholms stift\",\"potentialAction\":[{\"@type\":\"SearchAction\",\"target\":{\"@type\":\"EntryPoint\",\"urlTemplate\":\"https:\/\/www.posk.se\/stockholmsstift\/?s={search_term_string}\"},\"query-input\":{\"@type\":\"PropertyValueSpecification\",\"valueRequired\":true,\"valueName\":\"search_term_string\"}}],\"inLanguage\":\"sv-SE\"}]}<\/script>\n<!-- \/ Yoast SEO plugin. -->","yoast_head_json":{"title":"Stadgar - STIFTSF\u00d6RENING Stockholm","robots":{"index":"index","follow":"follow","max-snippet":"max-snippet:-1","max-image-preview":"max-image-preview:large","max-video-preview":"max-video-preview:-1"},"canonical":"https:\/\/www.posk.se\/stockholmsstift\/om-posk\/stadgar\/","og_locale":"sv_SE","og_type":"article","og_title":"Stadgar - STIFTSF\u00d6RENING Stockholm","og_description":"Stadgar f\u00f6r POSK Stiftsf\u00f6rening i Stockholms stift (PDF) Stadgar f\u00f6r POSK Riksf\u00f6rening (l\u00e4nk)","og_url":"https:\/\/www.posk.se\/stockholmsstift\/om-posk\/stadgar\/","og_site_name":"STIFTSF\u00d6RENING Stockholm","twitter_card":"summary_large_image","schema":{"@context":"https:\/\/schema.org","@graph":[{"@type":"WebPage","@id":"https:\/\/www.posk.se\/stockholmsstift\/om-posk\/stadgar\/","url":"https:\/\/www.posk.se\/stockholmsstift\/om-posk\/stadgar\/","name":"Stadgar - STIFTSF\u00d6RENING Stockholm","isPartOf":{"@id":"https:\/\/www.posk.se\/stockholmsstift\/#website"},"datePublished":"2018-09-25T16:57:39+00:00","breadcrumb":{"@id":"https:\/\/www.posk.se\/stockholmsstift\/om-posk\/stadgar\/#breadcrumb"},"inLanguage":"sv-SE","potentialAction":[{"@type":"ReadAction","target":["https:\/\/www.posk.se\/stockholmsstift\/om-posk\/stadgar\/"]}]},{"@type":"BreadcrumbList","@id":"https:\/\/www.posk.se\/stockholmsstift\/om-posk\/stadgar\/#breadcrumb","itemListElement":[{"@type":"ListItem","position":1,"name":"Hem","item":"https:\/\/www.posk.se\/stockholmsstift\/"},{"@type":"ListItem","position":2,"name":"Om POSK","item":"https:\/\/www.posk.se\/stockholmsstift\/om-posk\/"},{"@type":"ListItem","position":3,"name":"Stadgar"}]},{"@type":"WebSite","@id":"https:\/\/www.posk.se\/stockholmsstift\/#website","url":"https:\/\/www.posk.se\/stockholmsstift\/","name":"STIFTSF\u00d6RENING Stockholm","description":"Stiftsf\u00f6reningen f\u00f6r POSK i Stockholms stift","potentialAction":[{"@type":"SearchAction","target":{"@type":"EntryPoint","urlTemplate":"https:\/\/www.posk.se\/stockholmsstift\/?s={search_term_string}"},"query-input":{"@type":"PropertyValueSpecification","valueRequired":true,"valueName":"search_term_string"}}],"inLanguage":"sv-SE"}]}},"_links":{"self":[{"href":"https:\/\/www.posk.se\/stockholmsstift\/wp-json\/wp\/v2\/pages\/387","targetHints":{"allow":["GET"]}}],"collection":[{"href":"https:\/\/www.posk.se\/stockholmsstift\/wp-json\/wp\/v2\/pages"}],"about":[{"href":"https:\/\/www.posk.se\/stockholmsstift\/wp-json\/wp\/v2\/types\/page"}],"author":[{"embeddable":true,"href":"https:\/\/www.posk.se\/stockholmsstift\/wp-json\/wp\/v2\/users\/117"}],"replies":[{"embeddable":true,"href":"https:\/\/www.posk.se\/stockholmsstift\/wp-json\/wp\/v2\/comments?post=387"}],"version-history":[{"count":4,"href":"https:\/\/www.posk.se\/stockholmsstift\/wp-json\/wp\/v2\/pages\/387\/revisions"}],"predecessor-version":[{"id":391,"href":"https:\/\/www.posk.se\/stockholmsstift\/wp-json\/wp\/v2\/pages\/387\/revisions\/391"}],"up":[{"embeddable":true,"href":"https:\/\/www.posk.se\/stockholmsstift\/wp-json\/wp\/v2\/pages\/341"}],"wp:attachment":[{"href":"https:\/\/www.posk.se\/stockholmsstift\/wp-json\/wp\/v2\/media?parent=387"}],"curies":[{"name":"wp","href":"https:\/\/api.w.org\/{rel}","templated":true}]}}