{"id":100,"date":"2017-08-13T13:17:24","date_gmt":"2017-08-13T11:17:24","guid":{"rendered":"https:\/\/www.posk.se\/stockholmsstift\/?page_id=100"},"modified":"2025-06-10T12:54:40","modified_gmt":"2025-06-10T10:54:40","slug":"styrelse","status":"publish","type":"page","link":"https:\/\/www.posk.se\/stockholmsstift\/om-posk\/styrelse\/","title":{"rendered":"Styrelse"},"content":{"rendered":"<h5><strong>Styrelsen f\u00f6r stiftsf\u00f6reningen POSK i Stockholms stift<\/strong><\/h5>\n<p><em>Verksamhets\u00e5ret 2025\/2026<\/em><\/p>\n<table style=\"width: 560px;height: 275px\" width=\"557\">\n<tbody>\n<tr style=\"height: 25px\">\n<td style=\"width: 177.7px;height: 25px\">Ordf\u00f6rande<\/td>\n<td style=\"width: 219.05px;height: 25px\">Toivo Sj\u00f6r\u00e9n<\/td>\n<td style=\"width: 144.45px;height: 25px\">V\u00e4sterled<\/td>\n<\/tr>\n<tr style=\"height: 30px\">\n<td style=\"width: 177.7px;height: 30px\">Vice ordf\u00f6rande<\/td>\n<td style=\"width: 219.05px;height: 30px\">Karin \u00d6st<\/td>\n<td style=\"width: 144.45px;height: 30px\">S:t Matteus<\/td>\n<\/tr>\n<tr style=\"height: 25px\">\n<td style=\"width: 177.7px;height: 25px\">Sekreterare<\/td>\n<td style=\"width: 219.05px;height: 25px\">Helena Klange<\/td>\n<td style=\"width: 144.45px;height: 25px\">Vallentuna<\/td>\n<\/tr>\n<tr style=\"height: 10px\">\n<td style=\"width: 177.7px;height: 10px\">Kass\u00f6r, medlems- och informationsansvarig<\/td>\n<td style=\"width: 219.05px;height: 10px\">Lars-Olof (LO) Landin<\/td>\n<td style=\"width: 144.45px;height: 10px\">H\u00e4gersten<\/td>\n<\/tr>\n<tr style=\"height: 10px\">\n<td style=\"width: 177.7px;height: 10px\">Ledamot<\/td>\n<td style=\"width: 219.05px;height: 10px\">David Anderson<\/td>\n<td style=\"width: 144.45px;height: 10px\">Haninge<\/td>\n<\/tr>\n<tr style=\"height: 25px\">\n<td style=\"width: 177.7px;height: 25px\">Ledamot<\/td>\n<td style=\"width: 219.05px;height: 25px\">Victor Backstr\u00f6m<\/td>\n<td style=\"width: 144.45px;height: 25px\">T\u00e4by<\/td>\n<\/tr>\n<tr style=\"height: 25px\">\n<td style=\"width: 177.7px;height: 25px\">Ledamot<\/td>\n<td style=\"width: 219.05px;height: 25px\">Marita Hilliges<\/td>\n<td style=\"width: 144.45px;height: 25px\">V\u00e4stermalm<\/td>\n<\/tr>\n<tr style=\"height: 25px\">\n<td style=\"width: 177.7px;height: 25px\">Ledamot<\/td>\n<td style=\"width: 219.05px;height: 25px\">Bo Ingemarson<\/td>\n<td style=\"width: 144.45px;height: 25px\">V\u00e4stermalm<\/td>\n<\/tr>\n<\/tbody>\n<\/table>\n<p>&nbsp;<\/p>\n<h5><strong>Andra funktion\u00e4rer i stiftsf\u00f6reningen<\/strong><\/h5>\n<p><em>Verksamhets\u00e5ret 2025\/2026<\/em><\/p>\n<table style=\"width: 563px\">\n<tbody>\n<tr style=\"height: 25px\">\n<td style=\"width: 182px;height: 25px\">Kontaktperson f\u00f6r riks-POSK<\/td>\n<td style=\"width: 230px;height: 25px\">Victor Backstr\u00f6m<\/td>\n<td style=\"width: 151px;height: 25px\">T\u00e4by<\/td>\n<\/tr>\n<tr style=\"height: 25px\">\n<td style=\"width: 182px;height: 25px\"><\/td>\n<td style=\"width: 230px;height: 25px\"><\/td>\n<td style=\"width: 151px;height: 25px\"><\/td>\n<\/tr>\n<tr style=\"height: 25px\">\n<td style=\"width: 182px;height: 25px\">Valberednings-sammankallande<\/td>\n<td style=\"width: 230px;height: 25px\">Cissi Billgren Askvall<\/td>\n<td style=\"width: 151px;height: 25px\">Skarpn\u00e4ck<\/td>\n<\/tr>\n<tr style=\"height: 25px\">\n<td style=\"width: 182px;height: 25px\">Valberedning<\/td>\n<td style=\"width: 230px;height: 25px\">Karin Eriksson Gut\u00f6<\/td>\n<td style=\"width: 151px;height: 25px\">Haninge<\/td>\n<\/tr>\n<tr style=\"height: 25px\">\n<td style=\"width: 182px;height: 25px\">Valberedning<\/td>\n<td style=\"width: 230px;height: 25px\">Jan-Hugo Nihl\u00e9n<\/td>\n<td style=\"width: 151px;height: 25px\">Eker\u00f6<\/td>\n<\/tr>\n<tr style=\"height: 28px\">\n<td style=\"width: 182px;height: 28px\"><\/td>\n<td style=\"width: 230px;height: 28px\"><\/td>\n<td style=\"width: 151px;height: 28px\"><\/td>\n<\/tr>\n<tr style=\"height: 24px\">\n<td style=\"width: 182px;height: 24px\">Revisor<\/td>\n<td style=\"width: 230px;height: 24px\">Eva Beijer<\/td>\n<td style=\"width: 151px;height: 24px\">H\u00e4gersten<\/td>\n<\/tr>\n<tr style=\"height: 24px\">\n<td style=\"width: 182px;height: 24px\">Revisor<\/td>\n<td style=\"width: 230px;height: 24px\">G\u00f6ran K\u00f6rdel<\/td>\n<td style=\"width: 151px;height: 24px\">Solna<\/td>\n<\/tr>\n<\/tbody>\n<\/table>\n<p>&nbsp;<\/p>\n","protected":false},"excerpt":{"rendered":"<p>Styrelsen f\u00f6r stiftsf\u00f6reningen POSK i Stockholms stift Verksamhets\u00e5ret 2025\/2026 Ordf\u00f6rande Toivo Sj\u00f6r\u00e9n V\u00e4sterled Vice ordf\u00f6rande Karin \u00d6st S:t Matteus Sekreterare Helena Klange Vallentuna Kass\u00f6r, medlems- och informationsansvarig Lars-Olof (LO) Landin H\u00e4gersten Ledamot David Anderson Haninge Ledamot Victor Backstr\u00f6m T\u00e4by Ledamot Marita Hilliges V\u00e4stermalm Ledamot Bo Ingemarson V\u00e4stermalm &nbsp; Andra funktion\u00e4rer i stiftsf\u00f6reningen Verksamhets\u00e5ret 2025\/2026 Kontaktperson [&hellip;]<\/p>\n","protected":false},"author":117,"featured_media":0,"parent":341,"menu_order":2,"comment_status":"closed","ping_status":"closed","template":"page-templates\/page-sidebar-left.php","meta":{"_acf_changed":false,"footnotes":""},"class_list":["post-100","page","type-page","status-publish","hentry"],"acf":[],"yoast_head":"<!-- This site is optimized with the Yoast SEO plugin v24.9 - https:\/\/yoast.com\/wordpress\/plugins\/seo\/ -->\n<title>Styrelse - STIFTSF\u00d6RENING Stockholm<\/title>\n<meta name=\"robots\" content=\"index, follow, max-snippet:-1, max-image-preview:large, max-video-preview:-1\" \/>\n<link rel=\"canonical\" href=\"https:\/\/www.posk.se\/stockholmsstift\/om-posk\/styrelse\/\" \/>\n<meta property=\"og:locale\" content=\"sv_SE\" \/>\n<meta property=\"og:type\" content=\"article\" \/>\n<meta property=\"og:title\" content=\"Styrelse - STIFTSF\u00d6RENING Stockholm\" \/>\n<meta property=\"og:description\" content=\"Styrelsen f\u00f6r stiftsf\u00f6reningen POSK i Stockholms stift Verksamhets\u00e5ret 2025\/2026 Ordf\u00f6rande Toivo Sj\u00f6r\u00e9n V\u00e4sterled Vice ordf\u00f6rande Karin \u00d6st S:t Matteus Sekreterare Helena Klange Vallentuna Kass\u00f6r, medlems- och informationsansvarig Lars-Olof (LO) Landin H\u00e4gersten Ledamot David Anderson Haninge Ledamot Victor Backstr\u00f6m T\u00e4by Ledamot Marita Hilliges V\u00e4stermalm Ledamot Bo Ingemarson V\u00e4stermalm &nbsp; Andra funktion\u00e4rer i stiftsf\u00f6reningen Verksamhets\u00e5ret 2025\/2026 Kontaktperson [&hellip;]\" \/>\n<meta property=\"og:url\" content=\"https:\/\/www.posk.se\/stockholmsstift\/om-posk\/styrelse\/\" \/>\n<meta property=\"og:site_name\" content=\"STIFTSF\u00d6RENING Stockholm\" \/>\n<meta property=\"article:modified_time\" content=\"2025-06-10T10:54:40+00:00\" \/>\n<meta name=\"twitter:card\" content=\"summary_large_image\" \/>\n<meta name=\"twitter:label1\" content=\"Ber\u00e4knad l\u00e4stid\" \/>\n\t<meta name=\"twitter:data1\" content=\"1 minut\" \/>\n<script type=\"application\/ld+json\" class=\"yoast-schema-graph\">{\"@context\":\"https:\/\/schema.org\",\"@graph\":[{\"@type\":\"WebPage\",\"@id\":\"https:\/\/www.posk.se\/stockholmsstift\/om-posk\/styrelse\/\",\"url\":\"https:\/\/www.posk.se\/stockholmsstift\/om-posk\/styrelse\/\",\"name\":\"Styrelse - STIFTSF\u00d6RENING Stockholm\",\"isPartOf\":{\"@id\":\"https:\/\/www.posk.se\/stockholmsstift\/#website\"},\"datePublished\":\"2017-08-13T11:17:24+00:00\",\"dateModified\":\"2025-06-10T10:54:40+00:00\",\"breadcrumb\":{\"@id\":\"https:\/\/www.posk.se\/stockholmsstift\/om-posk\/styrelse\/#breadcrumb\"},\"inLanguage\":\"sv-SE\",\"potentialAction\":[{\"@type\":\"ReadAction\",\"target\":[\"https:\/\/www.posk.se\/stockholmsstift\/om-posk\/styrelse\/\"]}]},{\"@type\":\"BreadcrumbList\",\"@id\":\"https:\/\/www.posk.se\/stockholmsstift\/om-posk\/styrelse\/#breadcrumb\",\"itemListElement\":[{\"@type\":\"ListItem\",\"position\":1,\"name\":\"Hem\",\"item\":\"https:\/\/www.posk.se\/stockholmsstift\/\"},{\"@type\":\"ListItem\",\"position\":2,\"name\":\"Om POSK\",\"item\":\"https:\/\/www.posk.se\/stockholmsstift\/om-posk\/\"},{\"@type\":\"ListItem\",\"position\":3,\"name\":\"Styrelse\"}]},{\"@type\":\"WebSite\",\"@id\":\"https:\/\/www.posk.se\/stockholmsstift\/#website\",\"url\":\"https:\/\/www.posk.se\/stockholmsstift\/\",\"name\":\"STIFTSF\u00d6RENING Stockholm\",\"description\":\"Stiftsf\u00f6reningen f\u00f6r POSK i Stockholms stift\",\"potentialAction\":[{\"@type\":\"SearchAction\",\"target\":{\"@type\":\"EntryPoint\",\"urlTemplate\":\"https:\/\/www.posk.se\/stockholmsstift\/?s={search_term_string}\"},\"query-input\":{\"@type\":\"PropertyValueSpecification\",\"valueRequired\":true,\"valueName\":\"search_term_string\"}}],\"inLanguage\":\"sv-SE\"}]}<\/script>\n<!-- \/ Yoast SEO plugin. -->","yoast_head_json":{"title":"Styrelse - STIFTSF\u00d6RENING Stockholm","robots":{"index":"index","follow":"follow","max-snippet":"max-snippet:-1","max-image-preview":"max-image-preview:large","max-video-preview":"max-video-preview:-1"},"canonical":"https:\/\/www.posk.se\/stockholmsstift\/om-posk\/styrelse\/","og_locale":"sv_SE","og_type":"article","og_title":"Styrelse - STIFTSF\u00d6RENING Stockholm","og_description":"Styrelsen f\u00f6r stiftsf\u00f6reningen POSK i Stockholms stift Verksamhets\u00e5ret 2025\/2026 Ordf\u00f6rande Toivo Sj\u00f6r\u00e9n V\u00e4sterled Vice ordf\u00f6rande Karin \u00d6st S:t Matteus Sekreterare Helena Klange Vallentuna Kass\u00f6r, medlems- och informationsansvarig Lars-Olof (LO) Landin H\u00e4gersten Ledamot David Anderson Haninge Ledamot Victor Backstr\u00f6m T\u00e4by Ledamot Marita Hilliges V\u00e4stermalm Ledamot Bo Ingemarson V\u00e4stermalm &nbsp; Andra funktion\u00e4rer i stiftsf\u00f6reningen Verksamhets\u00e5ret 2025\/2026 Kontaktperson [&hellip;]","og_url":"https:\/\/www.posk.se\/stockholmsstift\/om-posk\/styrelse\/","og_site_name":"STIFTSF\u00d6RENING Stockholm","article_modified_time":"2025-06-10T10:54:40+00:00","twitter_card":"summary_large_image","twitter_misc":{"Ber\u00e4knad l\u00e4stid":"1 minut"},"schema":{"@context":"https:\/\/schema.org","@graph":[{"@type":"WebPage","@id":"https:\/\/www.posk.se\/stockholmsstift\/om-posk\/styrelse\/","url":"https:\/\/www.posk.se\/stockholmsstift\/om-posk\/styrelse\/","name":"Styrelse - STIFTSF\u00d6RENING Stockholm","isPartOf":{"@id":"https:\/\/www.posk.se\/stockholmsstift\/#website"},"datePublished":"2017-08-13T11:17:24+00:00","dateModified":"2025-06-10T10:54:40+00:00","breadcrumb":{"@id":"https:\/\/www.posk.se\/stockholmsstift\/om-posk\/styrelse\/#breadcrumb"},"inLanguage":"sv-SE","potentialAction":[{"@type":"ReadAction","target":["https:\/\/www.posk.se\/stockholmsstift\/om-posk\/styrelse\/"]}]},{"@type":"BreadcrumbList","@id":"https:\/\/www.posk.se\/stockholmsstift\/om-posk\/styrelse\/#breadcrumb","itemListElement":[{"@type":"ListItem","position":1,"name":"Hem","item":"https:\/\/www.posk.se\/stockholmsstift\/"},{"@type":"ListItem","position":2,"name":"Om POSK","item":"https:\/\/www.posk.se\/stockholmsstift\/om-posk\/"},{"@type":"ListItem","position":3,"name":"Styrelse"}]},{"@type":"WebSite","@id":"https:\/\/www.posk.se\/stockholmsstift\/#website","url":"https:\/\/www.posk.se\/stockholmsstift\/","name":"STIFTSF\u00d6RENING Stockholm","description":"Stiftsf\u00f6reningen f\u00f6r POSK i Stockholms stift","potentialAction":[{"@type":"SearchAction","target":{"@type":"EntryPoint","urlTemplate":"https:\/\/www.posk.se\/stockholmsstift\/?s={search_term_string}"},"query-input":{"@type":"PropertyValueSpecification","valueRequired":true,"valueName":"search_term_string"}}],"inLanguage":"sv-SE"}]}},"_links":{"self":[{"href":"https:\/\/www.posk.se\/stockholmsstift\/wp-json\/wp\/v2\/pages\/100","targetHints":{"allow":["GET"]}}],"collection":[{"href":"https:\/\/www.posk.se\/stockholmsstift\/wp-json\/wp\/v2\/pages"}],"about":[{"href":"https:\/\/www.posk.se\/stockholmsstift\/wp-json\/wp\/v2\/types\/page"}],"author":[{"embeddable":true,"href":"https:\/\/www.posk.se\/stockholmsstift\/wp-json\/wp\/v2\/users\/117"}],"replies":[{"embeddable":true,"href":"https:\/\/www.posk.se\/stockholmsstift\/wp-json\/wp\/v2\/comments?post=100"}],"version-history":[{"count":55,"href":"https:\/\/www.posk.se\/stockholmsstift\/wp-json\/wp\/v2\/pages\/100\/revisions"}],"predecessor-version":[{"id":1144,"href":"https:\/\/www.posk.se\/stockholmsstift\/wp-json\/wp\/v2\/pages\/100\/revisions\/1144"}],"up":[{"embeddable":true,"href":"https:\/\/www.posk.se\/stockholmsstift\/wp-json\/wp\/v2\/pages\/341"}],"wp:attachment":[{"href":"https:\/\/www.posk.se\/stockholmsstift\/wp-json\/wp\/v2\/media?parent=100"}],"curies":[{"name":"wp","href":"https:\/\/api.w.org\/{rel}","templated":true}]}}

<h5><strong>Styrelsen för stiftsföreningen POSK i Stockholms stift</strong></h5>
<p><em>Verksamhetsåret 2025/2026</em></p>
<table style="width: 560px;height: 275px" width="557">
<tbody>
<tr style="height: 25px">
<td style="width: 177.7px;height: 25px">Ordförande</td>
<td style="width: 219.05px;height: 25px">Toivo Sjörén</td>
<td style="width: 144.45px;height: 25px">Västerled</td>
</tr>
<tr style="height: 30px">
<td style="width: 177.7px;height: 30px">Vice ordförande</td>
<td style="width: 219.05px;height: 30px">Karin Öst</td>
<td style="width: 144.45px;height: 30px">S:t Matteus</td>
</tr>
<tr style="height: 25px">
<td style="width: 177.7px;height: 25px">Sekreterare</td>
<td style="width: 219.05px;height: 25px">Helena Klange</td>
<td style="width: 144.45px;height: 25px">Vallentuna</td>
</tr>
<tr style="height: 10px">
<td style="width: 177.7px;height: 10px">Kassör, medlems- och informationsansvarig</td>
<td style="width: 219.05px;height: 10px">Lars-Olof (LO) Landin</td>
<td style="width: 144.45px;height: 10px">Hägersten</td>
</tr>
<tr style="height: 10px">
<td style="width: 177.7px;height: 10px">Ledamot</td>
<td style="width: 219.05px;height: 10px">David Anderson</td>
<td style="width: 144.45px;height: 10px">Haninge</td>
</tr>
<tr style="height: 25px">
<td style="width: 177.7px;height: 25px">Ledamot</td>
<td style="width: 219.05px;height: 25px">Victor Backström</td>
<td style="width: 144.45px;height: 25px">Täby</td>
</tr>
<tr style="height: 25px">
<td style="width: 177.7px;height: 25px">Ledamot</td>
<td style="width: 219.05px;height: 25px">Marita Hilliges</td>
<td style="width: 144.45px;height: 25px">Västermalm</td>
</tr>
<tr style="height: 25px">
<td style="width: 177.7px;height: 25px">Ledamot</td>
<td style="width: 219.05px;height: 25px">Bo Ingemarson</td>
<td style="width: 144.45px;height: 25px">Västermalm</td>
</tr>
</tbody>
</table>
<p>&nbsp;</p>
<h5><strong>Andra funktionärer i stiftsföreningen</strong></h5>
<p><em>Verksamhetsåret 2025/2026</em></p>
<table style="width: 563px">
<tbody>
<tr style="height: 25px">
<td style="width: 182px;height: 25px">Kontaktperson för riks-POSK</td>
<td style="width: 230px;height: 25px">Victor Backström</td>
<td style="width: 151px;height: 25px">Täby</td>
</tr>
<tr style="height: 25px">
<td style="width: 182px;height: 25px"></td>
<td style="width: 230px;height: 25px"></td>
<td style="width: 151px;height: 25px"></td>
</tr>
<tr style="height: 25px">
<td style="width: 182px;height: 25px">Valberednings-sammankallande</td>
<td style="width: 230px;height: 25px">Cissi Billgren Askvall</td>
<td style="width: 151px;height: 25px">Skarpnäck</td>
</tr>
<tr style="height: 25px">
<td style="width: 182px;height: 25px">Valberedning</td>
<td style="width: 230px;height: 25px">Karin Eriksson Gutö</td>
<td style="width: 151px;height: 25px">Haninge</td>
</tr>
<tr style="height: 25px">
<td style="width: 182px;height: 25px">Valberedning</td>
<td style="width: 230px;height: 25px">Jan-Hugo Nihlén</td>
<td style="width: 151px;height: 25px">Ekerö</td>
</tr>
<tr style="height: 28px">
<td style="width: 182px;height: 28px"></td>
<td style="width: 230px;height: 28px"></td>
<td style="width: 151px;height: 28px"></td>
</tr>
<tr style="height: 24px">
<td style="width: 182px;height: 24px">Revisor</td>
<td style="width: 230px;height: 24px">Eva Beijer</td>
<td style="width: 151px;height: 24px">Hägersten</td>
</tr>
<tr style="height: 24px">
<td style="width: 182px;height: 24px">Revisor</td>
<td style="width: 230px;height: 24px">Göran Kördel</td>
<td style="width: 151px;height: 24px">Solna</td>
</tr>
</tbody>
</table>
<p>&nbsp;</p>

<p>Styrelsen för stiftsföreningen POSK i Stockholms stift Verksamhetsåret 2025/2026 Ordförande Toivo Sjörén Västerled Vice ordförande Karin Öst S:t Matteus Sekreterare Helena Klange Vallentuna Kassör, medlems- och informationsansvarig Lars-Olof (LO) Landin Hägersten Ledamot David Anderson Haninge Ledamot Victor Backström Täby Ledamot Marita Hilliges Västermalm Ledamot Bo Ingemarson Västermalm &nbsp; Andra funktionärer i stiftsföreningen Verksamhetsåret 2025/2026 Kontaktperson [&hellip;]</p>

<!-- This site is optimized with the Yoast SEO plugin v24.9 - https://yoast.com/wordpress/plugins/seo/ -->
<title>Styrelse - STIFTSFÖRENING Stockholm</title>
<meta name="robots" content="index, follow, max-snippet:-1, max-image-preview:large, max-video-preview:-1" />
<link rel="canonical" href="https://www.posk.se/stockholmsstift/om-posk/styrelse/" />
<meta property="og:locale" content="sv_SE" />
<meta property="og:type" content="article" />
<meta property="og:title" content="Styrelse - STIFTSFÖRENING Stockholm" />
<meta property="og:description" content="Styrelsen för stiftsföreningen POSK i Stockholms stift Verksamhetsåret 2025/2026 Ordförande Toivo Sjörén Västerled Vice ordförande Karin Öst S:t Matteus Sekreterare Helena Klange Vallentuna Kassör, medlems- och informationsansvarig Lars-Olof (LO) Landin Hägersten Ledamot David Anderson Haninge Ledamot Victor Backström Täby Ledamot Marita Hilliges Västermalm Ledamot Bo Ingemarson Västermalm &nbsp; Andra funktionärer i stiftsföreningen Verksamhetsåret 2025/2026 Kontaktperson [&hellip;]" />
<meta property="og:url" content="https://www.posk.se/stockholmsstift/om-posk/styrelse/" />
<meta property="og:site_name" content="STIFTSFÖRENING Stockholm" />
<meta property="article:modified_time" content="2025-06-10T10:54:40+00:00" />
<meta name="twitter:card" content="summary_large_image" />
<meta name="twitter:label1" content="Beräknad lästid" />
	<meta name="twitter:data1" content="1 minut" />
<script type="application/ld+json" class="yoast-schema-graph">{"@context":"https://schema.org","@graph":[{"@type":"WebPage","@id":"https://www.posk.se/stockholmsstift/om-posk/styrelse/","url":"https://www.posk.se/stockholmsstift/om-posk/styrelse/","name":"Styrelse - STIFTSFÖRENING Stockholm","isPartOf":{"@id":"https://www.posk.se/stockholmsstift/#website"},"datePublished":"2017-08-13T11:17:24+00:00","dateModified":"2025-06-10T10:54:40+00:00","breadcrumb":{"@id":"https://www.posk.se/stockholmsstift/om-posk/styrelse/#breadcrumb"},"inLanguage":"sv-SE","potentialAction":[{"@type":"ReadAction","target":["https://www.posk.se/stockholmsstift/om-posk/styrelse/"]}]},{"@type":"BreadcrumbList","@id":"https://www.posk.se/stockholmsstift/om-posk/styrelse/#breadcrumb","itemListElement":[{"@type":"ListItem","position":1,"name":"Hem","item":"https://www.posk.se/stockholmsstift/"},{"@type":"ListItem","position":2,"name":"Om POSK","item":"https://www.posk.se/stockholmsstift/om-posk/"},{"@type":"ListItem","position":3,"name":"Styrelse"}]},{"@type":"WebSite","@id":"https://www.posk.se/stockholmsstift/#website","url":"https://www.posk.se/stockholmsstift/","name":"STIFTSFÖRENING Stockholm","description":"Stiftsföreningen för POSK i Stockholms stift","potentialAction":[{"@type":"SearchAction","target":{"@type":"EntryPoint","urlTemplate":"https://www.posk.se/stockholmsstift/?s={search_term_string}"},"query-input":{"@type":"PropertyValueSpecification","valueRequired":true,"valueName":"search_term_string"}}],"inLanguage":"sv-SE"}]}</script>
<!-- / Yoast SEO plugin. -->

Styrelse - STIFTSFÖRENING Stockholm

Styrelsen för stiftsföreningen POSK i Stockholms stift Verksamhetsåret 2025/2026 Ordförande Toivo Sjörén Västerled Vice ordförande Karin Öst S:t Matteus Sekreterare Helena Klange Vallentuna Kassör, medlems- och informationsansvarig Lars-Olof (LO) Landin Hägersten Ledamot David Anderson Haninge Ledamot Victor Backström Täby Ledamot Marita Hilliges Västermalm Ledamot Bo Ingemarson Västermalm &nbsp; Andra funktionärer i stiftsföreningen Verksamhetsåret 2025/2026 Kontaktperson [&hellip;]

STIFTSFÖRENING Stockholm

Stiftsföreningen för POSK i Stockholms stift
