{"id":852,"date":"2023-01-09T21:05:22","date_gmt":"2023-01-09T20:05:22","guid":{"rendered":"https:\/\/www.posk.se\/skarastift\/?page_id=852"},"modified":"2025-06-14T12:52:13","modified_gmt":"2025-06-14T10:52:13","slug":"bli-medlem","status":"publish","type":"page","link":"https:\/\/www.posk.se\/skarastift\/bli-medlem\/","title":{"rendered":"Bli Medlem"},"content":{"rendered":"<p><strong>MEDLEMSKAP<\/strong><\/p>\n<p>Medlem i stiftsf\u00f6reningen \u00e4r lokala grupper eller enskilda medlemmar d\u00e4r lokal grupp saknas. Medlemsavgiften till stiftsf\u00f6reningen \u00e4r 250 kr f\u00f6r lokala grupper och 100 kr f\u00f6r enskild medlem. Den kan betalas in f\u00f6r samtliga fyra \u00e5r i mandatperioden vid ett och samma tillf\u00e4lle. Medlemsavgiften s\u00e4tts in p\u00e5 Bankgiro 379 &#8211; 62 65 eller Swish 123 210 24 24.<\/p>\n<p><strong>Observera att b\u00e5de bankgironumret och Swishnumret \u00e4r nytt.<\/strong><\/p>\n<p>Detta g\u00e5r till riksf\u00f6reningen POSK i Svenska Kyrkan. S\u00e5 var <strong>tydlig<\/strong> med att uppge att det g\u00e4ller medlemskap i POSK Skara stift, ditt\/ert namn och det\/de \u00e5r inbetalningen g\u00e4ller.<\/p>\n<p>F\u00f6r den som vill finns m\u00f6jligheten att betala in medlemsavgiften f\u00f6r samtliga fyra \u00e5r i mandatperioden vid ett och samma tillf\u00e4lle.<\/p>\n<p>Om du \u00e4r medlem i n\u00e5gon av POSKs lokala grupper beh\u00f6ver du inte dessutom vara enskild medlem i stiftsf\u00f6reningen.<\/p>\n<p><strong>Tack f\u00f6r att du \u00e4r medlem i POSK och st\u00f6ttar v\u00e5rt arbete!<\/strong><\/p>\n","protected":false},"excerpt":{"rendered":"<p>MEDLEMSKAP Medlem i stiftsf\u00f6reningen \u00e4r lokala grupper eller enskilda medlemmar d\u00e4r lokal grupp saknas. Medlemsavgiften till stiftsf\u00f6reningen \u00e4r 250 kr f\u00f6r lokala grupper och 100 kr f\u00f6r enskild medlem. Den kan betalas in f\u00f6r samtliga fyra \u00e5r i mandatperioden vid ett och samma tillf\u00e4lle. Medlemsavgiften s\u00e4tts in p\u00e5 Bankgiro 379 &#8211; 62 65 eller Swish [&hellip;]<\/p>\n","protected":false},"author":105,"featured_media":0,"parent":0,"menu_order":0,"comment_status":"closed","ping_status":"closed","template":"page-templates\/page-sidebar-left.php","meta":{"_acf_changed":false,"footnotes":""},"class_list":["post-852","page","type-page","status-publish","hentry"],"acf":[],"yoast_head":"<!-- This site is optimized with the Yoast SEO plugin v24.9 - https:\/\/yoast.com\/wordpress\/plugins\/seo\/ -->\n<title>Bli Medlem - STIFTSF\u00d6RENING Skara<\/title>\n<meta name=\"robots\" content=\"index, follow, max-snippet:-1, max-image-preview:large, max-video-preview:-1\" \/>\n<link rel=\"canonical\" href=\"https:\/\/www.posk.se\/skarastift\/bli-medlem\/\" \/>\n<meta property=\"og:locale\" content=\"sv_SE\" \/>\n<meta property=\"og:type\" content=\"article\" \/>\n<meta property=\"og:title\" content=\"Bli Medlem - STIFTSF\u00d6RENING Skara\" \/>\n<meta property=\"og:description\" content=\"MEDLEMSKAP Medlem i stiftsf\u00f6reningen \u00e4r lokala grupper eller enskilda medlemmar d\u00e4r lokal grupp saknas. Medlemsavgiften till stiftsf\u00f6reningen \u00e4r 250 kr f\u00f6r lokala grupper och 100 kr f\u00f6r enskild medlem. Den kan betalas in f\u00f6r samtliga fyra \u00e5r i mandatperioden vid ett och samma tillf\u00e4lle. Medlemsavgiften s\u00e4tts in p\u00e5 Bankgiro 379 &#8211; 62 65 eller Swish [&hellip;]\" \/>\n<meta property=\"og:url\" content=\"https:\/\/www.posk.se\/skarastift\/bli-medlem\/\" \/>\n<meta property=\"og:site_name\" content=\"STIFTSF\u00d6RENING Skara\" \/>\n<meta property=\"article:modified_time\" content=\"2025-06-14T10:52:13+00:00\" \/>\n<meta name=\"twitter:card\" content=\"summary_large_image\" \/>\n<meta name=\"twitter:label1\" content=\"Ber\u00e4knad l\u00e4stid\" \/>\n\t<meta name=\"twitter:data1\" content=\"1 minut\" \/>\n<script type=\"application\/ld+json\" class=\"yoast-schema-graph\">{\"@context\":\"https:\/\/schema.org\",\"@graph\":[{\"@type\":\"WebPage\",\"@id\":\"https:\/\/www.posk.se\/skarastift\/bli-medlem\/\",\"url\":\"https:\/\/www.posk.se\/skarastift\/bli-medlem\/\",\"name\":\"Bli Medlem - STIFTSF\u00d6RENING Skara\",\"isPartOf\":{\"@id\":\"https:\/\/www.posk.se\/skarastift\/#website\"},\"datePublished\":\"2023-01-09T20:05:22+00:00\",\"dateModified\":\"2025-06-14T10:52:13+00:00\",\"breadcrumb\":{\"@id\":\"https:\/\/www.posk.se\/skarastift\/bli-medlem\/#breadcrumb\"},\"inLanguage\":\"sv-SE\",\"potentialAction\":[{\"@type\":\"ReadAction\",\"target\":[\"https:\/\/www.posk.se\/skarastift\/bli-medlem\/\"]}]},{\"@type\":\"BreadcrumbList\",\"@id\":\"https:\/\/www.posk.se\/skarastift\/bli-medlem\/#breadcrumb\",\"itemListElement\":[{\"@type\":\"ListItem\",\"position\":1,\"name\":\"Hem\",\"item\":\"https:\/\/www.posk.se\/skarastift\/\"},{\"@type\":\"ListItem\",\"position\":2,\"name\":\"Bli Medlem\"}]},{\"@type\":\"WebSite\",\"@id\":\"https:\/\/www.posk.se\/skarastift\/#website\",\"url\":\"https:\/\/www.posk.se\/skarastift\/\",\"name\":\"STIFTSF\u00d6RENING Skara\",\"description\":\"Stiftsf\u00f6reningen f\u00f6r POSK i Skara stift\",\"potentialAction\":[{\"@type\":\"SearchAction\",\"target\":{\"@type\":\"EntryPoint\",\"urlTemplate\":\"https:\/\/www.posk.se\/skarastift\/?s={search_term_string}\"},\"query-input\":{\"@type\":\"PropertyValueSpecification\",\"valueRequired\":true,\"valueName\":\"search_term_string\"}}],\"inLanguage\":\"sv-SE\"}]}<\/script>\n<!-- \/ Yoast SEO plugin. -->","yoast_head_json":{"title":"Bli Medlem - STIFTSF\u00d6RENING Skara","robots":{"index":"index","follow":"follow","max-snippet":"max-snippet:-1","max-image-preview":"max-image-preview:large","max-video-preview":"max-video-preview:-1"},"canonical":"https:\/\/www.posk.se\/skarastift\/bli-medlem\/","og_locale":"sv_SE","og_type":"article","og_title":"Bli Medlem - STIFTSF\u00d6RENING Skara","og_description":"MEDLEMSKAP Medlem i stiftsf\u00f6reningen \u00e4r lokala grupper eller enskilda medlemmar d\u00e4r lokal grupp saknas. Medlemsavgiften till stiftsf\u00f6reningen \u00e4r 250 kr f\u00f6r lokala grupper och 100 kr f\u00f6r enskild medlem. Den kan betalas in f\u00f6r samtliga fyra \u00e5r i mandatperioden vid ett och samma tillf\u00e4lle. Medlemsavgiften s\u00e4tts in p\u00e5 Bankgiro 379 &#8211; 62 65 eller Swish [&hellip;]","og_url":"https:\/\/www.posk.se\/skarastift\/bli-medlem\/","og_site_name":"STIFTSF\u00d6RENING Skara","article_modified_time":"2025-06-14T10:52:13+00:00","twitter_card":"summary_large_image","twitter_misc":{"Ber\u00e4knad l\u00e4stid":"1 minut"},"schema":{"@context":"https:\/\/schema.org","@graph":[{"@type":"WebPage","@id":"https:\/\/www.posk.se\/skarastift\/bli-medlem\/","url":"https:\/\/www.posk.se\/skarastift\/bli-medlem\/","name":"Bli Medlem - STIFTSF\u00d6RENING Skara","isPartOf":{"@id":"https:\/\/www.posk.se\/skarastift\/#website"},"datePublished":"2023-01-09T20:05:22+00:00","dateModified":"2025-06-14T10:52:13+00:00","breadcrumb":{"@id":"https:\/\/www.posk.se\/skarastift\/bli-medlem\/#breadcrumb"},"inLanguage":"sv-SE","potentialAction":[{"@type":"ReadAction","target":["https:\/\/www.posk.se\/skarastift\/bli-medlem\/"]}]},{"@type":"BreadcrumbList","@id":"https:\/\/www.posk.se\/skarastift\/bli-medlem\/#breadcrumb","itemListElement":[{"@type":"ListItem","position":1,"name":"Hem","item":"https:\/\/www.posk.se\/skarastift\/"},{"@type":"ListItem","position":2,"name":"Bli Medlem"}]},{"@type":"WebSite","@id":"https:\/\/www.posk.se\/skarastift\/#website","url":"https:\/\/www.posk.se\/skarastift\/","name":"STIFTSF\u00d6RENING Skara","description":"Stiftsf\u00f6reningen f\u00f6r POSK i Skara stift","potentialAction":[{"@type":"SearchAction","target":{"@type":"EntryPoint","urlTemplate":"https:\/\/www.posk.se\/skarastift\/?s={search_term_string}"},"query-input":{"@type":"PropertyValueSpecification","valueRequired":true,"valueName":"search_term_string"}}],"inLanguage":"sv-SE"}]}},"_links":{"self":[{"href":"https:\/\/www.posk.se\/skarastift\/wp-json\/wp\/v2\/pages\/852","targetHints":{"allow":["GET"]}}],"collection":[{"href":"https:\/\/www.posk.se\/skarastift\/wp-json\/wp\/v2\/pages"}],"about":[{"href":"https:\/\/www.posk.se\/skarastift\/wp-json\/wp\/v2\/types\/page"}],"author":[{"embeddable":true,"href":"https:\/\/www.posk.se\/skarastift\/wp-json\/wp\/v2\/users\/105"}],"replies":[{"embeddable":true,"href":"https:\/\/www.posk.se\/skarastift\/wp-json\/wp\/v2\/comments?post=852"}],"version-history":[{"count":11,"href":"https:\/\/www.posk.se\/skarastift\/wp-json\/wp\/v2\/pages\/852\/revisions"}],"predecessor-version":[{"id":1056,"href":"https:\/\/www.posk.se\/skarastift\/wp-json\/wp\/v2\/pages\/852\/revisions\/1056"}],"wp:attachment":[{"href":"https:\/\/www.posk.se\/skarastift\/wp-json\/wp\/v2\/media?parent=852"}],"curies":[{"name":"wp","href":"https:\/\/api.w.org\/{rel}","templated":true}]}}