{"id":263,"date":"2025-09-10T18:42:44","date_gmt":"2025-09-10T16:42:44","guid":{"rendered":"https:\/\/www.posk.se\/rada\/?page_id=263"},"modified":"2025-09-10T18:42:44","modified_gmt":"2025-09-10T16:42:44","slug":"styrelse-kyrkofullmaktige-och-kyrkorad","status":"publish","type":"page","link":"https:\/\/www.posk.se\/rada\/styrelse-kyrkofullmaktige-och-kyrkorad\/","title":{"rendered":"Styrelse, kyrkofullm\u00e4ktige och kyrkor\u00e5d"},"content":{"rendered":"<h4>Styrelseledam\u00f6ter 2025<\/h4>\n<p>Karin Lagerstr\u00f6m, ordf\u00f6rande POSK i R\u00e5da f\u00f6rsamling<\/p>\n<p>Hans Hofflander<\/p>\n<p>Gunnar M\u00e5rtenssson<\/p>\n<p>Hanna Rohdin<\/p>\n<p>Jenny Ljungberg<\/p>\n<p>Thomas Edman<\/p>\n<h4>Representanter mandatperioden 2022-2025<\/h4>\n<h5>POSKs representanter i R\u00e5da f\u00f6rsamlings kyrkofullm\u00e4ktige:<\/h5>\n<p>Karin Lagerstr\u00f6m ( vice ordf\u00f6rande), Jenny Ljungberg, Gunnar M\u00e5rtensson, Bj\u00f6rn R\u00f6dsta, Birgitta Karlsson, Jan-Olof Karlsson, Henrik Sahlin, Hans Hofflander, Katarina Allander, H\u00e5kan Larsson, Ingela Schortz, Lars Ljungberg, Pernilla M\u00e5rtensson, Anita Henriksson<\/p>\n<h4>POSKs representanter i kyrkor\u00e5det:<\/h4>\n<p>LEDAM\u00d6TER: Jenny Ljungberg (ordf\u00f6rande), Karin Lagerstr\u00f6m, Gunnar M\u00e5rtensson, Bj\u00f6rn R\u00f6dstad, Henrik Sahlin<\/p>\n<p>ERS\u00c4TTARE: Hans Hofflander, Birgitta Karlsson, Jan-Olof Karlsson<\/p>\n<p>Kontakt: karin.lagerstrom@gmail.com<\/p>\n<p>&nbsp;<\/p>\n<p>&nbsp;<\/p>\n<p>&nbsp;<\/p>\n","protected":false},"excerpt":{"rendered":"<p>Styrelseledam\u00f6ter 2025 Karin Lagerstr\u00f6m, ordf\u00f6rande POSK i R\u00e5da f\u00f6rsamling Hans Hofflander Gunnar M\u00e5rtenssson Hanna Rohdin Jenny Ljungberg Thomas Edman Representanter mandatperioden 2022-2025 POSKs representanter i R\u00e5da f\u00f6rsamlings kyrkofullm\u00e4ktige: Karin Lagerstr\u00f6m ( vice ordf\u00f6rande), Jenny Ljungberg, Gunnar M\u00e5rtensson, Bj\u00f6rn R\u00f6dsta, Birgitta Karlsson, Jan-Olof Karlsson, Henrik Sahlin, Hans Hofflander, Katarina Allander, H\u00e5kan Larsson, Ingela Schortz, Lars Ljungberg, [&hellip;]<\/p>\n","protected":false},"author":155,"featured_media":0,"parent":0,"menu_order":1,"comment_status":"closed","ping_status":"closed","template":"page-templates\/page-sidebar-left.php","meta":{"_acf_changed":false,"footnotes":""},"class_list":["post-263","page","type-page","status-publish","hentry"],"acf":[],"yoast_head":"<!-- This site is optimized with the Yoast SEO plugin v24.9 - https:\/\/yoast.com\/wordpress\/plugins\/seo\/ -->\n<title>Styrelse, kyrkofullm\u00e4ktige och kyrkor\u00e5d - R\u00e5da<\/title>\n<meta name=\"robots\" content=\"index, follow, max-snippet:-1, max-image-preview:large, max-video-preview:-1\" \/>\n<link rel=\"canonical\" href=\"https:\/\/www.posk.se\/rada\/styrelse-kyrkofullmaktige-och-kyrkorad\/\" \/>\n<meta property=\"og:locale\" content=\"sv_SE\" \/>\n<meta property=\"og:type\" content=\"article\" \/>\n<meta property=\"og:title\" content=\"Styrelse, kyrkofullm\u00e4ktige och kyrkor\u00e5d - R\u00e5da\" \/>\n<meta property=\"og:description\" content=\"Styrelseledam\u00f6ter 2025 Karin Lagerstr\u00f6m, ordf\u00f6rande POSK i R\u00e5da f\u00f6rsamling Hans Hofflander Gunnar M\u00e5rtenssson Hanna Rohdin Jenny Ljungberg Thomas Edman Representanter mandatperioden 2022-2025 POSKs representanter i R\u00e5da f\u00f6rsamlings kyrkofullm\u00e4ktige: Karin Lagerstr\u00f6m ( vice ordf\u00f6rande), Jenny Ljungberg, Gunnar M\u00e5rtensson, Bj\u00f6rn R\u00f6dsta, Birgitta Karlsson, Jan-Olof Karlsson, Henrik Sahlin, Hans Hofflander, Katarina Allander, H\u00e5kan Larsson, Ingela Schortz, Lars Ljungberg, [&hellip;]\" \/>\n<meta property=\"og:url\" content=\"https:\/\/www.posk.se\/rada\/styrelse-kyrkofullmaktige-och-kyrkorad\/\" \/>\n<meta property=\"og:site_name\" content=\"R\u00e5da\" \/>\n<meta name=\"twitter:card\" content=\"summary_large_image\" \/>\n<meta name=\"twitter:label1\" content=\"Ber\u00e4knad l\u00e4stid\" \/>\n\t<meta name=\"twitter:data1\" content=\"1 minut\" \/>\n<script type=\"application\/ld+json\" class=\"yoast-schema-graph\">{\"@context\":\"https:\/\/schema.org\",\"@graph\":[{\"@type\":\"WebPage\",\"@id\":\"https:\/\/www.posk.se\/rada\/styrelse-kyrkofullmaktige-och-kyrkorad\/\",\"url\":\"https:\/\/www.posk.se\/rada\/styrelse-kyrkofullmaktige-och-kyrkorad\/\",\"name\":\"Styrelse, kyrkofullm\u00e4ktige och kyrkor\u00e5d - R\u00e5da\",\"isPartOf\":{\"@id\":\"https:\/\/www.posk.se\/rada\/#website\"},\"datePublished\":\"2025-09-10T16:42:44+00:00\",\"breadcrumb\":{\"@id\":\"https:\/\/www.posk.se\/rada\/styrelse-kyrkofullmaktige-och-kyrkorad\/#breadcrumb\"},\"inLanguage\":\"sv-SE\",\"potentialAction\":[{\"@type\":\"ReadAction\",\"target\":[\"https:\/\/www.posk.se\/rada\/styrelse-kyrkofullmaktige-och-kyrkorad\/\"]}]},{\"@type\":\"BreadcrumbList\",\"@id\":\"https:\/\/www.posk.se\/rada\/styrelse-kyrkofullmaktige-och-kyrkorad\/#breadcrumb\",\"itemListElement\":[{\"@type\":\"ListItem\",\"position\":1,\"name\":\"Hem\",\"item\":\"https:\/\/www.posk.se\/rada\/\"},{\"@type\":\"ListItem\",\"position\":2,\"name\":\"Styrelse, kyrkofullm\u00e4ktige och kyrkor\u00e5d\"}]},{\"@type\":\"WebSite\",\"@id\":\"https:\/\/www.posk.se\/rada\/#website\",\"url\":\"https:\/\/www.posk.se\/rada\/\",\"name\":\"R\u00e5da\",\"description\":\"POSK-grupp i G\u00f6teborgs stift\",\"potentialAction\":[{\"@type\":\"SearchAction\",\"target\":{\"@type\":\"EntryPoint\",\"urlTemplate\":\"https:\/\/www.posk.se\/rada\/?s={search_term_string}\"},\"query-input\":{\"@type\":\"PropertyValueSpecification\",\"valueRequired\":true,\"valueName\":\"search_term_string\"}}],\"inLanguage\":\"sv-SE\"}]}<\/script>\n<!-- \/ Yoast SEO plugin. -->","yoast_head_json":{"title":"Styrelse, kyrkofullm\u00e4ktige och kyrkor\u00e5d - R\u00e5da","robots":{"index":"index","follow":"follow","max-snippet":"max-snippet:-1","max-image-preview":"max-image-preview:large","max-video-preview":"max-video-preview:-1"},"canonical":"https:\/\/www.posk.se\/rada\/styrelse-kyrkofullmaktige-och-kyrkorad\/","og_locale":"sv_SE","og_type":"article","og_title":"Styrelse, kyrkofullm\u00e4ktige och kyrkor\u00e5d - R\u00e5da","og_description":"Styrelseledam\u00f6ter 2025 Karin Lagerstr\u00f6m, ordf\u00f6rande POSK i R\u00e5da f\u00f6rsamling Hans Hofflander Gunnar M\u00e5rtenssson Hanna Rohdin Jenny Ljungberg Thomas Edman Representanter mandatperioden 2022-2025 POSKs representanter i R\u00e5da f\u00f6rsamlings kyrkofullm\u00e4ktige: Karin Lagerstr\u00f6m ( vice ordf\u00f6rande), Jenny Ljungberg, Gunnar M\u00e5rtensson, Bj\u00f6rn R\u00f6dsta, Birgitta Karlsson, Jan-Olof Karlsson, Henrik Sahlin, Hans Hofflander, Katarina Allander, H\u00e5kan Larsson, Ingela Schortz, Lars Ljungberg, [&hellip;]","og_url":"https:\/\/www.posk.se\/rada\/styrelse-kyrkofullmaktige-och-kyrkorad\/","og_site_name":"R\u00e5da","twitter_card":"summary_large_image","twitter_misc":{"Ber\u00e4knad l\u00e4stid":"1 minut"},"schema":{"@context":"https:\/\/schema.org","@graph":[{"@type":"WebPage","@id":"https:\/\/www.posk.se\/rada\/styrelse-kyrkofullmaktige-och-kyrkorad\/","url":"https:\/\/www.posk.se\/rada\/styrelse-kyrkofullmaktige-och-kyrkorad\/","name":"Styrelse, kyrkofullm\u00e4ktige och kyrkor\u00e5d - R\u00e5da","isPartOf":{"@id":"https:\/\/www.posk.se\/rada\/#website"},"datePublished":"2025-09-10T16:42:44+00:00","breadcrumb":{"@id":"https:\/\/www.posk.se\/rada\/styrelse-kyrkofullmaktige-och-kyrkorad\/#breadcrumb"},"inLanguage":"sv-SE","potentialAction":[{"@type":"ReadAction","target":["https:\/\/www.posk.se\/rada\/styrelse-kyrkofullmaktige-och-kyrkorad\/"]}]},{"@type":"BreadcrumbList","@id":"https:\/\/www.posk.se\/rada\/styrelse-kyrkofullmaktige-och-kyrkorad\/#breadcrumb","itemListElement":[{"@type":"ListItem","position":1,"name":"Hem","item":"https:\/\/www.posk.se\/rada\/"},{"@type":"ListItem","position":2,"name":"Styrelse, kyrkofullm\u00e4ktige och kyrkor\u00e5d"}]},{"@type":"WebSite","@id":"https:\/\/www.posk.se\/rada\/#website","url":"https:\/\/www.posk.se\/rada\/","name":"R\u00e5da","description":"POSK-grupp i G\u00f6teborgs stift","potentialAction":[{"@type":"SearchAction","target":{"@type":"EntryPoint","urlTemplate":"https:\/\/www.posk.se\/rada\/?s={search_term_string}"},"query-input":{"@type":"PropertyValueSpecification","valueRequired":true,"valueName":"search_term_string"}}],"inLanguage":"sv-SE"}]}},"_links":{"self":[{"href":"https:\/\/www.posk.se\/rada\/wp-json\/wp\/v2\/pages\/263","targetHints":{"allow":["GET"]}}],"collection":[{"href":"https:\/\/www.posk.se\/rada\/wp-json\/wp\/v2\/pages"}],"about":[{"href":"https:\/\/www.posk.se\/rada\/wp-json\/wp\/v2\/types\/page"}],"author":[{"embeddable":true,"href":"https:\/\/www.posk.se\/rada\/wp-json\/wp\/v2\/users\/155"}],"replies":[{"embeddable":true,"href":"https:\/\/www.posk.se\/rada\/wp-json\/wp\/v2\/comments?post=263"}],"version-history":[{"count":4,"href":"https:\/\/www.posk.se\/rada\/wp-json\/wp\/v2\/pages\/263\/revisions"}],"predecessor-version":[{"id":267,"href":"https:\/\/www.posk.se\/rada\/wp-json\/wp\/v2\/pages\/263\/revisions\/267"}],"wp:attachment":[{"href":"https:\/\/www.posk.se\/rada\/wp-json\/wp\/v2\/media?parent=263"}],"curies":[{"name":"wp","href":"https:\/\/api.w.org\/{rel}","templated":true}]}}

Styrelse, kyrkofullmäktige och kyrkoråd

<h4>Styrelseledamöter 2025</h4>
<p>Karin Lagerström, ordförande POSK i Råda församling</p>
<p>Hans Hofflander</p>
<p>Gunnar Mårtenssson</p>
<p>Hanna Rohdin</p>
<p>Jenny Ljungberg</p>
<p>Thomas Edman</p>
<h4>Representanter mandatperioden 2022-2025</h4>
<h5>POSKs representanter i Råda församlings kyrkofullmäktige:</h5>
<p>Karin Lagerström ( vice ordförande), Jenny Ljungberg, Gunnar Mårtensson, Björn Rödsta, Birgitta Karlsson, Jan-Olof Karlsson, Henrik Sahlin, Hans Hofflander, Katarina Allander, Håkan Larsson, Ingela Schortz, Lars Ljungberg, Pernilla Mårtensson, Anita Henriksson</p>
<h4>POSKs representanter i kyrkorådet:</h4>
<p>LEDAMÖTER: Jenny Ljungberg (ordförande), Karin Lagerström, Gunnar Mårtensson, Björn Rödstad, Henrik Sahlin</p>
<p>ERSÄTTARE: Hans Hofflander, Birgitta Karlsson, Jan-Olof Karlsson</p>
<p>Kontakt: karin.lagerstrom@gmail.com</p>
<p>&nbsp;</p>
<p>&nbsp;</p>
<p>&nbsp;</p>

<p>Styrelseledamöter 2025 Karin Lagerström, ordförande POSK i Råda församling Hans Hofflander Gunnar Mårtenssson Hanna Rohdin Jenny Ljungberg Thomas Edman Representanter mandatperioden 2022-2025 POSKs representanter i Råda församlings kyrkofullmäktige: Karin Lagerström ( vice ordförande), Jenny Ljungberg, Gunnar Mårtensson, Björn Rödsta, Birgitta Karlsson, Jan-Olof Karlsson, Henrik Sahlin, Hans Hofflander, Katarina Allander, Håkan Larsson, Ingela Schortz, Lars Ljungberg, [&hellip;]</p>

<!-- This site is optimized with the Yoast SEO plugin v24.9 - https://yoast.com/wordpress/plugins/seo/ -->
<title>Styrelse, kyrkofullmäktige och kyrkoråd - Råda</title>
<meta name="robots" content="index, follow, max-snippet:-1, max-image-preview:large, max-video-preview:-1" />
<link rel="canonical" href="https://www.posk.se/rada/styrelse-kyrkofullmaktige-och-kyrkorad/" />
<meta property="og:locale" content="sv_SE" />
<meta property="og:type" content="article" />
<meta property="og:title" content="Styrelse, kyrkofullmäktige och kyrkoråd - Råda" />
<meta property="og:description" content="Styrelseledamöter 2025 Karin Lagerström, ordförande POSK i Råda församling Hans Hofflander Gunnar Mårtenssson Hanna Rohdin Jenny Ljungberg Thomas Edman Representanter mandatperioden 2022-2025 POSKs representanter i Råda församlings kyrkofullmäktige: Karin Lagerström ( vice ordförande), Jenny Ljungberg, Gunnar Mårtensson, Björn Rödsta, Birgitta Karlsson, Jan-Olof Karlsson, Henrik Sahlin, Hans Hofflander, Katarina Allander, Håkan Larsson, Ingela Schortz, Lars Ljungberg, [&hellip;]" />
<meta property="og:url" content="https://www.posk.se/rada/styrelse-kyrkofullmaktige-och-kyrkorad/" />
<meta property="og:site_name" content="Råda" />
<meta name="twitter:card" content="summary_large_image" />
<meta name="twitter:label1" content="Beräknad lästid" />
	<meta name="twitter:data1" content="1 minut" />
<script type="application/ld+json" class="yoast-schema-graph">{"@context":"https://schema.org","@graph":[{"@type":"WebPage","@id":"https://www.posk.se/rada/styrelse-kyrkofullmaktige-och-kyrkorad/","url":"https://www.posk.se/rada/styrelse-kyrkofullmaktige-och-kyrkorad/","name":"Styrelse, kyrkofullmäktige och kyrkoråd - Råda","isPartOf":{"@id":"https://www.posk.se/rada/#website"},"datePublished":"2025-09-10T16:42:44+00:00","breadcrumb":{"@id":"https://www.posk.se/rada/styrelse-kyrkofullmaktige-och-kyrkorad/#breadcrumb"},"inLanguage":"sv-SE","potentialAction":[{"@type":"ReadAction","target":["https://www.posk.se/rada/styrelse-kyrkofullmaktige-och-kyrkorad/"]}]},{"@type":"BreadcrumbList","@id":"https://www.posk.se/rada/styrelse-kyrkofullmaktige-och-kyrkorad/#breadcrumb","itemListElement":[{"@type":"ListItem","position":1,"name":"Hem","item":"https://www.posk.se/rada/"},{"@type":"ListItem","position":2,"name":"Styrelse, kyrkofullmäktige och kyrkoråd"}]},{"@type":"WebSite","@id":"https://www.posk.se/rada/#website","url":"https://www.posk.se/rada/","name":"Råda","description":"POSK-grupp i Göteborgs stift","potentialAction":[{"@type":"SearchAction","target":{"@type":"EntryPoint","urlTemplate":"https://www.posk.se/rada/?s={search_term_string}"},"query-input":{"@type":"PropertyValueSpecification","valueRequired":true,"valueName":"search_term_string"}}],"inLanguage":"sv-SE"}]}</script>
<!-- / Yoast SEO plugin. -->

Styrelse, kyrkofullmäktige och kyrkoråd - Råda

Styrelseledamöter 2025 Karin Lagerström, ordförande POSK i Råda församling Hans Hofflander Gunnar Mårtenssson Hanna Rohdin Jenny Ljungberg Thomas Edman Representanter mandatperioden 2022-2025 POSKs representanter i Råda församlings kyrkofullmäktige: Karin Lagerström ( vice ordförande), Jenny Ljungberg, Gunnar Mårtensson, Björn Rödsta, Birgitta Karlsson, Jan-Olof Karlsson, Henrik Sahlin, Hans Hofflander, Katarina Allander, Håkan Larsson, Ingela Schortz, Lars Ljungberg, [&hellip;]

Råda

POSK-grupp i Göteborgs stift
