{"id":59,"date":"2021-08-15T10:49:42","date_gmt":"2021-08-15T08:49:42","guid":{"rendered":"https:\/\/www.posk.se\/pitea\/?page_id=59"},"modified":"2025-08-14T13:58:55","modified_gmt":"2025-08-14T11:58:55","slug":"posk-i-pitea-forsamling","status":"publish","type":"page","link":"https:\/\/www.posk.se\/pitea\/posk-i-pitea-forsamling\/","title":{"rendered":"POSK i Pite\u00e5 f\u00f6rsamling"},"content":{"rendered":"<h2><span style=\"color: #800000\">DETTA \u00c4R POSK<\/span><\/h2>\n<ul>\n<li>Partipolitiskt obundna i Svenska kyrkan finns till f\u00f6r dem som vill ta ansvar som f\u00f6rtroendevalda i Svenska kyrkan utan att knyta det engagemanget till ett parti.<\/li>\n<li>V\u00e5ra kandidater har en f\u00f6rankring i den lokala gudstj\u00e4nst- och f\u00f6rsamlingsgemenskapen som grund f\u00f6r att vilja st\u00e4lla upp som f\u00f6rtroendevalda.<\/li>\n<li>POSK verkar f\u00f6r att partiernas inflytande \u00f6ver Svenska kyrkan ska upph\u00f6ra. Vi v\u00e4lkomnar att m\u00e4nniskor engagerar sig som f\u00f6rtroendevalda i obundna grupper inom Svenska kyrkan.<\/li>\n<li>Vi st\u00e4ller upp f\u00f6r val i hela landet till alla niv\u00e5er inom Svenska kyrkan.<\/li>\n<\/ul>\n<p>&nbsp;<\/p>\n<h2><span style=\"color: #800000\">PROGRAM<\/span><\/h2>\n<p>POSK har ett brett program som behandlar m\u00e5nga aspekter av Svenska kyrkans verksamhet och vad vi vill.<\/p>\n<p>POSK \u00e4r en stark r\u00f6st f\u00f6r en kyrka fri fr\u00e5n partipolitik. En kyrka d\u00e4r engagemanget f\u00f6r kyrkan styr, och inte de allm\u00e4npolitiska \u00e5sikterna. En kyrka d\u00e4r vi gl\u00e4ds \u00f6ver m\u00e5ngfalden, m\u00f6ter varandra med respekt och talar tydligt om Jesus Kristus.<\/p>\n<p>POSK vill f\u00f6r\u00e4ndra valsystemet s\u00e5 att det blir enklare och billigare och b\u00e4ttre motsvarar den kyrkosyn som Svenska kyrkan har. Ledam\u00f6ter till stiftsfullm\u00e4ktige och kyrkom\u00f6tet ska v\u00e4ljas i indirekta val och representera sina f\u00f6rsamlingar.<\/p>\n<p>&nbsp;<\/p>\n<h2><span style=\"color: #800000\">VISION<\/span><\/h2>\n<p>POSKs vision \u00e4r att Svenska kyrkan ska vara en gemenskap som speglar Guds vilja i gudstj\u00e4nst och liv och som talar tydligt om Jesus Kristus.<\/p>\n<p>POSK vill se visionen f\u00f6rverkligad genom att Svenska kyrkan<\/p>\n<ul>\n<li>f\u00f6rmedlar befrielse, hopp och livsmod<\/li>\n<li>ger n\u00e4rvaro, gemenskap och m\u00f6jlighet att v\u00e4xa i tro<\/li>\n<li>ser och tar vara p\u00e5 varje m\u00e4nniska som en g\u00e5va i f\u00f6rsamlingens liv<\/li>\n<li>respekterar individen och gl\u00e4ds \u00e5t m\u00e5ngfalden<\/li>\n<li>\u00e4r en tydlig r\u00f6st i samh\u00e4llet och visar p\u00e5 ett liv i r\u00e4ttvisa och frihet<\/li>\n<li>f\u00f6renklar sin organisation och struktur s\u00e5 att de b\u00e4ttre fr\u00e4mjar kyrkans uppdrag<\/li>\n<li>\u00e4r en brobyggare mellan olika kyrkliga traditioner och mellan kristna kyrkor<\/li>\n<li>str\u00e4var efter en sann och \u00f6ppen dialog mellan m\u00e4nniskor av olika tro<\/li>\n<\/ul>\n<p>&nbsp;<\/p>\n<p>&nbsp;<\/p>\n<p>&nbsp;<\/p>\n","protected":false},"excerpt":{"rendered":"<p>DETTA \u00c4R POSK Partipolitiskt obundna i Svenska kyrkan finns till f\u00f6r dem som vill ta ansvar som f\u00f6rtroendevalda i Svenska kyrkan utan att knyta det engagemanget till ett parti. V\u00e5ra kandidater har en f\u00f6rankring i den lokala gudstj\u00e4nst- och f\u00f6rsamlingsgemenskapen som grund f\u00f6r att vilja st\u00e4lla upp som f\u00f6rtroendevalda. POSK verkar f\u00f6r att partiernas inflytande [&hellip;]<\/p>\n","protected":false},"author":1621,"featured_media":0,"parent":0,"menu_order":0,"comment_status":"closed","ping_status":"closed","template":"page-templates\/page-sidebar-left.php","meta":{"_acf_changed":false,"footnotes":""},"class_list":["post-59","page","type-page","status-publish","hentry"],"acf":[],"yoast_head":"<!-- This site is optimized with the Yoast SEO plugin v24.9 - https:\/\/yoast.com\/wordpress\/plugins\/seo\/ -->\n<title>POSK i Pite\u00e5 f\u00f6rsamling - Pite\u00e5<\/title>\n<meta name=\"robots\" content=\"index, follow, max-snippet:-1, max-image-preview:large, max-video-preview:-1\" \/>\n<link rel=\"canonical\" href=\"https:\/\/www.posk.se\/pitea\/posk-i-pitea-forsamling\/\" \/>\n<meta property=\"og:locale\" content=\"sv_SE\" \/>\n<meta property=\"og:type\" content=\"article\" \/>\n<meta property=\"og:title\" content=\"POSK i Pite\u00e5 f\u00f6rsamling - Pite\u00e5\" \/>\n<meta property=\"og:description\" content=\"DETTA \u00c4R POSK Partipolitiskt obundna i Svenska kyrkan finns till f\u00f6r dem som vill ta ansvar som f\u00f6rtroendevalda i Svenska kyrkan utan att knyta det engagemanget till ett parti. V\u00e5ra kandidater har en f\u00f6rankring i den lokala gudstj\u00e4nst- och f\u00f6rsamlingsgemenskapen som grund f\u00f6r att vilja st\u00e4lla upp som f\u00f6rtroendevalda. POSK verkar f\u00f6r att partiernas inflytande [&hellip;]\" \/>\n<meta property=\"og:url\" content=\"https:\/\/www.posk.se\/pitea\/posk-i-pitea-forsamling\/\" \/>\n<meta property=\"og:site_name\" content=\"Pite\u00e5\" \/>\n<meta property=\"article:modified_time\" content=\"2025-08-14T11:58:55+00:00\" \/>\n<meta name=\"twitter:card\" content=\"summary_large_image\" \/>\n<meta name=\"twitter:label1\" content=\"Ber\u00e4knad l\u00e4stid\" \/>\n\t<meta name=\"twitter:data1\" content=\"2 minuter\" \/>\n<script type=\"application\/ld+json\" class=\"yoast-schema-graph\">{\"@context\":\"https:\/\/schema.org\",\"@graph\":[{\"@type\":\"WebPage\",\"@id\":\"https:\/\/www.posk.se\/pitea\/posk-i-pitea-forsamling\/\",\"url\":\"https:\/\/www.posk.se\/pitea\/posk-i-pitea-forsamling\/\",\"name\":\"POSK i Pite\u00e5 f\u00f6rsamling - Pite\u00e5\",\"isPartOf\":{\"@id\":\"https:\/\/www.posk.se\/pitea\/#website\"},\"datePublished\":\"2021-08-15T08:49:42+00:00\",\"dateModified\":\"2025-08-14T11:58:55+00:00\",\"breadcrumb\":{\"@id\":\"https:\/\/www.posk.se\/pitea\/posk-i-pitea-forsamling\/#breadcrumb\"},\"inLanguage\":\"sv-SE\",\"potentialAction\":[{\"@type\":\"ReadAction\",\"target\":[\"https:\/\/www.posk.se\/pitea\/posk-i-pitea-forsamling\/\"]}]},{\"@type\":\"BreadcrumbList\",\"@id\":\"https:\/\/www.posk.se\/pitea\/posk-i-pitea-forsamling\/#breadcrumb\",\"itemListElement\":[{\"@type\":\"ListItem\",\"position\":1,\"name\":\"Hem\",\"item\":\"https:\/\/www.posk.se\/pitea\/\"},{\"@type\":\"ListItem\",\"position\":2,\"name\":\"POSK i Pite\u00e5 f\u00f6rsamling\"}]},{\"@type\":\"WebSite\",\"@id\":\"https:\/\/www.posk.se\/pitea\/#website\",\"url\":\"https:\/\/www.posk.se\/pitea\/\",\"name\":\"Pite\u00e5\",\"description\":\"POSK-grupp i Lule\u00e5 stift\",\"potentialAction\":[{\"@type\":\"SearchAction\",\"target\":{\"@type\":\"EntryPoint\",\"urlTemplate\":\"https:\/\/www.posk.se\/pitea\/?s={search_term_string}\"},\"query-input\":{\"@type\":\"PropertyValueSpecification\",\"valueRequired\":true,\"valueName\":\"search_term_string\"}}],\"inLanguage\":\"sv-SE\"}]}<\/script>\n<!-- \/ Yoast SEO plugin. -->","yoast_head_json":{"title":"POSK i Pite\u00e5 f\u00f6rsamling - Pite\u00e5","robots":{"index":"index","follow":"follow","max-snippet":"max-snippet:-1","max-image-preview":"max-image-preview:large","max-video-preview":"max-video-preview:-1"},"canonical":"https:\/\/www.posk.se\/pitea\/posk-i-pitea-forsamling\/","og_locale":"sv_SE","og_type":"article","og_title":"POSK i Pite\u00e5 f\u00f6rsamling - Pite\u00e5","og_description":"DETTA \u00c4R POSK Partipolitiskt obundna i Svenska kyrkan finns till f\u00f6r dem som vill ta ansvar som f\u00f6rtroendevalda i Svenska kyrkan utan att knyta det engagemanget till ett parti. V\u00e5ra kandidater har en f\u00f6rankring i den lokala gudstj\u00e4nst- och f\u00f6rsamlingsgemenskapen som grund f\u00f6r att vilja st\u00e4lla upp som f\u00f6rtroendevalda. POSK verkar f\u00f6r att partiernas inflytande [&hellip;]","og_url":"https:\/\/www.posk.se\/pitea\/posk-i-pitea-forsamling\/","og_site_name":"Pite\u00e5","article_modified_time":"2025-08-14T11:58:55+00:00","twitter_card":"summary_large_image","twitter_misc":{"Ber\u00e4knad l\u00e4stid":"2 minuter"},"schema":{"@context":"https:\/\/schema.org","@graph":[{"@type":"WebPage","@id":"https:\/\/www.posk.se\/pitea\/posk-i-pitea-forsamling\/","url":"https:\/\/www.posk.se\/pitea\/posk-i-pitea-forsamling\/","name":"POSK i Pite\u00e5 f\u00f6rsamling - Pite\u00e5","isPartOf":{"@id":"https:\/\/www.posk.se\/pitea\/#website"},"datePublished":"2021-08-15T08:49:42+00:00","dateModified":"2025-08-14T11:58:55+00:00","breadcrumb":{"@id":"https:\/\/www.posk.se\/pitea\/posk-i-pitea-forsamling\/#breadcrumb"},"inLanguage":"sv-SE","potentialAction":[{"@type":"ReadAction","target":["https:\/\/www.posk.se\/pitea\/posk-i-pitea-forsamling\/"]}]},{"@type":"BreadcrumbList","@id":"https:\/\/www.posk.se\/pitea\/posk-i-pitea-forsamling\/#breadcrumb","itemListElement":[{"@type":"ListItem","position":1,"name":"Hem","item":"https:\/\/www.posk.se\/pitea\/"},{"@type":"ListItem","position":2,"name":"POSK i Pite\u00e5 f\u00f6rsamling"}]},{"@type":"WebSite","@id":"https:\/\/www.posk.se\/pitea\/#website","url":"https:\/\/www.posk.se\/pitea\/","name":"Pite\u00e5","description":"POSK-grupp i Lule\u00e5 stift","potentialAction":[{"@type":"SearchAction","target":{"@type":"EntryPoint","urlTemplate":"https:\/\/www.posk.se\/pitea\/?s={search_term_string}"},"query-input":{"@type":"PropertyValueSpecification","valueRequired":true,"valueName":"search_term_string"}}],"inLanguage":"sv-SE"}]}},"_links":{"self":[{"href":"https:\/\/www.posk.se\/pitea\/wp-json\/wp\/v2\/pages\/59","targetHints":{"allow":["GET"]}}],"collection":[{"href":"https:\/\/www.posk.se\/pitea\/wp-json\/wp\/v2\/pages"}],"about":[{"href":"https:\/\/www.posk.se\/pitea\/wp-json\/wp\/v2\/types\/page"}],"author":[{"embeddable":true,"href":"https:\/\/www.posk.se\/pitea\/wp-json\/wp\/v2\/users\/1621"}],"replies":[{"embeddable":true,"href":"https:\/\/www.posk.se\/pitea\/wp-json\/wp\/v2\/comments?post=59"}],"version-history":[{"count":11,"href":"https:\/\/www.posk.se\/pitea\/wp-json\/wp\/v2\/pages\/59\/revisions"}],"predecessor-version":[{"id":83,"href":"https:\/\/www.posk.se\/pitea\/wp-json\/wp\/v2\/pages\/59\/revisions\/83"}],"wp:attachment":[{"href":"https:\/\/www.posk.se\/pitea\/wp-json\/wp\/v2\/media?parent=59"}],"curies":[{"name":"wp","href":"https:\/\/api.w.org\/{rel}","templated":true}]}}