{"id":92,"date":"2017-03-18T15:55:53","date_gmt":"2017-03-18T14:55:53","guid":{"rendered":"https:\/\/www.posk.se\/osteraker\/?page_id=92"},"modified":"2021-07-31T22:35:46","modified_gmt":"2021-07-31T20:35:46","slug":"lankar","status":"publish","type":"page","link":"https:\/\/www.posk.se\/osteraker\/lankar\/","title":{"rendered":"L\u00e4nkar"},"content":{"rendered":"<p>H\u00e4r \u00e4r l\u00e4nkar till andra\u00a0webbplaster som kan vara av intresse<\/p>\n<ul>\n<li><a href=\"https:\/\/www.svenskakyrkan.se\/osteraker\" target=\"_blank\" rel=\"noopener\">\u00d6ster\u00e5kers pastorat<\/a><\/li>\n<li><a href=\"https:\/\/www.svenskakyrkan.se\/osteraker\/osteraker-ostra-ryds-forsamling\" target=\"_blank\" rel=\"noopener noreferrer\">\u00d6ster\u00e5ker-\u00d6stra Ryds f\u00f6rsamling<\/a><\/li>\n<li><a href=\"http:\/\/www.ljustero-kullaforsamling.se\/\" target=\"_blank\" rel=\"noopener noreferrer\">Ljuster\u00f6-Kulla F\u00f6rsamling<\/a><\/li>\n<li><a href=\"https:\/\/www.posk.se\/\" target=\"_blank\" rel=\"noopener noreferrer\">POSK Riksf\u00f6rening<\/a><\/li>\n<li><a href=\"https:\/\/www.posk.se\/stockholmsstift\/\" target=\"_blank\" rel=\"noopener noreferrer\">POSK Stockholms stift<\/a><\/li>\n<li><a href=\"https:\/\/www.svenskakyrkan.se\/\" target=\"_blank\" rel=\"noopener noreferrer\">Svenska kyrkan<\/a><\/li>\n<li><a href=\"http:\/\/www.osteraker.se\/\" target=\"_blank\" rel=\"noopener\">\u00d6ster\u00e5kers kommun<\/a><\/li>\n<\/ul>\n<p>Sociala medier \u00a0<img loading=\"lazy\" decoding=\"async\" class=\"alignnone wp-image-363\" src=\"https:\/\/www.posk.se\/osteraker\/wp-content\/uploads\/sites\/141\/2016\/07\/sociala-loggor-300x90.png\" alt=\"\" width=\"80\" height=\"24\" srcset=\"https:\/\/www.posk.se\/osteraker\/wp-content\/uploads\/sites\/141\/2016\/07\/sociala-loggor-300x90.png 300w, https:\/\/www.posk.se\/osteraker\/wp-content\/uploads\/sites\/141\/2016\/07\/sociala-loggor.png 307w\" sizes=\"auto, (max-width: 80px) 100vw, 80px\" \/>\u00a0 \u00a0<span style=\"color: #0000ff\">#POSK i \u00d6ster\u00e5ker<\/span><\/p>\n<ul>\n<li><strong><span style=\"color: #0000ff\"><a href=\"https:\/\/www.facebook.com\/groups\/782144081947953\/\" target=\"_blank\" rel=\"noopener\">FaceBook<\/a><\/span><\/strong><\/li>\n<li><strong><span style=\"color: #0000ff\"><a href=\"https:\/\/twitter.com\/POSK_Osteraker?lang=sv\" target=\"_blank\" rel=\"noopener\">Twitter<\/a><\/span><\/strong><\/li>\n<li><strong><span style=\"color: #0000ff\"><a href=\"https:\/\/www.linkedin.com\/company-beta\/24995714\/\" target=\"_blank\" rel=\"noopener\">LinkedIn<\/a><\/span><\/strong><\/li>\n<\/ul>\n<p>&nbsp;<\/p>\n","protected":false},"excerpt":{"rendered":"<p>H\u00e4r \u00e4r l\u00e4nkar till andra\u00a0webbplaster som kan vara av intresse \u00d6ster\u00e5kers pastorat \u00d6ster\u00e5ker-\u00d6stra Ryds f\u00f6rsamling Ljuster\u00f6-Kulla F\u00f6rsamling POSK Riksf\u00f6rening POSK Stockholms stift Svenska kyrkan \u00d6ster\u00e5kers kommun Sociala medier \u00a0\u00a0 \u00a0#POSK i \u00d6ster\u00e5ker FaceBook Twitter LinkedIn &nbsp;<\/p>\n","protected":false},"author":117,"featured_media":410,"parent":0,"menu_order":10,"comment_status":"closed","ping_status":"closed","template":"page-templates\/page-sidebar-left.php","meta":{"_acf_changed":false,"footnotes":""},"class_list":["post-92","page","type-page","status-publish","has-post-thumbnail","hentry"],"acf":[],"yoast_head":"<!-- This site is optimized with the Yoast SEO plugin v24.9 - https:\/\/yoast.com\/wordpress\/plugins\/seo\/ -->\n<title>L\u00e4nkar - \u00d6ster\u00e5ker<\/title>\n<meta name=\"robots\" content=\"index, follow, max-snippet:-1, max-image-preview:large, max-video-preview:-1\" \/>\n<link rel=\"canonical\" href=\"https:\/\/www.posk.se\/osteraker\/lankar\/\" \/>\n<meta property=\"og:locale\" content=\"sv_SE\" \/>\n<meta property=\"og:type\" content=\"article\" \/>\n<meta property=\"og:title\" content=\"L\u00e4nkar - \u00d6ster\u00e5ker\" \/>\n<meta property=\"og:description\" content=\"H\u00e4r \u00e4r l\u00e4nkar till andra\u00a0webbplaster som kan vara av intresse \u00d6ster\u00e5kers pastorat \u00d6ster\u00e5ker-\u00d6stra Ryds f\u00f6rsamling Ljuster\u00f6-Kulla F\u00f6rsamling POSK Riksf\u00f6rening POSK Stockholms stift Svenska kyrkan \u00d6ster\u00e5kers kommun Sociala medier \u00a0\u00a0 \u00a0#POSK i \u00d6ster\u00e5ker FaceBook Twitter LinkedIn &nbsp;\" \/>\n<meta property=\"og:url\" content=\"https:\/\/www.posk.se\/osteraker\/lankar\/\" \/>\n<meta property=\"og:site_name\" content=\"\u00d6ster\u00e5ker\" \/>\n<meta property=\"article:modified_time\" content=\"2021-07-31T20:35:46+00:00\" \/>\n<meta property=\"og:image\" content=\"https:\/\/www.posk.se\/osteraker\/wp-content\/uploads\/sites\/141\/2017\/03\/hafsbandet-1600-x-400.jpg\" \/>\n\t<meta property=\"og:image:width\" content=\"1600\" \/>\n\t<meta property=\"og:image:height\" content=\"400\" \/>\n\t<meta property=\"og:image:type\" content=\"image\/jpeg\" \/>\n<meta name=\"twitter:card\" content=\"summary_large_image\" \/>\n<meta name=\"twitter:label1\" content=\"Ber\u00e4knad l\u00e4stid\" \/>\n\t<meta name=\"twitter:data1\" content=\"1 minut\" \/>\n<script type=\"application\/ld+json\" class=\"yoast-schema-graph\">{\"@context\":\"https:\/\/schema.org\",\"@graph\":[{\"@type\":\"WebPage\",\"@id\":\"https:\/\/www.posk.se\/osteraker\/lankar\/\",\"url\":\"https:\/\/www.posk.se\/osteraker\/lankar\/\",\"name\":\"L\u00e4nkar - \u00d6ster\u00e5ker\",\"isPartOf\":{\"@id\":\"https:\/\/www.posk.se\/osteraker\/#website\"},\"primaryImageOfPage\":{\"@id\":\"https:\/\/www.posk.se\/osteraker\/lankar\/#primaryimage\"},\"image\":{\"@id\":\"https:\/\/www.posk.se\/osteraker\/lankar\/#primaryimage\"},\"thumbnailUrl\":\"https:\/\/www.posk.se\/osteraker\/wp-content\/uploads\/sites\/141\/2017\/03\/hafsbandet-1600-x-400.jpg\",\"datePublished\":\"2017-03-18T14:55:53+00:00\",\"dateModified\":\"2021-07-31T20:35:46+00:00\",\"breadcrumb\":{\"@id\":\"https:\/\/www.posk.se\/osteraker\/lankar\/#breadcrumb\"},\"inLanguage\":\"sv-SE\",\"potentialAction\":[{\"@type\":\"ReadAction\",\"target\":[\"https:\/\/www.posk.se\/osteraker\/lankar\/\"]}]},{\"@type\":\"ImageObject\",\"inLanguage\":\"sv-SE\",\"@id\":\"https:\/\/www.posk.se\/osteraker\/lankar\/#primaryimage\",\"url\":\"https:\/\/www.posk.se\/osteraker\/wp-content\/uploads\/sites\/141\/2017\/03\/hafsbandet-1600-x-400.jpg\",\"contentUrl\":\"https:\/\/www.posk.se\/osteraker\/wp-content\/uploads\/sites\/141\/2017\/03\/hafsbandet-1600-x-400.jpg\",\"width\":1600,\"height\":400},{\"@type\":\"BreadcrumbList\",\"@id\":\"https:\/\/www.posk.se\/osteraker\/lankar\/#breadcrumb\",\"itemListElement\":[{\"@type\":\"ListItem\",\"position\":1,\"name\":\"Hem\",\"item\":\"https:\/\/www.posk.se\/osteraker\/\"},{\"@type\":\"ListItem\",\"position\":2,\"name\":\"L\u00e4nkar\"}]},{\"@type\":\"WebSite\",\"@id\":\"https:\/\/www.posk.se\/osteraker\/#website\",\"url\":\"https:\/\/www.posk.se\/osteraker\/\",\"name\":\"\u00d6ster\u00e5ker\",\"description\":\"POSK-grupp i Stockholms stift\",\"potentialAction\":[{\"@type\":\"SearchAction\",\"target\":{\"@type\":\"EntryPoint\",\"urlTemplate\":\"https:\/\/www.posk.se\/osteraker\/?s={search_term_string}\"},\"query-input\":{\"@type\":\"PropertyValueSpecification\",\"valueRequired\":true,\"valueName\":\"search_term_string\"}}],\"inLanguage\":\"sv-SE\"}]}<\/script>\n<!-- \/ Yoast SEO plugin. -->","yoast_head_json":{"title":"L\u00e4nkar - \u00d6ster\u00e5ker","robots":{"index":"index","follow":"follow","max-snippet":"max-snippet:-1","max-image-preview":"max-image-preview:large","max-video-preview":"max-video-preview:-1"},"canonical":"https:\/\/www.posk.se\/osteraker\/lankar\/","og_locale":"sv_SE","og_type":"article","og_title":"L\u00e4nkar - \u00d6ster\u00e5ker","og_description":"H\u00e4r \u00e4r l\u00e4nkar till andra\u00a0webbplaster som kan vara av intresse \u00d6ster\u00e5kers pastorat \u00d6ster\u00e5ker-\u00d6stra Ryds f\u00f6rsamling Ljuster\u00f6-Kulla F\u00f6rsamling POSK Riksf\u00f6rening POSK Stockholms stift Svenska kyrkan \u00d6ster\u00e5kers kommun Sociala medier \u00a0\u00a0 \u00a0#POSK i \u00d6ster\u00e5ker FaceBook Twitter LinkedIn &nbsp;","og_url":"https:\/\/www.posk.se\/osteraker\/lankar\/","og_site_name":"\u00d6ster\u00e5ker","article_modified_time":"2021-07-31T20:35:46+00:00","og_image":[{"width":1600,"height":400,"url":"https:\/\/www.posk.se\/osteraker\/wp-content\/uploads\/sites\/141\/2017\/03\/hafsbandet-1600-x-400.jpg","type":"image\/jpeg"}],"twitter_card":"summary_large_image","twitter_misc":{"Ber\u00e4knad l\u00e4stid":"1 minut"},"schema":{"@context":"https:\/\/schema.org","@graph":[{"@type":"WebPage","@id":"https:\/\/www.posk.se\/osteraker\/lankar\/","url":"https:\/\/www.posk.se\/osteraker\/lankar\/","name":"L\u00e4nkar - \u00d6ster\u00e5ker","isPartOf":{"@id":"https:\/\/www.posk.se\/osteraker\/#website"},"primaryImageOfPage":{"@id":"https:\/\/www.posk.se\/osteraker\/lankar\/#primaryimage"},"image":{"@id":"https:\/\/www.posk.se\/osteraker\/lankar\/#primaryimage"},"thumbnailUrl":"https:\/\/www.posk.se\/osteraker\/wp-content\/uploads\/sites\/141\/2017\/03\/hafsbandet-1600-x-400.jpg","datePublished":"2017-03-18T14:55:53+00:00","dateModified":"2021-07-31T20:35:46+00:00","breadcrumb":{"@id":"https:\/\/www.posk.se\/osteraker\/lankar\/#breadcrumb"},"inLanguage":"sv-SE","potentialAction":[{"@type":"ReadAction","target":["https:\/\/www.posk.se\/osteraker\/lankar\/"]}]},{"@type":"ImageObject","inLanguage":"sv-SE","@id":"https:\/\/www.posk.se\/osteraker\/lankar\/#primaryimage","url":"https:\/\/www.posk.se\/osteraker\/wp-content\/uploads\/sites\/141\/2017\/03\/hafsbandet-1600-x-400.jpg","contentUrl":"https:\/\/www.posk.se\/osteraker\/wp-content\/uploads\/sites\/141\/2017\/03\/hafsbandet-1600-x-400.jpg","width":1600,"height":400},{"@type":"BreadcrumbList","@id":"https:\/\/www.posk.se\/osteraker\/lankar\/#breadcrumb","itemListElement":[{"@type":"ListItem","position":1,"name":"Hem","item":"https:\/\/www.posk.se\/osteraker\/"},{"@type":"ListItem","position":2,"name":"L\u00e4nkar"}]},{"@type":"WebSite","@id":"https:\/\/www.posk.se\/osteraker\/#website","url":"https:\/\/www.posk.se\/osteraker\/","name":"\u00d6ster\u00e5ker","description":"POSK-grupp i Stockholms stift","potentialAction":[{"@type":"SearchAction","target":{"@type":"EntryPoint","urlTemplate":"https:\/\/www.posk.se\/osteraker\/?s={search_term_string}"},"query-input":{"@type":"PropertyValueSpecification","valueRequired":true,"valueName":"search_term_string"}}],"inLanguage":"sv-SE"}]}},"_links":{"self":[{"href":"https:\/\/www.posk.se\/osteraker\/wp-json\/wp\/v2\/pages\/92","targetHints":{"allow":["GET"]}}],"collection":[{"href":"https:\/\/www.posk.se\/osteraker\/wp-json\/wp\/v2\/pages"}],"about":[{"href":"https:\/\/www.posk.se\/osteraker\/wp-json\/wp\/v2\/types\/page"}],"author":[{"embeddable":true,"href":"https:\/\/www.posk.se\/osteraker\/wp-json\/wp\/v2\/users\/117"}],"replies":[{"embeddable":true,"href":"https:\/\/www.posk.se\/osteraker\/wp-json\/wp\/v2\/comments?post=92"}],"version-history":[{"count":15,"href":"https:\/\/www.posk.se\/osteraker\/wp-json\/wp\/v2\/pages\/92\/revisions"}],"predecessor-version":[{"id":123,"href":"https:\/\/www.posk.se\/osteraker\/wp-json\/wp\/v2\/pages\/92\/revisions\/123"}],"wp:featuredmedia":[{"embeddable":true,"href":"https:\/\/www.posk.se\/osteraker\/wp-json\/wp\/v2\/media\/410"}],"wp:attachment":[{"href":"https:\/\/www.posk.se\/osteraker\/wp-json\/wp\/v2\/media?parent=92"}],"curies":[{"name":"wp","href":"https:\/\/api.w.org\/{rel}","templated":true}]}}

Länkar

<p>Här är länkar till andra webbplaster som kan vara av intresse</p>
<ul>
<li><a href="https://www.svenskakyrkan.se/osteraker" target="_blank" rel="noopener">Österåkers pastorat</a></li>
<li><a href="https://www.svenskakyrkan.se/osteraker/osteraker-ostra-ryds-forsamling" target="_blank" rel="noopener noreferrer">Österåker-Östra Ryds församling</a></li>
<li><a href="http://www.ljustero-kullaforsamling.se/" target="_blank" rel="noopener noreferrer">Ljusterö-Kulla Församling</a></li>
<li><a href="https://www.posk.se/" target="_blank" rel="noopener noreferrer">POSK Riksförening</a></li>
<li><a href="https://www.posk.se/stockholmsstift/" target="_blank" rel="noopener noreferrer">POSK Stockholms stift</a></li>
<li><a href="https://www.svenskakyrkan.se/" target="_blank" rel="noopener noreferrer">Svenska kyrkan</a></li>
<li><a href="http://www.osteraker.se/" target="_blank" rel="noopener">Österåkers kommun</a></li>
</ul>
<p>Sociala medier  <img loading="lazy" decoding="async" class="alignnone wp-image-363" src="https://www.posk.se/osteraker/wp-content/uploads/sites/141/2016/07/sociala-loggor-300x90.png" alt="" width="80" height="24" srcset="https://www.posk.se/osteraker/wp-content/uploads/sites/141/2016/07/sociala-loggor-300x90.png 300w, https://www.posk.se/osteraker/wp-content/uploads/sites/141/2016/07/sociala-loggor.png 307w" sizes="auto, (max-width: 80px) 100vw, 80px" />   <span style="color: #0000ff">#POSK i Österåker</span></p>
<ul>
<li><strong><span style="color: #0000ff"><a href="https://www.facebook.com/groups/782144081947953/" target="_blank" rel="noopener">FaceBook</a></span></strong></li>
<li><strong><span style="color: #0000ff"><a href="https://twitter.com/POSK_Osteraker?lang=sv" target="_blank" rel="noopener">Twitter</a></span></strong></li>
<li><strong><span style="color: #0000ff"><a href="https://www.linkedin.com/company-beta/24995714/" target="_blank" rel="noopener">LinkedIn</a></span></strong></li>
</ul>
<p>&nbsp;</p>

<p>Här är länkar till andra webbplaster som kan vara av intresse Österåkers pastorat Österåker-Östra Ryds församling Ljusterö-Kulla Församling POSK Riksförening POSK Stockholms stift Svenska kyrkan Österåkers kommun Sociala medier     #POSK i Österåker FaceBook Twitter LinkedIn &nbsp;</p>

<!-- This site is optimized with the Yoast SEO plugin v24.9 - https://yoast.com/wordpress/plugins/seo/ -->
<title>Länkar - Österåker</title>
<meta name="robots" content="index, follow, max-snippet:-1, max-image-preview:large, max-video-preview:-1" />
<link rel="canonical" href="https://www.posk.se/osteraker/lankar/" />
<meta property="og:locale" content="sv_SE" />
<meta property="og:type" content="article" />
<meta property="og:title" content="Länkar - Österåker" />
<meta property="og:description" content="Här är länkar till andra webbplaster som kan vara av intresse Österåkers pastorat Österåker-Östra Ryds församling Ljusterö-Kulla Församling POSK Riksförening POSK Stockholms stift Svenska kyrkan Österåkers kommun Sociala medier     #POSK i Österåker FaceBook Twitter LinkedIn &nbsp;" />
<meta property="og:url" content="https://www.posk.se/osteraker/lankar/" />
<meta property="og:site_name" content="Österåker" />
<meta property="article:modified_time" content="2021-07-31T20:35:46+00:00" />
<meta property="og:image" content="https://www.posk.se/osteraker/wp-content/uploads/sites/141/2017/03/hafsbandet-1600-x-400.jpg" />
	<meta property="og:image:width" content="1600" />
	<meta property="og:image:height" content="400" />
	<meta property="og:image:type" content="image/jpeg" />
<meta name="twitter:card" content="summary_large_image" />
<meta name="twitter:label1" content="Beräknad lästid" />
	<meta name="twitter:data1" content="1 minut" />
<script type="application/ld+json" class="yoast-schema-graph">{"@context":"https://schema.org","@graph":[{"@type":"WebPage","@id":"https://www.posk.se/osteraker/lankar/","url":"https://www.posk.se/osteraker/lankar/","name":"Länkar - Österåker","isPartOf":{"@id":"https://www.posk.se/osteraker/#website"},"primaryImageOfPage":{"@id":"https://www.posk.se/osteraker/lankar/#primaryimage"},"image":{"@id":"https://www.posk.se/osteraker/lankar/#primaryimage"},"thumbnailUrl":"https://www.posk.se/osteraker/wp-content/uploads/sites/141/2017/03/hafsbandet-1600-x-400.jpg","datePublished":"2017-03-18T14:55:53+00:00","dateModified":"2021-07-31T20:35:46+00:00","breadcrumb":{"@id":"https://www.posk.se/osteraker/lankar/#breadcrumb"},"inLanguage":"sv-SE","potentialAction":[{"@type":"ReadAction","target":["https://www.posk.se/osteraker/lankar/"]}]},{"@type":"ImageObject","inLanguage":"sv-SE","@id":"https://www.posk.se/osteraker/lankar/#primaryimage","url":"https://www.posk.se/osteraker/wp-content/uploads/sites/141/2017/03/hafsbandet-1600-x-400.jpg","contentUrl":"https://www.posk.se/osteraker/wp-content/uploads/sites/141/2017/03/hafsbandet-1600-x-400.jpg","width":1600,"height":400},{"@type":"BreadcrumbList","@id":"https://www.posk.se/osteraker/lankar/#breadcrumb","itemListElement":[{"@type":"ListItem","position":1,"name":"Hem","item":"https://www.posk.se/osteraker/"},{"@type":"ListItem","position":2,"name":"Länkar"}]},{"@type":"WebSite","@id":"https://www.posk.se/osteraker/#website","url":"https://www.posk.se/osteraker/","name":"Österåker","description":"POSK-grupp i Stockholms stift","potentialAction":[{"@type":"SearchAction","target":{"@type":"EntryPoint","urlTemplate":"https://www.posk.se/osteraker/?s={search_term_string}"},"query-input":{"@type":"PropertyValueSpecification","valueRequired":true,"valueName":"search_term_string"}}],"inLanguage":"sv-SE"}]}</script>
<!-- / Yoast SEO plugin. -->

Länkar - Österåker

Här är länkar till andra webbplaster som kan vara av intresse Österåkers pastorat Österåker-Östra Ryds församling Ljusterö-Kulla Församling POSK Riksförening POSK Stockholms stift Svenska kyrkan Österåkers kommun Sociala medier     #POSK i Österåker FaceBook Twitter LinkedIn &nbsp;

Österåker
