{"id":622,"date":"2018-09-25T23:41:48","date_gmt":"2018-09-25T21:41:48","guid":{"rendered":"https:\/\/www.posk.se\/osteraker\/?page_id=622"},"modified":"2018-09-25T23:48:12","modified_gmt":"2018-09-25T21:48:12","slug":"vi-vill","status":"publish","type":"page","link":"https:\/\/www.posk.se\/osteraker\/program\/vi-vill\/","title":{"rendered":"Vi vill"},"content":{"rendered":"<p><strong>Vi \u00e4r<\/strong> partipolitiskt obundna.\u00a0 \u00a0 \u00a0 \u00a0 \u00a0 \u00a0 \u00a0 \u00a0 \u00a0 \u00a0 \u00a0 \u00a0 \u00a0 \u00a0 \u00a0 \u00a0 \u00a0 \u00a0 \u00a0 \u00a0 \u00a0 \u00a0 \u00a0 \u00a0 \u00a0 \u00a0\u00a0<img loading=\"lazy\" decoding=\"async\" class=\"alignnone  wp-image-628\" src=\"https:\/\/www.posk.se\/osteraker\/wp-content\/uploads\/sites\/141\/2018\/09\/tro-hopp-o-karlek.jpg\" alt=\"\" width=\"97\" height=\"97\" srcset=\"https:\/\/www.posk.se\/osteraker\/wp-content\/uploads\/sites\/141\/2018\/09\/tro-hopp-o-karlek.jpg 283w, https:\/\/www.posk.se\/osteraker\/wp-content\/uploads\/sites\/141\/2018\/09\/tro-hopp-o-karlek-150x150.jpg 150w, https:\/\/www.posk.se\/osteraker\/wp-content\/uploads\/sites\/141\/2018\/09\/tro-hopp-o-karlek-197x197.jpg 197w\" sizes=\"auto, (max-width: 97px) 100vw, 97px\" \/><\/p>\n<p><strong>Vi arbetar f\u00f6r att<\/strong><\/p>\n<ul>\n<li>varje f\u00f6rsamling ska vara sj\u00e4lvbest\u00e4mmande<\/li>\n<li>f\u00f6renkla valsystemet i Svenska kyrkan<\/li>\n<li>kyrkan ska styras av intresserade och engagerade individer.<\/li>\n<\/ul>\n<p>Vill du\u00a0hj\u00e4lpa till i v\u00e5rt arbete?<\/p>\n<p>Bli medlem \u2013 mejla till\u00a0 <a href=\"mailto:posk.osteraker@gmail.com\" target=\"_blank\" rel=\"noopener\">posk.osteraker@gmail.com<\/a><\/p>\n","protected":false},"excerpt":{"rendered":"<p>Vi \u00e4r partipolitiskt obundna.\u00a0 \u00a0 \u00a0 \u00a0 \u00a0 \u00a0 \u00a0 \u00a0 \u00a0 \u00a0 \u00a0 \u00a0 \u00a0 \u00a0 \u00a0 \u00a0 \u00a0 \u00a0 \u00a0 \u00a0 \u00a0 \u00a0 \u00a0 \u00a0 \u00a0 \u00a0\u00a0 Vi arbetar f\u00f6r att varje f\u00f6rsamling ska vara sj\u00e4lvbest\u00e4mmande f\u00f6renkla valsystemet i Svenska kyrkan kyrkan ska styras av intresserade och engagerade individer. Vill du\u00a0hj\u00e4lpa till i [&hellip;]<\/p>\n","protected":false},"author":117,"featured_media":0,"parent":163,"menu_order":0,"comment_status":"closed","ping_status":"closed","template":"page-templates\/page-sidebar-left.php","meta":{"_acf_changed":false,"footnotes":""},"class_list":["post-622","page","type-page","status-publish","hentry"],"acf":[],"yoast_head":"<!-- This site is optimized with the Yoast SEO plugin v24.9 - https:\/\/yoast.com\/wordpress\/plugins\/seo\/ -->\n<title>Vi vill - \u00d6ster\u00e5ker<\/title>\n<meta name=\"robots\" content=\"index, follow, max-snippet:-1, max-image-preview:large, max-video-preview:-1\" \/>\n<link rel=\"canonical\" href=\"https:\/\/www.posk.se\/osteraker\/program\/vi-vill\/\" \/>\n<meta property=\"og:locale\" content=\"sv_SE\" \/>\n<meta property=\"og:type\" content=\"article\" \/>\n<meta property=\"og:title\" content=\"Vi vill - \u00d6ster\u00e5ker\" \/>\n<meta property=\"og:description\" content=\"Vi \u00e4r partipolitiskt obundna.\u00a0 \u00a0 \u00a0 \u00a0 \u00a0 \u00a0 \u00a0 \u00a0 \u00a0 \u00a0 \u00a0 \u00a0 \u00a0 \u00a0 \u00a0 \u00a0 \u00a0 \u00a0 \u00a0 \u00a0 \u00a0 \u00a0 \u00a0 \u00a0 \u00a0 \u00a0\u00a0 Vi arbetar f\u00f6r att varje f\u00f6rsamling ska vara sj\u00e4lvbest\u00e4mmande f\u00f6renkla valsystemet i Svenska kyrkan kyrkan ska styras av intresserade och engagerade individer. Vill du\u00a0hj\u00e4lpa till i [&hellip;]\" \/>\n<meta property=\"og:url\" content=\"https:\/\/www.posk.se\/osteraker\/program\/vi-vill\/\" \/>\n<meta property=\"og:site_name\" content=\"\u00d6ster\u00e5ker\" \/>\n<meta property=\"article:modified_time\" content=\"2018-09-25T21:48:12+00:00\" \/>\n<meta property=\"og:image\" content=\"https:\/\/www.posk.se\/osteraker\/wp-content\/uploads\/sites\/141\/2018\/09\/tro-hopp-o-karlek.jpg\" \/>\n<meta name=\"twitter:card\" content=\"summary_large_image\" \/>\n<script type=\"application\/ld+json\" class=\"yoast-schema-graph\">{\"@context\":\"https:\/\/schema.org\",\"@graph\":[{\"@type\":\"WebPage\",\"@id\":\"https:\/\/www.posk.se\/osteraker\/program\/vi-vill\/\",\"url\":\"https:\/\/www.posk.se\/osteraker\/program\/vi-vill\/\",\"name\":\"Vi vill - \u00d6ster\u00e5ker\",\"isPartOf\":{\"@id\":\"https:\/\/www.posk.se\/osteraker\/#website\"},\"primaryImageOfPage\":{\"@id\":\"https:\/\/www.posk.se\/osteraker\/program\/vi-vill\/#primaryimage\"},\"image\":{\"@id\":\"https:\/\/www.posk.se\/osteraker\/program\/vi-vill\/#primaryimage\"},\"thumbnailUrl\":\"https:\/\/www.posk.se\/osteraker\/wp-content\/uploads\/sites\/141\/2018\/09\/tro-hopp-o-karlek.jpg\",\"datePublished\":\"2018-09-25T21:41:48+00:00\",\"dateModified\":\"2018-09-25T21:48:12+00:00\",\"breadcrumb\":{\"@id\":\"https:\/\/www.posk.se\/osteraker\/program\/vi-vill\/#breadcrumb\"},\"inLanguage\":\"sv-SE\",\"potentialAction\":[{\"@type\":\"ReadAction\",\"target\":[\"https:\/\/www.posk.se\/osteraker\/program\/vi-vill\/\"]}]},{\"@type\":\"ImageObject\",\"inLanguage\":\"sv-SE\",\"@id\":\"https:\/\/www.posk.se\/osteraker\/program\/vi-vill\/#primaryimage\",\"url\":\"https:\/\/www.posk.se\/osteraker\/wp-content\/uploads\/sites\/141\/2018\/09\/tro-hopp-o-karlek.jpg\",\"contentUrl\":\"https:\/\/www.posk.se\/osteraker\/wp-content\/uploads\/sites\/141\/2018\/09\/tro-hopp-o-karlek.jpg\",\"width\":283,\"height\":283},{\"@type\":\"BreadcrumbList\",\"@id\":\"https:\/\/www.posk.se\/osteraker\/program\/vi-vill\/#breadcrumb\",\"itemListElement\":[{\"@type\":\"ListItem\",\"position\":1,\"name\":\"Hem\",\"item\":\"https:\/\/www.posk.se\/osteraker\/\"},{\"@type\":\"ListItem\",\"position\":2,\"name\":\"Program\",\"item\":\"https:\/\/www.posk.se\/osteraker\/program\/\"},{\"@type\":\"ListItem\",\"position\":3,\"name\":\"Vi vill\"}]},{\"@type\":\"WebSite\",\"@id\":\"https:\/\/www.posk.se\/osteraker\/#website\",\"url\":\"https:\/\/www.posk.se\/osteraker\/\",\"name\":\"\u00d6ster\u00e5ker\",\"description\":\"POSK-grupp i Stockholms stift\",\"potentialAction\":[{\"@type\":\"SearchAction\",\"target\":{\"@type\":\"EntryPoint\",\"urlTemplate\":\"https:\/\/www.posk.se\/osteraker\/?s={search_term_string}\"},\"query-input\":{\"@type\":\"PropertyValueSpecification\",\"valueRequired\":true,\"valueName\":\"search_term_string\"}}],\"inLanguage\":\"sv-SE\"}]}<\/script>\n<!-- \/ Yoast SEO plugin. -->","yoast_head_json":{"title":"Vi vill - \u00d6ster\u00e5ker","robots":{"index":"index","follow":"follow","max-snippet":"max-snippet:-1","max-image-preview":"max-image-preview:large","max-video-preview":"max-video-preview:-1"},"canonical":"https:\/\/www.posk.se\/osteraker\/program\/vi-vill\/","og_locale":"sv_SE","og_type":"article","og_title":"Vi vill - \u00d6ster\u00e5ker","og_description":"Vi \u00e4r partipolitiskt obundna.\u00a0 \u00a0 \u00a0 \u00a0 \u00a0 \u00a0 \u00a0 \u00a0 \u00a0 \u00a0 \u00a0 \u00a0 \u00a0 \u00a0 \u00a0 \u00a0 \u00a0 \u00a0 \u00a0 \u00a0 \u00a0 \u00a0 \u00a0 \u00a0 \u00a0 \u00a0\u00a0 Vi arbetar f\u00f6r att varje f\u00f6rsamling ska vara sj\u00e4lvbest\u00e4mmande f\u00f6renkla valsystemet i Svenska kyrkan kyrkan ska styras av intresserade och engagerade individer. Vill du\u00a0hj\u00e4lpa till i [&hellip;]","og_url":"https:\/\/www.posk.se\/osteraker\/program\/vi-vill\/","og_site_name":"\u00d6ster\u00e5ker","article_modified_time":"2018-09-25T21:48:12+00:00","og_image":[{"url":"https:\/\/www.posk.se\/osteraker\/wp-content\/uploads\/sites\/141\/2018\/09\/tro-hopp-o-karlek.jpg","type":"","width":"","height":""}],"twitter_card":"summary_large_image","schema":{"@context":"https:\/\/schema.org","@graph":[{"@type":"WebPage","@id":"https:\/\/www.posk.se\/osteraker\/program\/vi-vill\/","url":"https:\/\/www.posk.se\/osteraker\/program\/vi-vill\/","name":"Vi vill - \u00d6ster\u00e5ker","isPartOf":{"@id":"https:\/\/www.posk.se\/osteraker\/#website"},"primaryImageOfPage":{"@id":"https:\/\/www.posk.se\/osteraker\/program\/vi-vill\/#primaryimage"},"image":{"@id":"https:\/\/www.posk.se\/osteraker\/program\/vi-vill\/#primaryimage"},"thumbnailUrl":"https:\/\/www.posk.se\/osteraker\/wp-content\/uploads\/sites\/141\/2018\/09\/tro-hopp-o-karlek.jpg","datePublished":"2018-09-25T21:41:48+00:00","dateModified":"2018-09-25T21:48:12+00:00","breadcrumb":{"@id":"https:\/\/www.posk.se\/osteraker\/program\/vi-vill\/#breadcrumb"},"inLanguage":"sv-SE","potentialAction":[{"@type":"ReadAction","target":["https:\/\/www.posk.se\/osteraker\/program\/vi-vill\/"]}]},{"@type":"ImageObject","inLanguage":"sv-SE","@id":"https:\/\/www.posk.se\/osteraker\/program\/vi-vill\/#primaryimage","url":"https:\/\/www.posk.se\/osteraker\/wp-content\/uploads\/sites\/141\/2018\/09\/tro-hopp-o-karlek.jpg","contentUrl":"https:\/\/www.posk.se\/osteraker\/wp-content\/uploads\/sites\/141\/2018\/09\/tro-hopp-o-karlek.jpg","width":283,"height":283},{"@type":"BreadcrumbList","@id":"https:\/\/www.posk.se\/osteraker\/program\/vi-vill\/#breadcrumb","itemListElement":[{"@type":"ListItem","position":1,"name":"Hem","item":"https:\/\/www.posk.se\/osteraker\/"},{"@type":"ListItem","position":2,"name":"Program","item":"https:\/\/www.posk.se\/osteraker\/program\/"},{"@type":"ListItem","position":3,"name":"Vi vill"}]},{"@type":"WebSite","@id":"https:\/\/www.posk.se\/osteraker\/#website","url":"https:\/\/www.posk.se\/osteraker\/","name":"\u00d6ster\u00e5ker","description":"POSK-grupp i Stockholms stift","potentialAction":[{"@type":"SearchAction","target":{"@type":"EntryPoint","urlTemplate":"https:\/\/www.posk.se\/osteraker\/?s={search_term_string}"},"query-input":{"@type":"PropertyValueSpecification","valueRequired":true,"valueName":"search_term_string"}}],"inLanguage":"sv-SE"}]}},"_links":{"self":[{"href":"https:\/\/www.posk.se\/osteraker\/wp-json\/wp\/v2\/pages\/622","targetHints":{"allow":["GET"]}}],"collection":[{"href":"https:\/\/www.posk.se\/osteraker\/wp-json\/wp\/v2\/pages"}],"about":[{"href":"https:\/\/www.posk.se\/osteraker\/wp-json\/wp\/v2\/types\/page"}],"author":[{"embeddable":true,"href":"https:\/\/www.posk.se\/osteraker\/wp-json\/wp\/v2\/users\/117"}],"replies":[{"embeddable":true,"href":"https:\/\/www.posk.se\/osteraker\/wp-json\/wp\/v2\/comments?post=622"}],"version-history":[{"count":7,"href":"https:\/\/www.posk.se\/osteraker\/wp-json\/wp\/v2\/pages\/622\/revisions"}],"predecessor-version":[{"id":630,"href":"https:\/\/www.posk.se\/osteraker\/wp-json\/wp\/v2\/pages\/622\/revisions\/630"}],"up":[{"embeddable":true,"href":"https:\/\/www.posk.se\/osteraker\/wp-json\/wp\/v2\/pages\/163"}],"wp:attachment":[{"href":"https:\/\/www.posk.se\/osteraker\/wp-json\/wp\/v2\/media?parent=622"}],"curies":[{"name":"wp","href":"https:\/\/api.w.org\/{rel}","templated":true}]}}