{"id":416,"date":"2025-03-05T08:59:52","date_gmt":"2025-03-05T07:59:52","guid":{"rendered":"https:\/\/www.posk.se\/orebro\/?page_id=416"},"modified":"2025-04-09T10:16:45","modified_gmt":"2025-04-09T08:16:45","slug":"posks-representanter-i-kyrkoradet","status":"publish","type":"page","link":"https:\/\/www.posk.se\/orebro\/om-oss\/posks-representanter-i-kyrkoradet\/","title":{"rendered":"POSKs representanter i Kyrkor\u00e5det"},"content":{"rendered":"<h4 class=\"p1\"><span class=\"s1\">Gabriel Sj\u00f6lin, f\u00f6rste vice ordf\u00f6rande<\/span><\/h4>\n<h4 class=\"p1\"><span class=\"s1\">Hans Fredlund, ledamot<\/span><\/h4>\n<h4 class=\"p1\"><span class=\"s1\">Torkel Freed, ledamot<\/span><\/h4>\n<h4 class=\"p1\"><span class=\"s1\">Addiswa Stenstr\u00f6m, ers\u00e4ttare<\/span><\/h4>\n<h4 class=\"p1\"><span class=\"s1\">Johan Unger, ers\u00e4ttare<\/span><\/h4>\n<h4 class=\"p1\"><span class=\"s1\">Leif Hjalmarsson, ers\u00e4ttare<\/span><\/h4>\n<h4 class=\"p1\"><span class=\"s1\">Margareta Grape, ers\u00e4ttare<\/span><\/h4>\n<p>&nbsp;<\/p>\n<p><img loading=\"lazy\" decoding=\"async\" class=\"alignnone wp-image-348\" src=\"https:\/\/www.posk.se\/orebro\/wp-content\/uploads\/sites\/157\/2025\/03\/unnamed-3-300x300.jpg\" alt=\"\" width=\"392\" height=\"392\" srcset=\"https:\/\/www.posk.se\/orebro\/wp-content\/uploads\/sites\/157\/2025\/03\/unnamed-3-300x300.jpg 300w, https:\/\/www.posk.se\/orebro\/wp-content\/uploads\/sites\/157\/2025\/03\/unnamed-3-1024x1024.jpg 1024w, https:\/\/www.posk.se\/orebro\/wp-content\/uploads\/sites\/157\/2025\/03\/unnamed-3-150x150.jpg 150w, https:\/\/www.posk.se\/orebro\/wp-content\/uploads\/sites\/157\/2025\/03\/unnamed-3-768x768.jpg 768w, https:\/\/www.posk.se\/orebro\/wp-content\/uploads\/sites\/157\/2025\/03\/unnamed-3-197x197.jpg 197w, https:\/\/www.posk.se\/orebro\/wp-content\/uploads\/sites\/157\/2025\/03\/unnamed-3-330x330.jpg 330w, https:\/\/www.posk.se\/orebro\/wp-content\/uploads\/sites\/157\/2025\/03\/unnamed-3.jpg 1440w\" sizes=\"auto, (max-width: 392px) 100vw, 392px\" \/><\/p>\n","protected":false},"excerpt":{"rendered":"<p>Gabriel Sj\u00f6lin, f\u00f6rste vice ordf\u00f6rande Hans Fredlund, ledamot Torkel Freed, ledamot Addiswa Stenstr\u00f6m, ers\u00e4ttare Johan Unger, ers\u00e4ttare Leif Hjalmarsson, ers\u00e4ttare Margareta Grape, ers\u00e4ttare &nbsp;<\/p>\n","protected":false},"author":1908,"featured_media":0,"parent":84,"menu_order":0,"comment_status":"closed","ping_status":"closed","template":"","meta":{"_acf_changed":false,"footnotes":""},"class_list":["post-416","page","type-page","status-publish","hentry"],"acf":[],"yoast_head":"<!-- This site is optimized with the Yoast SEO plugin v24.9 - https:\/\/yoast.com\/wordpress\/plugins\/seo\/ -->\n<title>POSKs representanter i Kyrkor\u00e5det - \u00d6rebro<\/title>\n<meta name=\"robots\" content=\"index, follow, max-snippet:-1, max-image-preview:large, max-video-preview:-1\" \/>\n<link rel=\"canonical\" href=\"https:\/\/www.posk.se\/orebro\/om-oss\/posks-representanter-i-kyrkoradet\/\" \/>\n<meta property=\"og:locale\" content=\"sv_SE\" \/>\n<meta property=\"og:type\" content=\"article\" \/>\n<meta property=\"og:title\" content=\"POSKs representanter i Kyrkor\u00e5det - \u00d6rebro\" \/>\n<meta property=\"og:description\" content=\"Gabriel Sj\u00f6lin, f\u00f6rste vice ordf\u00f6rande Hans Fredlund, ledamot Torkel Freed, ledamot Addiswa Stenstr\u00f6m, ers\u00e4ttare Johan Unger, ers\u00e4ttare Leif Hjalmarsson, ers\u00e4ttare Margareta Grape, ers\u00e4ttare &nbsp;\" \/>\n<meta property=\"og:url\" content=\"https:\/\/www.posk.se\/orebro\/om-oss\/posks-representanter-i-kyrkoradet\/\" \/>\n<meta property=\"og:site_name\" content=\"\u00d6rebro\" \/>\n<meta property=\"article:modified_time\" content=\"2025-04-09T08:16:45+00:00\" \/>\n<meta property=\"og:image\" content=\"https:\/\/www.posk.se\/orebro\/wp-content\/uploads\/sites\/157\/2025\/03\/unnamed-3.jpg\" \/>\n\t<meta property=\"og:image:width\" content=\"1440\" \/>\n\t<meta property=\"og:image:height\" content=\"1440\" \/>\n\t<meta property=\"og:image:type\" content=\"image\/jpeg\" \/>\n<meta name=\"twitter:card\" content=\"summary_large_image\" \/>\n<meta name=\"twitter:label1\" content=\"Ber\u00e4knad l\u00e4stid\" \/>\n\t<meta name=\"twitter:data1\" content=\"1 minut\" \/>\n<script type=\"application\/ld+json\" class=\"yoast-schema-graph\">{\"@context\":\"https:\/\/schema.org\",\"@graph\":[{\"@type\":\"WebPage\",\"@id\":\"https:\/\/www.posk.se\/orebro\/om-oss\/posks-representanter-i-kyrkoradet\/\",\"url\":\"https:\/\/www.posk.se\/orebro\/om-oss\/posks-representanter-i-kyrkoradet\/\",\"name\":\"POSKs representanter i Kyrkor\u00e5det - \u00d6rebro\",\"isPartOf\":{\"@id\":\"https:\/\/www.posk.se\/orebro\/#website\"},\"primaryImageOfPage\":{\"@id\":\"https:\/\/www.posk.se\/orebro\/om-oss\/posks-representanter-i-kyrkoradet\/#primaryimage\"},\"image\":{\"@id\":\"https:\/\/www.posk.se\/orebro\/om-oss\/posks-representanter-i-kyrkoradet\/#primaryimage\"},\"thumbnailUrl\":\"https:\/\/www.posk.se\/orebro\/wp-content\/uploads\/sites\/157\/2025\/03\/unnamed-3-300x300.jpg\",\"datePublished\":\"2025-03-05T07:59:52+00:00\",\"dateModified\":\"2025-04-09T08:16:45+00:00\",\"breadcrumb\":{\"@id\":\"https:\/\/www.posk.se\/orebro\/om-oss\/posks-representanter-i-kyrkoradet\/#breadcrumb\"},\"inLanguage\":\"sv-SE\",\"potentialAction\":[{\"@type\":\"ReadAction\",\"target\":[\"https:\/\/www.posk.se\/orebro\/om-oss\/posks-representanter-i-kyrkoradet\/\"]}]},{\"@type\":\"ImageObject\",\"inLanguage\":\"sv-SE\",\"@id\":\"https:\/\/www.posk.se\/orebro\/om-oss\/posks-representanter-i-kyrkoradet\/#primaryimage\",\"url\":\"https:\/\/www.posk.se\/orebro\/wp-content\/uploads\/sites\/157\/2025\/03\/unnamed-3.jpg\",\"contentUrl\":\"https:\/\/www.posk.se\/orebro\/wp-content\/uploads\/sites\/157\/2025\/03\/unnamed-3.jpg\",\"width\":1440,\"height\":1440},{\"@type\":\"BreadcrumbList\",\"@id\":\"https:\/\/www.posk.se\/orebro\/om-oss\/posks-representanter-i-kyrkoradet\/#breadcrumb\",\"itemListElement\":[{\"@type\":\"ListItem\",\"position\":1,\"name\":\"Hem\",\"item\":\"https:\/\/www.posk.se\/orebro\/\"},{\"@type\":\"ListItem\",\"position\":2,\"name\":\"Styrelsen f\u00f6r POSK \u00d6rebro\",\"item\":\"https:\/\/www.posk.se\/orebro\/om-oss\/\"},{\"@type\":\"ListItem\",\"position\":3,\"name\":\"POSKs representanter i Kyrkor\u00e5det\"}]},{\"@type\":\"WebSite\",\"@id\":\"https:\/\/www.posk.se\/orebro\/#website\",\"url\":\"https:\/\/www.posk.se\/orebro\/\",\"name\":\"\u00d6rebro\",\"description\":\"POSK-grupp i Str\u00e4ngn\u00e4s stift\",\"potentialAction\":[{\"@type\":\"SearchAction\",\"target\":{\"@type\":\"EntryPoint\",\"urlTemplate\":\"https:\/\/www.posk.se\/orebro\/?s={search_term_string}\"},\"query-input\":{\"@type\":\"PropertyValueSpecification\",\"valueRequired\":true,\"valueName\":\"search_term_string\"}}],\"inLanguage\":\"sv-SE\"}]}<\/script>\n<!-- \/ Yoast SEO plugin. -->","yoast_head_json":{"title":"POSKs representanter i Kyrkor\u00e5det - \u00d6rebro","robots":{"index":"index","follow":"follow","max-snippet":"max-snippet:-1","max-image-preview":"max-image-preview:large","max-video-preview":"max-video-preview:-1"},"canonical":"https:\/\/www.posk.se\/orebro\/om-oss\/posks-representanter-i-kyrkoradet\/","og_locale":"sv_SE","og_type":"article","og_title":"POSKs representanter i Kyrkor\u00e5det - \u00d6rebro","og_description":"Gabriel Sj\u00f6lin, f\u00f6rste vice ordf\u00f6rande Hans Fredlund, ledamot Torkel Freed, ledamot Addiswa Stenstr\u00f6m, ers\u00e4ttare Johan Unger, ers\u00e4ttare Leif Hjalmarsson, ers\u00e4ttare Margareta Grape, ers\u00e4ttare &nbsp;","og_url":"https:\/\/www.posk.se\/orebro\/om-oss\/posks-representanter-i-kyrkoradet\/","og_site_name":"\u00d6rebro","article_modified_time":"2025-04-09T08:16:45+00:00","og_image":[{"width":1440,"height":1440,"url":"https:\/\/www.posk.se\/orebro\/wp-content\/uploads\/sites\/157\/2025\/03\/unnamed-3.jpg","type":"image\/jpeg"}],"twitter_card":"summary_large_image","twitter_misc":{"Ber\u00e4knad l\u00e4stid":"1 minut"},"schema":{"@context":"https:\/\/schema.org","@graph":[{"@type":"WebPage","@id":"https:\/\/www.posk.se\/orebro\/om-oss\/posks-representanter-i-kyrkoradet\/","url":"https:\/\/www.posk.se\/orebro\/om-oss\/posks-representanter-i-kyrkoradet\/","name":"POSKs representanter i Kyrkor\u00e5det - \u00d6rebro","isPartOf":{"@id":"https:\/\/www.posk.se\/orebro\/#website"},"primaryImageOfPage":{"@id":"https:\/\/www.posk.se\/orebro\/om-oss\/posks-representanter-i-kyrkoradet\/#primaryimage"},"image":{"@id":"https:\/\/www.posk.se\/orebro\/om-oss\/posks-representanter-i-kyrkoradet\/#primaryimage"},"thumbnailUrl":"https:\/\/www.posk.se\/orebro\/wp-content\/uploads\/sites\/157\/2025\/03\/unnamed-3-300x300.jpg","datePublished":"2025-03-05T07:59:52+00:00","dateModified":"2025-04-09T08:16:45+00:00","breadcrumb":{"@id":"https:\/\/www.posk.se\/orebro\/om-oss\/posks-representanter-i-kyrkoradet\/#breadcrumb"},"inLanguage":"sv-SE","potentialAction":[{"@type":"ReadAction","target":["https:\/\/www.posk.se\/orebro\/om-oss\/posks-representanter-i-kyrkoradet\/"]}]},{"@type":"ImageObject","inLanguage":"sv-SE","@id":"https:\/\/www.posk.se\/orebro\/om-oss\/posks-representanter-i-kyrkoradet\/#primaryimage","url":"https:\/\/www.posk.se\/orebro\/wp-content\/uploads\/sites\/157\/2025\/03\/unnamed-3.jpg","contentUrl":"https:\/\/www.posk.se\/orebro\/wp-content\/uploads\/sites\/157\/2025\/03\/unnamed-3.jpg","width":1440,"height":1440},{"@type":"BreadcrumbList","@id":"https:\/\/www.posk.se\/orebro\/om-oss\/posks-representanter-i-kyrkoradet\/#breadcrumb","itemListElement":[{"@type":"ListItem","position":1,"name":"Hem","item":"https:\/\/www.posk.se\/orebro\/"},{"@type":"ListItem","position":2,"name":"Styrelsen f\u00f6r POSK \u00d6rebro","item":"https:\/\/www.posk.se\/orebro\/om-oss\/"},{"@type":"ListItem","position":3,"name":"POSKs representanter i Kyrkor\u00e5det"}]},{"@type":"WebSite","@id":"https:\/\/www.posk.se\/orebro\/#website","url":"https:\/\/www.posk.se\/orebro\/","name":"\u00d6rebro","description":"POSK-grupp i Str\u00e4ngn\u00e4s stift","potentialAction":[{"@type":"SearchAction","target":{"@type":"EntryPoint","urlTemplate":"https:\/\/www.posk.se\/orebro\/?s={search_term_string}"},"query-input":{"@type":"PropertyValueSpecification","valueRequired":true,"valueName":"search_term_string"}}],"inLanguage":"sv-SE"}]}},"_links":{"self":[{"href":"https:\/\/www.posk.se\/orebro\/wp-json\/wp\/v2\/pages\/416","targetHints":{"allow":["GET"]}}],"collection":[{"href":"https:\/\/www.posk.se\/orebro\/wp-json\/wp\/v2\/pages"}],"about":[{"href":"https:\/\/www.posk.se\/orebro\/wp-json\/wp\/v2\/types\/page"}],"author":[{"embeddable":true,"href":"https:\/\/www.posk.se\/orebro\/wp-json\/wp\/v2\/users\/1908"}],"replies":[{"embeddable":true,"href":"https:\/\/www.posk.se\/orebro\/wp-json\/wp\/v2\/comments?post=416"}],"version-history":[{"count":7,"href":"https:\/\/www.posk.se\/orebro\/wp-json\/wp\/v2\/pages\/416\/revisions"}],"predecessor-version":[{"id":702,"href":"https:\/\/www.posk.se\/orebro\/wp-json\/wp\/v2\/pages\/416\/revisions\/702"}],"up":[{"embeddable":true,"href":"https:\/\/www.posk.se\/orebro\/wp-json\/wp\/v2\/pages\/84"}],"wp:attachment":[{"href":"https:\/\/www.posk.se\/orebro\/wp-json\/wp\/v2\/media?parent=416"}],"curies":[{"name":"wp","href":"https:\/\/api.w.org\/{rel}","templated":true}]}}

POSKs representanter i Kyrkorådet

<h4 class="p1"><span class="s1">Gabriel Sjölin, förste vice ordförande</span></h4>
<h4 class="p1"><span class="s1">Hans Fredlund, ledamot</span></h4>
<h4 class="p1"><span class="s1">Torkel Freed, ledamot</span></h4>
<h4 class="p1"><span class="s1">Addiswa Stenström, ersättare</span></h4>
<h4 class="p1"><span class="s1">Johan Unger, ersättare</span></h4>
<h4 class="p1"><span class="s1">Leif Hjalmarsson, ersättare</span></h4>
<h4 class="p1"><span class="s1">Margareta Grape, ersättare</span></h4>
<p>&nbsp;</p>
<p><img loading="lazy" decoding="async" class="alignnone wp-image-348" src="https://www.posk.se/orebro/wp-content/uploads/sites/157/2025/03/unnamed-3-300x300.jpg" alt="" width="392" height="392" srcset="https://www.posk.se/orebro/wp-content/uploads/sites/157/2025/03/unnamed-3-300x300.jpg 300w, https://www.posk.se/orebro/wp-content/uploads/sites/157/2025/03/unnamed-3-1024x1024.jpg 1024w, https://www.posk.se/orebro/wp-content/uploads/sites/157/2025/03/unnamed-3-150x150.jpg 150w, https://www.posk.se/orebro/wp-content/uploads/sites/157/2025/03/unnamed-3-768x768.jpg 768w, https://www.posk.se/orebro/wp-content/uploads/sites/157/2025/03/unnamed-3-197x197.jpg 197w, https://www.posk.se/orebro/wp-content/uploads/sites/157/2025/03/unnamed-3-330x330.jpg 330w, https://www.posk.se/orebro/wp-content/uploads/sites/157/2025/03/unnamed-3.jpg 1440w" sizes="auto, (max-width: 392px) 100vw, 392px" /></p>

<p>Gabriel Sjölin, förste vice ordförande Hans Fredlund, ledamot Torkel Freed, ledamot Addiswa Stenström, ersättare Johan Unger, ersättare Leif Hjalmarsson, ersättare Margareta Grape, ersättare &nbsp;</p>

<!-- This site is optimized with the Yoast SEO plugin v24.9 - https://yoast.com/wordpress/plugins/seo/ -->
<title>POSKs representanter i Kyrkorådet - Örebro</title>
<meta name="robots" content="index, follow, max-snippet:-1, max-image-preview:large, max-video-preview:-1" />
<link rel="canonical" href="https://www.posk.se/orebro/om-oss/posks-representanter-i-kyrkoradet/" />
<meta property="og:locale" content="sv_SE" />
<meta property="og:type" content="article" />
<meta property="og:title" content="POSKs representanter i Kyrkorådet - Örebro" />
<meta property="og:description" content="Gabriel Sjölin, förste vice ordförande Hans Fredlund, ledamot Torkel Freed, ledamot Addiswa Stenström, ersättare Johan Unger, ersättare Leif Hjalmarsson, ersättare Margareta Grape, ersättare &nbsp;" />
<meta property="og:url" content="https://www.posk.se/orebro/om-oss/posks-representanter-i-kyrkoradet/" />
<meta property="og:site_name" content="Örebro" />
<meta property="article:modified_time" content="2025-04-09T08:16:45+00:00" />
<meta property="og:image" content="https://www.posk.se/orebro/wp-content/uploads/sites/157/2025/03/unnamed-3.jpg" />
	<meta property="og:image:width" content="1440" />
	<meta property="og:image:height" content="1440" />
	<meta property="og:image:type" content="image/jpeg" />
<meta name="twitter:card" content="summary_large_image" />
<meta name="twitter:label1" content="Beräknad lästid" />
	<meta name="twitter:data1" content="1 minut" />
<script type="application/ld+json" class="yoast-schema-graph">{"@context":"https://schema.org","@graph":[{"@type":"WebPage","@id":"https://www.posk.se/orebro/om-oss/posks-representanter-i-kyrkoradet/","url":"https://www.posk.se/orebro/om-oss/posks-representanter-i-kyrkoradet/","name":"POSKs representanter i Kyrkorådet - Örebro","isPartOf":{"@id":"https://www.posk.se/orebro/#website"},"primaryImageOfPage":{"@id":"https://www.posk.se/orebro/om-oss/posks-representanter-i-kyrkoradet/#primaryimage"},"image":{"@id":"https://www.posk.se/orebro/om-oss/posks-representanter-i-kyrkoradet/#primaryimage"},"thumbnailUrl":"https://www.posk.se/orebro/wp-content/uploads/sites/157/2025/03/unnamed-3-300x300.jpg","datePublished":"2025-03-05T07:59:52+00:00","dateModified":"2025-04-09T08:16:45+00:00","breadcrumb":{"@id":"https://www.posk.se/orebro/om-oss/posks-representanter-i-kyrkoradet/#breadcrumb"},"inLanguage":"sv-SE","potentialAction":[{"@type":"ReadAction","target":["https://www.posk.se/orebro/om-oss/posks-representanter-i-kyrkoradet/"]}]},{"@type":"ImageObject","inLanguage":"sv-SE","@id":"https://www.posk.se/orebro/om-oss/posks-representanter-i-kyrkoradet/#primaryimage","url":"https://www.posk.se/orebro/wp-content/uploads/sites/157/2025/03/unnamed-3.jpg","contentUrl":"https://www.posk.se/orebro/wp-content/uploads/sites/157/2025/03/unnamed-3.jpg","width":1440,"height":1440},{"@type":"BreadcrumbList","@id":"https://www.posk.se/orebro/om-oss/posks-representanter-i-kyrkoradet/#breadcrumb","itemListElement":[{"@type":"ListItem","position":1,"name":"Hem","item":"https://www.posk.se/orebro/"},{"@type":"ListItem","position":2,"name":"Styrelsen för POSK Örebro","item":"https://www.posk.se/orebro/om-oss/"},{"@type":"ListItem","position":3,"name":"POSKs representanter i Kyrkorådet"}]},{"@type":"WebSite","@id":"https://www.posk.se/orebro/#website","url":"https://www.posk.se/orebro/","name":"Örebro","description":"POSK-grupp i Strängnäs stift","potentialAction":[{"@type":"SearchAction","target":{"@type":"EntryPoint","urlTemplate":"https://www.posk.se/orebro/?s={search_term_string}"},"query-input":{"@type":"PropertyValueSpecification","valueRequired":true,"valueName":"search_term_string"}}],"inLanguage":"sv-SE"}]}</script>
<!-- / Yoast SEO plugin. -->

POSKs representanter i Kyrkorådet - Örebro

Gabriel Sjölin, förste vice ordförande Hans Fredlund, ledamot Torkel Freed, ledamot Addiswa Stenström, ersättare Johan Unger, ersättare Leif Hjalmarsson, ersättare Margareta Grape, ersättare &nbsp;

Örebro

Styrelsen för POSK Örebro

POSK-grupp i Strängnäs stift
