{"id":379,"date":"2025-03-03T17:56:02","date_gmt":"2025-03-03T16:56:02","guid":{"rendered":"https:\/\/www.posk.se\/orebro\/?page_id=379"},"modified":"2025-05-04T08:04:20","modified_gmt":"2025-05-04T06:04:20","slug":"vad-ar-posk","status":"publish","type":"page","link":"https:\/\/www.posk.se\/orebro\/vad-ar-posk\/","title":{"rendered":"Detta \u00e4r POSK"},"content":{"rendered":"<h2><span style=\"color: #993300\">POSK \u00e4r inte ett politiskt parti.<\/span><\/h2>\n<h4><span style=\"color: #333300\">POSK \u00e4r en nomineringsgrupp som st\u00e4ller upp f\u00f6r val till alla niv\u00e5er inom kyrkan. Vi finns representerade som f\u00f6rtroendevalda i f\u00f6rsamlingar och i samtliga stift och \u00e4r den st\u00f6rsta obundna gruppen i kyrkovalet.<\/span><\/h4>\n<p>&nbsp;<\/p>\n<h5>POSK finns till f\u00f6r dem som vill ta ansvar som f\u00f6rtroendevalda i Svenska kyrkan utan att binda sig till n\u00e5gon allm\u00e4npolitiskt parti.<\/h5>\n<h5>Vi h\u00e4mtar v\u00e5ra kandidater i den lokala f\u00f6rsamlings gemenskapen, vilket g\u00f6r att det \u00e4r det lokala f\u00f6rtroendet som avg\u00f6r vilka som f\u00f6retr\u00e4der POSK.<\/h5>\n<h5>POSK \u00e4r en stark r\u00f6st f\u00f6r en kyrka fri fr\u00e5n partipolitik.<\/h5>\n<h5>En kyrka d\u00e4r inte allm\u00e4npolitiska \u00e5sikter styr utan engagemanget f\u00f6r kyrkan.<\/h5>\n<h5>En kyrka d\u00e4r vi gl\u00e4ds \u00f6ver m\u00e5ngfalden, m\u00f6ter varandra med respekt och talar tydligt om Jesus Kristus.<\/h5>\n<p>&nbsp;<\/p>\n<p><img loading=\"lazy\" decoding=\"async\" class=\"alignnone wp-image-390\" src=\"https:\/\/www.posk.se\/orebro\/wp-content\/uploads\/sites\/157\/2025\/03\/img-20241125-100710-448-300x300.jpg\" alt=\"\" width=\"474\" height=\"474\" srcset=\"https:\/\/www.posk.se\/orebro\/wp-content\/uploads\/sites\/157\/2025\/03\/img-20241125-100710-448-300x300.jpg 300w, https:\/\/www.posk.se\/orebro\/wp-content\/uploads\/sites\/157\/2025\/03\/img-20241125-100710-448-1024x1024.jpg 1024w, https:\/\/www.posk.se\/orebro\/wp-content\/uploads\/sites\/157\/2025\/03\/img-20241125-100710-448-150x150.jpg 150w, https:\/\/www.posk.se\/orebro\/wp-content\/uploads\/sites\/157\/2025\/03\/img-20241125-100710-448-768x768.jpg 768w, https:\/\/www.posk.se\/orebro\/wp-content\/uploads\/sites\/157\/2025\/03\/img-20241125-100710-448-197x197.jpg 197w, https:\/\/www.posk.se\/orebro\/wp-content\/uploads\/sites\/157\/2025\/03\/img-20241125-100710-448-330x330.jpg 330w, https:\/\/www.posk.se\/orebro\/wp-content\/uploads\/sites\/157\/2025\/03\/img-20241125-100710-448.jpg 1080w\" sizes=\"auto, (max-width: 474px) 100vw, 474px\" \/><\/p>\n","protected":false},"excerpt":{"rendered":"<p>POSK \u00e4r inte ett politiskt parti. POSK \u00e4r en nomineringsgrupp som st\u00e4ller upp f\u00f6r val till alla niv\u00e5er inom kyrkan. Vi finns representerade som f\u00f6rtroendevalda i f\u00f6rsamlingar och i samtliga stift och \u00e4r den st\u00f6rsta obundna gruppen i kyrkovalet. &nbsp; POSK finns till f\u00f6r dem som vill ta ansvar som f\u00f6rtroendevalda i Svenska kyrkan utan [&hellip;]<\/p>\n","protected":false},"author":1908,"featured_media":0,"parent":0,"menu_order":0,"comment_status":"closed","ping_status":"closed","template":"","meta":{"_acf_changed":false,"footnotes":""},"class_list":["post-379","page","type-page","status-publish","hentry"],"acf":[],"yoast_head":"<!-- This site is optimized with the Yoast SEO plugin v24.9 - https:\/\/yoast.com\/wordpress\/plugins\/seo\/ -->\n<title>Detta \u00e4r POSK - \u00d6rebro<\/title>\n<meta name=\"robots\" content=\"index, follow, max-snippet:-1, max-image-preview:large, max-video-preview:-1\" \/>\n<link rel=\"canonical\" href=\"https:\/\/www.posk.se\/orebro\/vad-ar-posk\/\" \/>\n<meta property=\"og:locale\" content=\"sv_SE\" \/>\n<meta property=\"og:type\" content=\"article\" \/>\n<meta property=\"og:title\" content=\"Detta \u00e4r POSK - \u00d6rebro\" \/>\n<meta property=\"og:description\" content=\"POSK \u00e4r inte ett politiskt parti. POSK \u00e4r en nomineringsgrupp som st\u00e4ller upp f\u00f6r val till alla niv\u00e5er inom kyrkan. Vi finns representerade som f\u00f6rtroendevalda i f\u00f6rsamlingar och i samtliga stift och \u00e4r den st\u00f6rsta obundna gruppen i kyrkovalet. &nbsp; POSK finns till f\u00f6r dem som vill ta ansvar som f\u00f6rtroendevalda i Svenska kyrkan utan [&hellip;]\" \/>\n<meta property=\"og:url\" content=\"https:\/\/www.posk.se\/orebro\/vad-ar-posk\/\" \/>\n<meta property=\"og:site_name\" content=\"\u00d6rebro\" \/>\n<meta property=\"article:modified_time\" content=\"2025-05-04T06:04:20+00:00\" \/>\n<meta property=\"og:image\" content=\"https:\/\/www.posk.se\/orebro\/wp-content\/uploads\/sites\/157\/2025\/03\/img-20241125-100710-448.jpg\" \/>\n\t<meta property=\"og:image:width\" content=\"1080\" \/>\n\t<meta property=\"og:image:height\" content=\"1080\" \/>\n\t<meta property=\"og:image:type\" content=\"image\/jpeg\" \/>\n<meta name=\"twitter:card\" content=\"summary_large_image\" \/>\n<meta name=\"twitter:label1\" content=\"Ber\u00e4knad l\u00e4stid\" \/>\n\t<meta name=\"twitter:data1\" content=\"1 minut\" \/>\n<script type=\"application\/ld+json\" class=\"yoast-schema-graph\">{\"@context\":\"https:\/\/schema.org\",\"@graph\":[{\"@type\":\"WebPage\",\"@id\":\"https:\/\/www.posk.se\/orebro\/vad-ar-posk\/\",\"url\":\"https:\/\/www.posk.se\/orebro\/vad-ar-posk\/\",\"name\":\"Detta \u00e4r POSK - \u00d6rebro\",\"isPartOf\":{\"@id\":\"https:\/\/www.posk.se\/orebro\/#website\"},\"primaryImageOfPage\":{\"@id\":\"https:\/\/www.posk.se\/orebro\/vad-ar-posk\/#primaryimage\"},\"image\":{\"@id\":\"https:\/\/www.posk.se\/orebro\/vad-ar-posk\/#primaryimage\"},\"thumbnailUrl\":\"https:\/\/www.posk.se\/orebro\/wp-content\/uploads\/sites\/157\/2025\/03\/img-20241125-100710-448-300x300.jpg\",\"datePublished\":\"2025-03-03T16:56:02+00:00\",\"dateModified\":\"2025-05-04T06:04:20+00:00\",\"breadcrumb\":{\"@id\":\"https:\/\/www.posk.se\/orebro\/vad-ar-posk\/#breadcrumb\"},\"inLanguage\":\"sv-SE\",\"potentialAction\":[{\"@type\":\"ReadAction\",\"target\":[\"https:\/\/www.posk.se\/orebro\/vad-ar-posk\/\"]}]},{\"@type\":\"ImageObject\",\"inLanguage\":\"sv-SE\",\"@id\":\"https:\/\/www.posk.se\/orebro\/vad-ar-posk\/#primaryimage\",\"url\":\"https:\/\/www.posk.se\/orebro\/wp-content\/uploads\/sites\/157\/2025\/03\/img-20241125-100710-448.jpg\",\"contentUrl\":\"https:\/\/www.posk.se\/orebro\/wp-content\/uploads\/sites\/157\/2025\/03\/img-20241125-100710-448.jpg\",\"width\":1080,\"height\":1080},{\"@type\":\"BreadcrumbList\",\"@id\":\"https:\/\/www.posk.se\/orebro\/vad-ar-posk\/#breadcrumb\",\"itemListElement\":[{\"@type\":\"ListItem\",\"position\":1,\"name\":\"Hem\",\"item\":\"https:\/\/www.posk.se\/orebro\/\"},{\"@type\":\"ListItem\",\"position\":2,\"name\":\"Detta \u00e4r POSK\"}]},{\"@type\":\"WebSite\",\"@id\":\"https:\/\/www.posk.se\/orebro\/#website\",\"url\":\"https:\/\/www.posk.se\/orebro\/\",\"name\":\"\u00d6rebro\",\"description\":\"POSK-grupp i Str\u00e4ngn\u00e4s stift\",\"potentialAction\":[{\"@type\":\"SearchAction\",\"target\":{\"@type\":\"EntryPoint\",\"urlTemplate\":\"https:\/\/www.posk.se\/orebro\/?s={search_term_string}\"},\"query-input\":{\"@type\":\"PropertyValueSpecification\",\"valueRequired\":true,\"valueName\":\"search_term_string\"}}],\"inLanguage\":\"sv-SE\"}]}<\/script>\n<!-- \/ Yoast SEO plugin. -->","yoast_head_json":{"title":"Detta \u00e4r POSK - \u00d6rebro","robots":{"index":"index","follow":"follow","max-snippet":"max-snippet:-1","max-image-preview":"max-image-preview:large","max-video-preview":"max-video-preview:-1"},"canonical":"https:\/\/www.posk.se\/orebro\/vad-ar-posk\/","og_locale":"sv_SE","og_type":"article","og_title":"Detta \u00e4r POSK - \u00d6rebro","og_description":"POSK \u00e4r inte ett politiskt parti. POSK \u00e4r en nomineringsgrupp som st\u00e4ller upp f\u00f6r val till alla niv\u00e5er inom kyrkan. Vi finns representerade som f\u00f6rtroendevalda i f\u00f6rsamlingar och i samtliga stift och \u00e4r den st\u00f6rsta obundna gruppen i kyrkovalet. &nbsp; POSK finns till f\u00f6r dem som vill ta ansvar som f\u00f6rtroendevalda i Svenska kyrkan utan [&hellip;]","og_url":"https:\/\/www.posk.se\/orebro\/vad-ar-posk\/","og_site_name":"\u00d6rebro","article_modified_time":"2025-05-04T06:04:20+00:00","og_image":[{"width":1080,"height":1080,"url":"https:\/\/www.posk.se\/orebro\/wp-content\/uploads\/sites\/157\/2025\/03\/img-20241125-100710-448.jpg","type":"image\/jpeg"}],"twitter_card":"summary_large_image","twitter_misc":{"Ber\u00e4knad l\u00e4stid":"1 minut"},"schema":{"@context":"https:\/\/schema.org","@graph":[{"@type":"WebPage","@id":"https:\/\/www.posk.se\/orebro\/vad-ar-posk\/","url":"https:\/\/www.posk.se\/orebro\/vad-ar-posk\/","name":"Detta \u00e4r POSK - \u00d6rebro","isPartOf":{"@id":"https:\/\/www.posk.se\/orebro\/#website"},"primaryImageOfPage":{"@id":"https:\/\/www.posk.se\/orebro\/vad-ar-posk\/#primaryimage"},"image":{"@id":"https:\/\/www.posk.se\/orebro\/vad-ar-posk\/#primaryimage"},"thumbnailUrl":"https:\/\/www.posk.se\/orebro\/wp-content\/uploads\/sites\/157\/2025\/03\/img-20241125-100710-448-300x300.jpg","datePublished":"2025-03-03T16:56:02+00:00","dateModified":"2025-05-04T06:04:20+00:00","breadcrumb":{"@id":"https:\/\/www.posk.se\/orebro\/vad-ar-posk\/#breadcrumb"},"inLanguage":"sv-SE","potentialAction":[{"@type":"ReadAction","target":["https:\/\/www.posk.se\/orebro\/vad-ar-posk\/"]}]},{"@type":"ImageObject","inLanguage":"sv-SE","@id":"https:\/\/www.posk.se\/orebro\/vad-ar-posk\/#primaryimage","url":"https:\/\/www.posk.se\/orebro\/wp-content\/uploads\/sites\/157\/2025\/03\/img-20241125-100710-448.jpg","contentUrl":"https:\/\/www.posk.se\/orebro\/wp-content\/uploads\/sites\/157\/2025\/03\/img-20241125-100710-448.jpg","width":1080,"height":1080},{"@type":"BreadcrumbList","@id":"https:\/\/www.posk.se\/orebro\/vad-ar-posk\/#breadcrumb","itemListElement":[{"@type":"ListItem","position":1,"name":"Hem","item":"https:\/\/www.posk.se\/orebro\/"},{"@type":"ListItem","position":2,"name":"Detta \u00e4r POSK"}]},{"@type":"WebSite","@id":"https:\/\/www.posk.se\/orebro\/#website","url":"https:\/\/www.posk.se\/orebro\/","name":"\u00d6rebro","description":"POSK-grupp i Str\u00e4ngn\u00e4s stift","potentialAction":[{"@type":"SearchAction","target":{"@type":"EntryPoint","urlTemplate":"https:\/\/www.posk.se\/orebro\/?s={search_term_string}"},"query-input":{"@type":"PropertyValueSpecification","valueRequired":true,"valueName":"search_term_string"}}],"inLanguage":"sv-SE"}]}},"_links":{"self":[{"href":"https:\/\/www.posk.se\/orebro\/wp-json\/wp\/v2\/pages\/379","targetHints":{"allow":["GET"]}}],"collection":[{"href":"https:\/\/www.posk.se\/orebro\/wp-json\/wp\/v2\/pages"}],"about":[{"href":"https:\/\/www.posk.se\/orebro\/wp-json\/wp\/v2\/types\/page"}],"author":[{"embeddable":true,"href":"https:\/\/www.posk.se\/orebro\/wp-json\/wp\/v2\/users\/1908"}],"replies":[{"embeddable":true,"href":"https:\/\/www.posk.se\/orebro\/wp-json\/wp\/v2\/comments?post=379"}],"version-history":[{"count":32,"href":"https:\/\/www.posk.se\/orebro\/wp-json\/wp\/v2\/pages\/379\/revisions"}],"predecessor-version":[{"id":734,"href":"https:\/\/www.posk.se\/orebro\/wp-json\/wp\/v2\/pages\/379\/revisions\/734"}],"wp:attachment":[{"href":"https:\/\/www.posk.se\/orebro\/wp-json\/wp\/v2\/media?parent=379"}],"curies":[{"name":"wp","href":"https:\/\/api.w.org\/{rel}","templated":true}]}}

Detta är POSK

<h2><span style="color: #993300">POSK är inte ett politiskt parti.</span></h2>
<h4><span style="color: #333300">POSK är en nomineringsgrupp som ställer upp för val till alla nivåer inom kyrkan. Vi finns representerade som förtroendevalda i församlingar och i samtliga stift och är den största obundna gruppen i kyrkovalet.</span></h4>
<p>&nbsp;</p>
<h5>POSK finns till för dem som vill ta ansvar som förtroendevalda i Svenska kyrkan utan att binda sig till någon allmänpolitiskt parti.</h5>
<h5>Vi hämtar våra kandidater i den lokala församlings gemenskapen, vilket gör att det är det lokala förtroendet som avgör vilka som företräder POSK.</h5>
<h5>POSK är en stark röst för en kyrka fri från partipolitik.</h5>
<h5>En kyrka där inte allmänpolitiska åsikter styr utan engagemanget för kyrkan.</h5>
<h5>En kyrka där vi gläds över mångfalden, möter varandra med respekt och talar tydligt om Jesus Kristus.</h5>
<p>&nbsp;</p>
<p><img loading="lazy" decoding="async" class="alignnone wp-image-390" src="https://www.posk.se/orebro/wp-content/uploads/sites/157/2025/03/img-20241125-100710-448-300x300.jpg" alt="" width="474" height="474" srcset="https://www.posk.se/orebro/wp-content/uploads/sites/157/2025/03/img-20241125-100710-448-300x300.jpg 300w, https://www.posk.se/orebro/wp-content/uploads/sites/157/2025/03/img-20241125-100710-448-1024x1024.jpg 1024w, https://www.posk.se/orebro/wp-content/uploads/sites/157/2025/03/img-20241125-100710-448-150x150.jpg 150w, https://www.posk.se/orebro/wp-content/uploads/sites/157/2025/03/img-20241125-100710-448-768x768.jpg 768w, https://www.posk.se/orebro/wp-content/uploads/sites/157/2025/03/img-20241125-100710-448-197x197.jpg 197w, https://www.posk.se/orebro/wp-content/uploads/sites/157/2025/03/img-20241125-100710-448-330x330.jpg 330w, https://www.posk.se/orebro/wp-content/uploads/sites/157/2025/03/img-20241125-100710-448.jpg 1080w" sizes="auto, (max-width: 474px) 100vw, 474px" /></p>

<p>POSK är inte ett politiskt parti. POSK är en nomineringsgrupp som ställer upp för val till alla nivåer inom kyrkan. Vi finns representerade som förtroendevalda i församlingar och i samtliga stift och är den största obundna gruppen i kyrkovalet. &nbsp; POSK finns till för dem som vill ta ansvar som förtroendevalda i Svenska kyrkan utan [&hellip;]</p>

<!-- This site is optimized with the Yoast SEO plugin v24.9 - https://yoast.com/wordpress/plugins/seo/ -->
<title>Detta är POSK - Örebro</title>
<meta name="robots" content="index, follow, max-snippet:-1, max-image-preview:large, max-video-preview:-1" />
<link rel="canonical" href="https://www.posk.se/orebro/vad-ar-posk/" />
<meta property="og:locale" content="sv_SE" />
<meta property="og:type" content="article" />
<meta property="og:title" content="Detta är POSK - Örebro" />
<meta property="og:description" content="POSK är inte ett politiskt parti. POSK är en nomineringsgrupp som ställer upp för val till alla nivåer inom kyrkan. Vi finns representerade som förtroendevalda i församlingar och i samtliga stift och är den största obundna gruppen i kyrkovalet. &nbsp; POSK finns till för dem som vill ta ansvar som förtroendevalda i Svenska kyrkan utan [&hellip;]" />
<meta property="og:url" content="https://www.posk.se/orebro/vad-ar-posk/" />
<meta property="og:site_name" content="Örebro" />
<meta property="article:modified_time" content="2025-05-04T06:04:20+00:00" />
<meta property="og:image" content="https://www.posk.se/orebro/wp-content/uploads/sites/157/2025/03/img-20241125-100710-448.jpg" />
	<meta property="og:image:width" content="1080" />
	<meta property="og:image:height" content="1080" />
	<meta property="og:image:type" content="image/jpeg" />
<meta name="twitter:card" content="summary_large_image" />
<meta name="twitter:label1" content="Beräknad lästid" />
	<meta name="twitter:data1" content="1 minut" />
<script type="application/ld+json" class="yoast-schema-graph">{"@context":"https://schema.org","@graph":[{"@type":"WebPage","@id":"https://www.posk.se/orebro/vad-ar-posk/","url":"https://www.posk.se/orebro/vad-ar-posk/","name":"Detta är POSK - Örebro","isPartOf":{"@id":"https://www.posk.se/orebro/#website"},"primaryImageOfPage":{"@id":"https://www.posk.se/orebro/vad-ar-posk/#primaryimage"},"image":{"@id":"https://www.posk.se/orebro/vad-ar-posk/#primaryimage"},"thumbnailUrl":"https://www.posk.se/orebro/wp-content/uploads/sites/157/2025/03/img-20241125-100710-448-300x300.jpg","datePublished":"2025-03-03T16:56:02+00:00","dateModified":"2025-05-04T06:04:20+00:00","breadcrumb":{"@id":"https://www.posk.se/orebro/vad-ar-posk/#breadcrumb"},"inLanguage":"sv-SE","potentialAction":[{"@type":"ReadAction","target":["https://www.posk.se/orebro/vad-ar-posk/"]}]},{"@type":"ImageObject","inLanguage":"sv-SE","@id":"https://www.posk.se/orebro/vad-ar-posk/#primaryimage","url":"https://www.posk.se/orebro/wp-content/uploads/sites/157/2025/03/img-20241125-100710-448.jpg","contentUrl":"https://www.posk.se/orebro/wp-content/uploads/sites/157/2025/03/img-20241125-100710-448.jpg","width":1080,"height":1080},{"@type":"BreadcrumbList","@id":"https://www.posk.se/orebro/vad-ar-posk/#breadcrumb","itemListElement":[{"@type":"ListItem","position":1,"name":"Hem","item":"https://www.posk.se/orebro/"},{"@type":"ListItem","position":2,"name":"Detta är POSK"}]},{"@type":"WebSite","@id":"https://www.posk.se/orebro/#website","url":"https://www.posk.se/orebro/","name":"Örebro","description":"POSK-grupp i Strängnäs stift","potentialAction":[{"@type":"SearchAction","target":{"@type":"EntryPoint","urlTemplate":"https://www.posk.se/orebro/?s={search_term_string}"},"query-input":{"@type":"PropertyValueSpecification","valueRequired":true,"valueName":"search_term_string"}}],"inLanguage":"sv-SE"}]}</script>
<!-- / Yoast SEO plugin. -->

Detta är POSK - Örebro

POSK är inte ett politiskt parti. POSK är en nomineringsgrupp som ställer upp för val till alla nivåer inom kyrkan. Vi finns representerade som förtroendevalda i församlingar och i samtliga stift och är den största obundna gruppen i kyrkovalet. &nbsp; POSK finns till för dem som vill ta ansvar som förtroendevalda i Svenska kyrkan utan [&hellip;]

Örebro

POSK-grupp i Strängnäs stift
