{"id":371,"date":"2025-03-03T17:08:58","date_gmt":"2025-03-03T16:08:58","guid":{"rendered":"https:\/\/www.posk.se\/orebro\/?page_id=371"},"modified":"2025-03-26T12:08:45","modified_gmt":"2025-03-26T11:08:45","slug":"en-kyrka-utan-partipolitik","status":"publish","type":"page","link":"https:\/\/www.posk.se\/orebro\/vision\/en-kyrka-utan-partipolitik\/","title":{"rendered":"En kyrka utan partipolitik"},"content":{"rendered":"<h5><strong><span style=\"color: #993300\">Svenska kyrkans beslutsfattare ska vara demokratiskt valda och representera sina f\u00f6rsamlingar.<\/span><\/strong><\/h5>\n<h5>POSK vill att partiernas inflytande \u00f6ver Svenska kyrkan upph\u00f6r, och menar att det \u00e4r orimligt att sekul\u00e4ra partiorganisationer \u00e4r med och styr ett trossamfund.<\/h5>\n<h5>Kyrkans beslut b\u00f6r i h\u00f6gre grad fattas i gemenskap och enighet och inte underst\u00f6dja en anda av konflikt mellan olika politiska \u00e5siktsgrupperingar.<\/h5>\n<h5>POSK vill arbeta f\u00f6r<\/h5>\n<h5>&#8211; att f\u00f6r\u00e4ndra valsystemet s\u00e5 att det blir enklare och billigare.<br \/>\n&#8211; att stiftsfullm\u00e4ktiges och kyrkom\u00f6tets ledam\u00f6ter v\u00e4ljs av f\u00f6rsamlingarna i indirekta val.<br \/>\n&#8211; att det sker en \u00e5terh\u00e5llsamhet med arvodering av f\u00f6rtroendeuppdrag.<br \/>\n&#8211; att beslut som r\u00f6r f\u00f6rsamlingen fattas s\u00e5 n\u00e4ra verksamheten och de tillh\u00f6riga som m\u00f6jligt.<br \/>\n&#8211; att utreda nationella niv\u00e5ns uppdrag och stiftens teologiska grund i f\u00f6rh\u00e5llande till f\u00f6rsamlingarna.<\/h5>\n<p>&nbsp;<\/p>\n<p><img loading=\"lazy\" decoding=\"async\" class=\" wp-image-347 alignleft\" src=\"https:\/\/www.posk.se\/orebro\/wp-content\/uploads\/sites\/157\/2025\/03\/img-20240523-155303-475-241x300.jpg\" alt=\"\" width=\"497\" height=\"619\" srcset=\"https:\/\/www.posk.se\/orebro\/wp-content\/uploads\/sites\/157\/2025\/03\/img-20240523-155303-475-241x300.jpg 241w, https:\/\/www.posk.se\/orebro\/wp-content\/uploads\/sites\/157\/2025\/03\/img-20240523-155303-475-822x1024.jpg 822w, https:\/\/www.posk.se\/orebro\/wp-content\/uploads\/sites\/157\/2025\/03\/img-20240523-155303-475-768x957.jpg 768w, https:\/\/www.posk.se\/orebro\/wp-content\/uploads\/sites\/157\/2025\/03\/img-20240523-155303-475-330x411.jpg 330w, https:\/\/www.posk.se\/orebro\/wp-content\/uploads\/sites\/157\/2025\/03\/img-20240523-155303-475.jpg 1080w\" sizes=\"auto, (max-width: 497px) 100vw, 497px\" \/><\/p>\n","protected":false},"excerpt":{"rendered":"<p>Svenska kyrkans beslutsfattare ska vara demokratiskt valda och representera sina f\u00f6rsamlingar. POSK vill att partiernas inflytande \u00f6ver Svenska kyrkan upph\u00f6r, och menar att det \u00e4r orimligt att sekul\u00e4ra partiorganisationer \u00e4r med och styr ett trossamfund. Kyrkans beslut b\u00f6r i h\u00f6gre grad fattas i gemenskap och enighet och inte underst\u00f6dja en anda av konflikt mellan olika [&hellip;]<\/p>\n","protected":false},"author":1908,"featured_media":0,"parent":314,"menu_order":0,"comment_status":"closed","ping_status":"closed","template":"","meta":{"_acf_changed":false,"footnotes":""},"class_list":["post-371","page","type-page","status-publish","hentry"],"acf":[],"yoast_head":"<!-- This site is optimized with the Yoast SEO plugin v24.9 - https:\/\/yoast.com\/wordpress\/plugins\/seo\/ -->\n<title>En kyrka utan partipolitik - \u00d6rebro<\/title>\n<meta name=\"robots\" content=\"index, follow, max-snippet:-1, max-image-preview:large, max-video-preview:-1\" \/>\n<link rel=\"canonical\" href=\"https:\/\/www.posk.se\/orebro\/vision\/en-kyrka-utan-partipolitik\/\" \/>\n<meta property=\"og:locale\" content=\"sv_SE\" \/>\n<meta property=\"og:type\" content=\"article\" \/>\n<meta property=\"og:title\" content=\"En kyrka utan partipolitik - \u00d6rebro\" \/>\n<meta property=\"og:description\" content=\"Svenska kyrkans beslutsfattare ska vara demokratiskt valda och representera sina f\u00f6rsamlingar. POSK vill att partiernas inflytande \u00f6ver Svenska kyrkan upph\u00f6r, och menar att det \u00e4r orimligt att sekul\u00e4ra partiorganisationer \u00e4r med och styr ett trossamfund. Kyrkans beslut b\u00f6r i h\u00f6gre grad fattas i gemenskap och enighet och inte underst\u00f6dja en anda av konflikt mellan olika [&hellip;]\" \/>\n<meta property=\"og:url\" content=\"https:\/\/www.posk.se\/orebro\/vision\/en-kyrka-utan-partipolitik\/\" \/>\n<meta property=\"og:site_name\" content=\"\u00d6rebro\" \/>\n<meta property=\"article:modified_time\" content=\"2025-03-26T11:08:45+00:00\" \/>\n<meta property=\"og:image\" content=\"https:\/\/www.posk.se\/orebro\/wp-content\/uploads\/sites\/157\/2025\/03\/img-20240523-155303-475.jpg\" \/>\n\t<meta property=\"og:image:width\" content=\"1080\" \/>\n\t<meta property=\"og:image:height\" content=\"1346\" \/>\n\t<meta property=\"og:image:type\" content=\"image\/jpeg\" \/>\n<meta name=\"twitter:card\" content=\"summary_large_image\" \/>\n<meta name=\"twitter:label1\" content=\"Ber\u00e4knad l\u00e4stid\" \/>\n\t<meta name=\"twitter:data1\" content=\"1 minut\" \/>\n<script type=\"application\/ld+json\" class=\"yoast-schema-graph\">{\"@context\":\"https:\/\/schema.org\",\"@graph\":[{\"@type\":\"WebPage\",\"@id\":\"https:\/\/www.posk.se\/orebro\/vision\/en-kyrka-utan-partipolitik\/\",\"url\":\"https:\/\/www.posk.se\/orebro\/vision\/en-kyrka-utan-partipolitik\/\",\"name\":\"En kyrka utan partipolitik - \u00d6rebro\",\"isPartOf\":{\"@id\":\"https:\/\/www.posk.se\/orebro\/#website\"},\"primaryImageOfPage\":{\"@id\":\"https:\/\/www.posk.se\/orebro\/vision\/en-kyrka-utan-partipolitik\/#primaryimage\"},\"image\":{\"@id\":\"https:\/\/www.posk.se\/orebro\/vision\/en-kyrka-utan-partipolitik\/#primaryimage\"},\"thumbnailUrl\":\"https:\/\/www.posk.se\/orebro\/wp-content\/uploads\/sites\/157\/2025\/03\/img-20240523-155303-475-241x300.jpg\",\"datePublished\":\"2025-03-03T16:08:58+00:00\",\"dateModified\":\"2025-03-26T11:08:45+00:00\",\"breadcrumb\":{\"@id\":\"https:\/\/www.posk.se\/orebro\/vision\/en-kyrka-utan-partipolitik\/#breadcrumb\"},\"inLanguage\":\"sv-SE\",\"potentialAction\":[{\"@type\":\"ReadAction\",\"target\":[\"https:\/\/www.posk.se\/orebro\/vision\/en-kyrka-utan-partipolitik\/\"]}]},{\"@type\":\"ImageObject\",\"inLanguage\":\"sv-SE\",\"@id\":\"https:\/\/www.posk.se\/orebro\/vision\/en-kyrka-utan-partipolitik\/#primaryimage\",\"url\":\"https:\/\/www.posk.se\/orebro\/wp-content\/uploads\/sites\/157\/2025\/03\/img-20240523-155303-475.jpg\",\"contentUrl\":\"https:\/\/www.posk.se\/orebro\/wp-content\/uploads\/sites\/157\/2025\/03\/img-20240523-155303-475.jpg\",\"width\":1080,\"height\":1346},{\"@type\":\"BreadcrumbList\",\"@id\":\"https:\/\/www.posk.se\/orebro\/vision\/en-kyrka-utan-partipolitik\/#breadcrumb\",\"itemListElement\":[{\"@type\":\"ListItem\",\"position\":1,\"name\":\"Hem\",\"item\":\"https:\/\/www.posk.se\/orebro\/\"},{\"@type\":\"ListItem\",\"position\":2,\"name\":\"Vision\",\"item\":\"https:\/\/www.posk.se\/orebro\/vision\/\"},{\"@type\":\"ListItem\",\"position\":3,\"name\":\"En kyrka utan partipolitik\"}]},{\"@type\":\"WebSite\",\"@id\":\"https:\/\/www.posk.se\/orebro\/#website\",\"url\":\"https:\/\/www.posk.se\/orebro\/\",\"name\":\"\u00d6rebro\",\"description\":\"POSK-grupp i Str\u00e4ngn\u00e4s stift\",\"potentialAction\":[{\"@type\":\"SearchAction\",\"target\":{\"@type\":\"EntryPoint\",\"urlTemplate\":\"https:\/\/www.posk.se\/orebro\/?s={search_term_string}\"},\"query-input\":{\"@type\":\"PropertyValueSpecification\",\"valueRequired\":true,\"valueName\":\"search_term_string\"}}],\"inLanguage\":\"sv-SE\"}]}<\/script>\n<!-- \/ Yoast SEO plugin. -->","yoast_head_json":{"title":"En kyrka utan partipolitik - \u00d6rebro","robots":{"index":"index","follow":"follow","max-snippet":"max-snippet:-1","max-image-preview":"max-image-preview:large","max-video-preview":"max-video-preview:-1"},"canonical":"https:\/\/www.posk.se\/orebro\/vision\/en-kyrka-utan-partipolitik\/","og_locale":"sv_SE","og_type":"article","og_title":"En kyrka utan partipolitik - \u00d6rebro","og_description":"Svenska kyrkans beslutsfattare ska vara demokratiskt valda och representera sina f\u00f6rsamlingar. POSK vill att partiernas inflytande \u00f6ver Svenska kyrkan upph\u00f6r, och menar att det \u00e4r orimligt att sekul\u00e4ra partiorganisationer \u00e4r med och styr ett trossamfund. Kyrkans beslut b\u00f6r i h\u00f6gre grad fattas i gemenskap och enighet och inte underst\u00f6dja en anda av konflikt mellan olika [&hellip;]","og_url":"https:\/\/www.posk.se\/orebro\/vision\/en-kyrka-utan-partipolitik\/","og_site_name":"\u00d6rebro","article_modified_time":"2025-03-26T11:08:45+00:00","og_image":[{"width":1080,"height":1346,"url":"https:\/\/www.posk.se\/orebro\/wp-content\/uploads\/sites\/157\/2025\/03\/img-20240523-155303-475.jpg","type":"image\/jpeg"}],"twitter_card":"summary_large_image","twitter_misc":{"Ber\u00e4knad l\u00e4stid":"1 minut"},"schema":{"@context":"https:\/\/schema.org","@graph":[{"@type":"WebPage","@id":"https:\/\/www.posk.se\/orebro\/vision\/en-kyrka-utan-partipolitik\/","url":"https:\/\/www.posk.se\/orebro\/vision\/en-kyrka-utan-partipolitik\/","name":"En kyrka utan partipolitik - \u00d6rebro","isPartOf":{"@id":"https:\/\/www.posk.se\/orebro\/#website"},"primaryImageOfPage":{"@id":"https:\/\/www.posk.se\/orebro\/vision\/en-kyrka-utan-partipolitik\/#primaryimage"},"image":{"@id":"https:\/\/www.posk.se\/orebro\/vision\/en-kyrka-utan-partipolitik\/#primaryimage"},"thumbnailUrl":"https:\/\/www.posk.se\/orebro\/wp-content\/uploads\/sites\/157\/2025\/03\/img-20240523-155303-475-241x300.jpg","datePublished":"2025-03-03T16:08:58+00:00","dateModified":"2025-03-26T11:08:45+00:00","breadcrumb":{"@id":"https:\/\/www.posk.se\/orebro\/vision\/en-kyrka-utan-partipolitik\/#breadcrumb"},"inLanguage":"sv-SE","potentialAction":[{"@type":"ReadAction","target":["https:\/\/www.posk.se\/orebro\/vision\/en-kyrka-utan-partipolitik\/"]}]},{"@type":"ImageObject","inLanguage":"sv-SE","@id":"https:\/\/www.posk.se\/orebro\/vision\/en-kyrka-utan-partipolitik\/#primaryimage","url":"https:\/\/www.posk.se\/orebro\/wp-content\/uploads\/sites\/157\/2025\/03\/img-20240523-155303-475.jpg","contentUrl":"https:\/\/www.posk.se\/orebro\/wp-content\/uploads\/sites\/157\/2025\/03\/img-20240523-155303-475.jpg","width":1080,"height":1346},{"@type":"BreadcrumbList","@id":"https:\/\/www.posk.se\/orebro\/vision\/en-kyrka-utan-partipolitik\/#breadcrumb","itemListElement":[{"@type":"ListItem","position":1,"name":"Hem","item":"https:\/\/www.posk.se\/orebro\/"},{"@type":"ListItem","position":2,"name":"Vision","item":"https:\/\/www.posk.se\/orebro\/vision\/"},{"@type":"ListItem","position":3,"name":"En kyrka utan partipolitik"}]},{"@type":"WebSite","@id":"https:\/\/www.posk.se\/orebro\/#website","url":"https:\/\/www.posk.se\/orebro\/","name":"\u00d6rebro","description":"POSK-grupp i Str\u00e4ngn\u00e4s stift","potentialAction":[{"@type":"SearchAction","target":{"@type":"EntryPoint","urlTemplate":"https:\/\/www.posk.se\/orebro\/?s={search_term_string}"},"query-input":{"@type":"PropertyValueSpecification","valueRequired":true,"valueName":"search_term_string"}}],"inLanguage":"sv-SE"}]}},"_links":{"self":[{"href":"https:\/\/www.posk.se\/orebro\/wp-json\/wp\/v2\/pages\/371","targetHints":{"allow":["GET"]}}],"collection":[{"href":"https:\/\/www.posk.se\/orebro\/wp-json\/wp\/v2\/pages"}],"about":[{"href":"https:\/\/www.posk.se\/orebro\/wp-json\/wp\/v2\/types\/page"}],"author":[{"embeddable":true,"href":"https:\/\/www.posk.se\/orebro\/wp-json\/wp\/v2\/users\/1908"}],"replies":[{"embeddable":true,"href":"https:\/\/www.posk.se\/orebro\/wp-json\/wp\/v2\/comments?post=371"}],"version-history":[{"count":20,"href":"https:\/\/www.posk.se\/orebro\/wp-json\/wp\/v2\/pages\/371\/revisions"}],"predecessor-version":[{"id":682,"href":"https:\/\/www.posk.se\/orebro\/wp-json\/wp\/v2\/pages\/371\/revisions\/682"}],"up":[{"embeddable":true,"href":"https:\/\/www.posk.se\/orebro\/wp-json\/wp\/v2\/pages\/314"}],"wp:attachment":[{"href":"https:\/\/www.posk.se\/orebro\/wp-json\/wp\/v2\/media?parent=371"}],"curies":[{"name":"wp","href":"https:\/\/api.w.org\/{rel}","templated":true}]}}

<h5><strong><span style="color: #993300">Svenska kyrkans beslutsfattare ska vara demokratiskt valda och representera sina församlingar.</span></strong></h5>
<h5>POSK vill att partiernas inflytande över Svenska kyrkan upphör, och menar att det är orimligt att sekulära partiorganisationer är med och styr ett trossamfund.</h5>
<h5>Kyrkans beslut bör i högre grad fattas i gemenskap och enighet och inte understödja en anda av konflikt mellan olika politiska åsiktsgrupperingar.</h5>
<h5>POSK vill arbeta för</h5>
<h5>&#8211; att förändra valsystemet så att det blir enklare och billigare.<br />
&#8211; att stiftsfullmäktiges och kyrkomötets ledamöter väljs av församlingarna i indirekta val.<br />
&#8211; att det sker en återhållsamhet med arvodering av förtroendeuppdrag.<br />
&#8211; att beslut som rör församlingen fattas så nära verksamheten och de tillhöriga som möjligt.<br />
&#8211; att utreda nationella nivåns uppdrag och stiftens teologiska grund i förhållande till församlingarna.</h5>
<p>&nbsp;</p>
<p><img loading="lazy" decoding="async" class=" wp-image-347 alignleft" src="https://www.posk.se/orebro/wp-content/uploads/sites/157/2025/03/img-20240523-155303-475-241x300.jpg" alt="" width="497" height="619" srcset="https://www.posk.se/orebro/wp-content/uploads/sites/157/2025/03/img-20240523-155303-475-241x300.jpg 241w, https://www.posk.se/orebro/wp-content/uploads/sites/157/2025/03/img-20240523-155303-475-822x1024.jpg 822w, https://www.posk.se/orebro/wp-content/uploads/sites/157/2025/03/img-20240523-155303-475-768x957.jpg 768w, https://www.posk.se/orebro/wp-content/uploads/sites/157/2025/03/img-20240523-155303-475-330x411.jpg 330w, https://www.posk.se/orebro/wp-content/uploads/sites/157/2025/03/img-20240523-155303-475.jpg 1080w" sizes="auto, (max-width: 497px) 100vw, 497px" /></p>

<p>Svenska kyrkans beslutsfattare ska vara demokratiskt valda och representera sina församlingar. POSK vill att partiernas inflytande över Svenska kyrkan upphör, och menar att det är orimligt att sekulära partiorganisationer är med och styr ett trossamfund. Kyrkans beslut bör i högre grad fattas i gemenskap och enighet och inte understödja en anda av konflikt mellan olika [&hellip;]</p>

<!-- This site is optimized with the Yoast SEO plugin v24.9 - https://yoast.com/wordpress/plugins/seo/ -->
<title>En kyrka utan partipolitik - Örebro</title>
<meta name="robots" content="index, follow, max-snippet:-1, max-image-preview:large, max-video-preview:-1" />
<link rel="canonical" href="https://www.posk.se/orebro/vision/en-kyrka-utan-partipolitik/" />
<meta property="og:locale" content="sv_SE" />
<meta property="og:type" content="article" />
<meta property="og:title" content="En kyrka utan partipolitik - Örebro" />
<meta property="og:description" content="Svenska kyrkans beslutsfattare ska vara demokratiskt valda och representera sina församlingar. POSK vill att partiernas inflytande över Svenska kyrkan upphör, och menar att det är orimligt att sekulära partiorganisationer är med och styr ett trossamfund. Kyrkans beslut bör i högre grad fattas i gemenskap och enighet och inte understödja en anda av konflikt mellan olika [&hellip;]" />
<meta property="og:url" content="https://www.posk.se/orebro/vision/en-kyrka-utan-partipolitik/" />
<meta property="og:site_name" content="Örebro" />
<meta property="article:modified_time" content="2025-03-26T11:08:45+00:00" />
<meta property="og:image" content="https://www.posk.se/orebro/wp-content/uploads/sites/157/2025/03/img-20240523-155303-475.jpg" />
	<meta property="og:image:width" content="1080" />
	<meta property="og:image:height" content="1346" />
	<meta property="og:image:type" content="image/jpeg" />
<meta name="twitter:card" content="summary_large_image" />
<meta name="twitter:label1" content="Beräknad lästid" />
	<meta name="twitter:data1" content="1 minut" />
<script type="application/ld+json" class="yoast-schema-graph">{"@context":"https://schema.org","@graph":[{"@type":"WebPage","@id":"https://www.posk.se/orebro/vision/en-kyrka-utan-partipolitik/","url":"https://www.posk.se/orebro/vision/en-kyrka-utan-partipolitik/","name":"En kyrka utan partipolitik - Örebro","isPartOf":{"@id":"https://www.posk.se/orebro/#website"},"primaryImageOfPage":{"@id":"https://www.posk.se/orebro/vision/en-kyrka-utan-partipolitik/#primaryimage"},"image":{"@id":"https://www.posk.se/orebro/vision/en-kyrka-utan-partipolitik/#primaryimage"},"thumbnailUrl":"https://www.posk.se/orebro/wp-content/uploads/sites/157/2025/03/img-20240523-155303-475-241x300.jpg","datePublished":"2025-03-03T16:08:58+00:00","dateModified":"2025-03-26T11:08:45+00:00","breadcrumb":{"@id":"https://www.posk.se/orebro/vision/en-kyrka-utan-partipolitik/#breadcrumb"},"inLanguage":"sv-SE","potentialAction":[{"@type":"ReadAction","target":["https://www.posk.se/orebro/vision/en-kyrka-utan-partipolitik/"]}]},{"@type":"ImageObject","inLanguage":"sv-SE","@id":"https://www.posk.se/orebro/vision/en-kyrka-utan-partipolitik/#primaryimage","url":"https://www.posk.se/orebro/wp-content/uploads/sites/157/2025/03/img-20240523-155303-475.jpg","contentUrl":"https://www.posk.se/orebro/wp-content/uploads/sites/157/2025/03/img-20240523-155303-475.jpg","width":1080,"height":1346},{"@type":"BreadcrumbList","@id":"https://www.posk.se/orebro/vision/en-kyrka-utan-partipolitik/#breadcrumb","itemListElement":[{"@type":"ListItem","position":1,"name":"Hem","item":"https://www.posk.se/orebro/"},{"@type":"ListItem","position":2,"name":"Vision","item":"https://www.posk.se/orebro/vision/"},{"@type":"ListItem","position":3,"name":"En kyrka utan partipolitik"}]},{"@type":"WebSite","@id":"https://www.posk.se/orebro/#website","url":"https://www.posk.se/orebro/","name":"Örebro","description":"POSK-grupp i Strängnäs stift","potentialAction":[{"@type":"SearchAction","target":{"@type":"EntryPoint","urlTemplate":"https://www.posk.se/orebro/?s={search_term_string}"},"query-input":{"@type":"PropertyValueSpecification","valueRequired":true,"valueName":"search_term_string"}}],"inLanguage":"sv-SE"}]}</script>
<!-- / Yoast SEO plugin. -->

En kyrka utan partipolitik - Örebro

Svenska kyrkans beslutsfattare ska vara demokratiskt valda och representera sina församlingar. POSK vill att partiernas inflytande över Svenska kyrkan upphör, och menar att det är orimligt att sekulära partiorganisationer är med och styr ett trossamfund. Kyrkans beslut bör i högre grad fattas i gemenskap och enighet och inte understödja en anda av konflikt mellan olika [&hellip;]

Örebro

POSK-grupp i Strängnäs stift
