{"id":77,"date":"2017-04-30T15:57:08","date_gmt":"2017-04-30T13:57:08","guid":{"rendered":"https:\/\/www.posk.se\/onsala\/?page_id=77"},"modified":"2026-04-28T10:09:33","modified_gmt":"2026-04-28T08:09:33","slug":"i-backspegeln","status":"publish","type":"page","link":"https:\/\/www.posk.se\/onsala\/i-backspegeln\/","title":{"rendered":"I backspegeln"},"content":{"rendered":"<h3>L\u00e4s v\u00e5ra \u00e5rsm\u00f6tesprotokoll h\u00e4r:<\/h3>\n<p><a href=\"https:\/\/www.posk.se\/onsala\/wp-content\/uploads\/sites\/40\/2026\/04\/onsala-arsmotesprotokoll-260409.pdf\">onsala-arsmotesprotokoll-260409<\/a><br \/>\n<a href=\"https:\/\/www.posk.se\/onsala\/wp-content\/uploads\/sites\/40\/2025\/07\/onsala-arsmotesprotokoll-250326.pdf\">onsala-arsmotesprotokoll-250326<\/a><br \/>\n<a href=\"https:\/\/www.posk.se\/onsala\/wp-content\/uploads\/sites\/40\/2025\/02\/onsala-arsmotesprotokoll-240321.pdf\">onsala-arsmotesprotokoll-240321<\/a><br \/>\n<a href=\"https:\/\/www.posk.se\/onsala\/wp-content\/uploads\/sites\/40\/2025\/02\/onsala-arsmotesprotokoll-230309.pdf\">onsala-arsmotesprotokoll-230309<\/a><br \/>\n<a href=\"https:\/\/www.posk.se\/onsala\/wp-content\/uploads\/sites\/40\/2025\/02\/onsala-arsmotesprotokoll-220317.pdf\">onsala-arsmotesprotokoll-220317<\/a><br \/>\n<a href=\"https:\/\/www.posk.se\/onsala\/wp-content\/uploads\/sites\/40\/2021\/04\/onsala-arsmotesprotokoll-210311.pdf\">Onsala arsmotesprotokoll 210311<\/a><br \/>\n<a href=\"https:\/\/www.posk.se\/onsala\/wp-content\/uploads\/sites\/40\/2021\/02\/onsala-arsmotesprotokoll-201019.pdf\">onsala-arsmotesprotokoll-201019<\/a><br \/>\n<a href=\"https:\/\/www.posk.se\/onsala\/wp-content\/uploads\/sites\/40\/2021\/02\/onsala-arsmotesprotokoll-190321.pdf\">onsala-arsmotesprotokoll-190321<\/a><br \/>\n<a href=\"https:\/\/www.posk.se\/onsala\/wp-content\/uploads\/sites\/40\/2019\/02\/onsala-arsmotesprotokoll-180320.pdf\">onsala-arsmotesprotokoll-180320<\/a><br \/>\n<a href=\"https:\/\/www.posk.se\/onsala\/wp-content\/uploads\/sites\/40\/2016\/07\/onsala-arsmotesprotokoll-170323.docx\">onsala-arsmotesprotokoll-170323<\/a><a href=\"https:\/\/www.posk.se\/onsala\/wp-content\/uploads\/sites\/40\/2016\/07\/onsala-arsmotesprotokoll-160313.pdf\"><br \/>\nonsala-arsmotesprotokoll-160313<\/a><a href=\"https:\/\/www.posk.se\/onsala\/wp-content\/uploads\/sites\/40\/2016\/07\/onsala-arsmotesprotokoll-140227.pdf\"><br \/>\nonsala-arsmotesprotokoll-150223<br \/>\nonsala-arsmotesprotokoll-140227<br \/>\n<\/a><a href=\"https:\/\/www.posk.se\/onsala\/wp-content\/uploads\/sites\/40\/2016\/07\/onsala-arsmotesprotokoll-130304.pdf\">onsala-arsmotesprotokoll-130304<\/a><br \/>\n<a href=\"https:\/\/www.posk.se\/onsala\/wp-content\/uploads\/sites\/40\/2016\/07\/onsala-arsmotesprotokoll-120312.pdf\">onsala-arsmotesprotokoll-120312<\/a><br \/>\n<a href=\"https:\/\/www.posk.se\/onsala\/wp-content\/uploads\/sites\/40\/2016\/07\/onsala-arsmotesprotokoll-110317.pdf\">onsala-arsmotesprotokoll-110317<\/a><br \/>\n<a href=\"https:\/\/www.posk.se\/onsala\/wp-content\/uploads\/sites\/40\/2016\/07\/onsala-arsmotesprotokoll-100330.pdf\">onsala-arsmotesprotokoll-100330<\/a><br \/>\n<a href=\"https:\/\/www.posk.se\/onsala\/wp-content\/uploads\/sites\/40\/2016\/07\/onsala-arsmotesprotokoll-090312.pdf\">onsala-arsmotesprotokoll-090312<\/a><br \/>\n<a href=\"https:\/\/www.posk.se\/onsala\/wp-content\/uploads\/sites\/40\/2016\/07\/onsala-arsmotesprotokoll-080313.pdf\">onsala-arsmotesprotokoll-080313<\/a><br \/>\n<a href=\"https:\/\/www.posk.se\/onsala\/wp-content\/uploads\/sites\/40\/2016\/07\/onsala-arsmotesprotokoll-070315.pdf\">onsala-arsmotesprotokoll-070315<\/a><\/p>\n<h3>L\u00e4s v\u00e5ra verksamhetsber\u00e4ttelser h\u00e4r:<\/h3>\n<p><a href=\"https:\/\/www.posk.se\/onsala\/wp-content\/uploads\/sites\/40\/2026\/03\/onsala-verksamhetsberattelse-2025-och-verksamhetsplan-2026.docx\">v<\/a><a href=\"https:\/\/www.posk.se\/onsala\/wp-content\/uploads\/sites\/40\/2026\/03\/onsala-verksamhetsberattelse-2025-och-verksamhetsplan-2026.docx\">erksamhetsber\u00e4ttelse 2025<\/a><br \/>\n<a href=\"https:\/\/www.posk.se\/onsala\/wp-content\/uploads\/sites\/40\/2026\/04\/verksamhetsberattelse-2024.pdf\">verksamhetsberattelse 2024<\/a><br \/>\n<a href=\"https:\/\/www.posk.se\/onsala\/wp-content\/uploads\/sites\/40\/2026\/04\/verksamhetsberattelse-2023.pdf\">verksamhetsberattelse 2023<\/a><br \/>\n<a href=\"https:\/\/www.posk.se\/onsala\/wp-content\/uploads\/sites\/40\/2026\/04\/2022-verksamhetsberattelse.pdf\">verksamhetsberattelse 2022<\/a><br \/>\n<a href=\"https:\/\/www.posk.se\/onsala\/wp-content\/uploads\/sites\/40\/2026\/04\/verksamhetsberattelse-2021.pdf\">verksamhetsber\u00e4ttelse 2021<\/a><br \/>\n<a href=\"https:\/\/www.posk.se\/onsala\/wp-content\/uploads\/sites\/40\/2026\/04\/verksamhetsberattelse-2020.pdf\">verksamhetsber\u00e4ttelse 2020<\/a><br \/>\n<a href=\"https:\/\/www.posk.se\/onsala\/wp-content\/uploads\/sites\/40\/2021\/02\/verksamhetsberattelse-2019.pdf\">verksamhetsber\u00e4ttelse 2019<br \/>\n<\/a><a href=\"https:\/\/www.posk.se\/onsala\/wp-content\/uploads\/sites\/40\/2019\/02\/verksamhetsberattelse-2018-1.pdf\">verksamhetsber\u00e4ttelse 2018<\/a><br \/>\n<a href=\"https:\/\/www.posk.se\/onsala\/wp-content\/uploads\/sites\/40\/2019\/02\/verksamhetsberattelse-2017.pdf\">verksamhetsber\u00e4ttelse 2017<\/a><br \/>\n<a href=\"https:\/\/www.posk.se\/onsala\/wp-content\/uploads\/sites\/40\/2016\/07\/verksamhetsberattelse-2016.pdf\">verksamhetsberattelse-2016<\/a><a href=\"https:\/\/www.posk.se\/onsala\/wp-content\/uploads\/sites\/40\/2016\/07\/verksamhetsberattelse_2015.pdf\"><br \/>\nverksamhetsberattelse_2015<\/a><a href=\"https:\/\/www.posk.se\/onsala\/wp-content\/uploads\/sites\/40\/2016\/07\/verksamhetsberattelse_2012.pdf\"><br \/>\n<\/a><a href=\"https:\/\/www.posk.se\/onsala\/wp-content\/uploads\/sites\/40\/2016\/07\/verksamhetsberattelse_2014.pdf\">verksamhetsberattelse_2014<\/a><a href=\"https:\/\/www.posk.se\/onsala\/wp-content\/uploads\/sites\/40\/2016\/07\/verksamhetsberattelse_2012.pdf\"><br \/>\n<\/a><a href=\"https:\/\/www.posk.se\/onsala\/wp-content\/uploads\/sites\/40\/2016\/07\/verksamhetsberattelse_2013.pdf\">verksamhetsberattelse_2013<\/a><a href=\"https:\/\/www.posk.se\/onsala\/wp-content\/uploads\/sites\/40\/2016\/07\/verksamhetsberattelse_2012.pdf\"><br \/>\nverksamhetsberattelse_2012<\/a><br \/>\n<a href=\"https:\/\/www.posk.se\/onsala\/wp-content\/uploads\/sites\/40\/2016\/07\/verksamhetsberattelse_2011.pdf\">verksamhetsberattelse_2011<\/a><br \/>\n<a href=\"https:\/\/www.posk.se\/onsala\/wp-content\/uploads\/sites\/40\/2016\/07\/verksamhetsberattelse_2010.pdf\">verksamhetsberattelse_2010<\/a><br \/>\n<a href=\"https:\/\/www.posk.se\/onsala\/wp-content\/uploads\/sites\/40\/2016\/07\/verksamhetsberattelse_2009.pdf\">verksamhetsberattelse_2009<\/a><br \/>\n<a href=\"https:\/\/www.posk.se\/onsala\/wp-content\/uploads\/sites\/40\/2016\/07\/verksamhetsberattelse_2008.pdf\">verksamhetsberattelse_2008<\/a><br \/>\n<a href=\"https:\/\/www.posk.se\/onsala\/wp-content\/uploads\/sites\/40\/2016\/07\/verksamhetsberattelse_2007.pdf\">verksamhetsberattelse_2007<\/a><br \/>\n<a href=\"https:\/\/www.posk.se\/onsala\/wp-content\/uploads\/sites\/40\/2016\/07\/verksamhetsberattelse_2006.pdf\">verksamhetsberattelse_2006<\/a><\/p>\n<h3>L\u00e4s om v\u00e5ra medlemsm\u00f6ten h\u00e4r<\/h3>\n<p><a href=\"https:\/\/www.posk.se\/onsala\/wp-content\/uploads\/sites\/40\/2019\/02\/20180907-grillfest-rapport.pdf\">20180907 grillfest rapport<\/a><\/p>\n<p>&nbsp;<\/p>\n<p>L\u00e4s om v\u00e5ra f\u00f6rtroendevalda f\u00f6r mandatperiod 2026 \u2013 2029 h\u00e4r:<br \/>\n<a href=\"https:\/\/www.posk.se\/onsala\/wp-content\/uploads\/sites\/40\/2026\/04\/valresultat-kfm-och-kr-2025.pdf\">valresultat-kfm-och-kr-2025<\/a><\/p>\n<p><strong>L\u00e4s om v\u00e5ra f\u00f6rtroendevalda f\u00f6r<\/strong> mandatperiod 2022 \u2013 2025 h\u00e4r:<br \/>\n<a href=\"https:\/\/www.posk.se\/onsala\/wp-content\/uploads\/sites\/40\/2025\/02\/valresultat-kfm-och-kr-2021.pdf\"><strong>valresultat-kfm-och-kr-2021<\/strong><\/a><\/p>\n<p>L\u00e4s om v\u00e5ra f\u00f6rtroendevalda f\u00f6r mandatperiod 2018 &#8211; 2021 h\u00e4r: <a href=\"https:\/\/www.posk.se\/onsala\/wp-content\/uploads\/sites\/40\/2018\/01\/valresultat-kfm-och-kr-2017.pdf\"><br \/>\n<strong>valresultat-kfm-och-kr-2017<\/strong><\/a><\/p>\n<p>&nbsp;<\/p>\n<p>Bilden \u00e4r fr\u00e5n \u00e5rsm\u00f6te 2019 p\u00e5 f\u00f6rsamlingshemmet<\/p>\n<h6 style=\"text-align: center\"><\/h6>\n","protected":false},"excerpt":{"rendered":"<p>L\u00e4s v\u00e5ra \u00e5rsm\u00f6tesprotokoll h\u00e4r: onsala-arsmotesprotokoll-260409 onsala-arsmotesprotokoll-250326 onsala-arsmotesprotokoll-240321 onsala-arsmotesprotokoll-230309 onsala-arsmotesprotokoll-220317 Onsala arsmotesprotokoll 210311 onsala-arsmotesprotokoll-201019 onsala-arsmotesprotokoll-190321 onsala-arsmotesprotokoll-180320 onsala-arsmotesprotokoll-170323 onsala-arsmotesprotokoll-160313 onsala-arsmotesprotokoll-150223 onsala-arsmotesprotokoll-140227 onsala-arsmotesprotokoll-130304 onsala-arsmotesprotokoll-120312 onsala-arsmotesprotokoll-110317 onsala-arsmotesprotokoll-100330 onsala-arsmotesprotokoll-090312 onsala-arsmotesprotokoll-080313 onsala-arsmotesprotokoll-070315 L\u00e4s v\u00e5ra verksamhetsber\u00e4ttelser h\u00e4r: verksamhetsber\u00e4ttelse 2025 verksamhetsberattelse 2024 verksamhetsberattelse 2023 verksamhetsberattelse 2022 verksamhetsber\u00e4ttelse 2021 verksamhetsber\u00e4ttelse 2020 verksamhetsber\u00e4ttelse 2019 verksamhetsber\u00e4ttelse 2018 verksamhetsber\u00e4ttelse 2017 verksamhetsberattelse-2016 verksamhetsberattelse_2015 verksamhetsberattelse_2014 verksamhetsberattelse_2013 verksamhetsberattelse_2012 verksamhetsberattelse_2011 verksamhetsberattelse_2010 [&hellip;]<\/p>\n","protected":false},"author":97,"featured_media":437,"parent":0,"menu_order":6,"comment_status":"closed","ping_status":"closed","template":"page-templates\/page-sidebar-left.php","meta":{"_acf_changed":false,"footnotes":""},"class_list":["post-77","page","type-page","status-publish","has-post-thumbnail","hentry"],"acf":[],"yoast_head":"<!-- This site is optimized with the Yoast SEO plugin v24.9 - https:\/\/yoast.com\/wordpress\/plugins\/seo\/ -->\n<title>I backspegeln - Onsala<\/title>\n<meta name=\"robots\" content=\"index, follow, max-snippet:-1, max-image-preview:large, max-video-preview:-1\" \/>\n<link rel=\"canonical\" href=\"https:\/\/www.posk.se\/onsala\/i-backspegeln\/\" \/>\n<meta property=\"og:locale\" content=\"sv_SE\" \/>\n<meta property=\"og:type\" content=\"article\" \/>\n<meta property=\"og:title\" content=\"I backspegeln - Onsala\" \/>\n<meta property=\"og:description\" content=\"L\u00e4s v\u00e5ra \u00e5rsm\u00f6tesprotokoll h\u00e4r: onsala-arsmotesprotokoll-260409 onsala-arsmotesprotokoll-250326 onsala-arsmotesprotokoll-240321 onsala-arsmotesprotokoll-230309 onsala-arsmotesprotokoll-220317 Onsala arsmotesprotokoll 210311 onsala-arsmotesprotokoll-201019 onsala-arsmotesprotokoll-190321 onsala-arsmotesprotokoll-180320 onsala-arsmotesprotokoll-170323 onsala-arsmotesprotokoll-160313 onsala-arsmotesprotokoll-150223 onsala-arsmotesprotokoll-140227 onsala-arsmotesprotokoll-130304 onsala-arsmotesprotokoll-120312 onsala-arsmotesprotokoll-110317 onsala-arsmotesprotokoll-100330 onsala-arsmotesprotokoll-090312 onsala-arsmotesprotokoll-080313 onsala-arsmotesprotokoll-070315 L\u00e4s v\u00e5ra verksamhetsber\u00e4ttelser h\u00e4r: verksamhetsber\u00e4ttelse 2025 verksamhetsberattelse 2024 verksamhetsberattelse 2023 verksamhetsberattelse 2022 verksamhetsber\u00e4ttelse 2021 verksamhetsber\u00e4ttelse 2020 verksamhetsber\u00e4ttelse 2019 verksamhetsber\u00e4ttelse 2018 verksamhetsber\u00e4ttelse 2017 verksamhetsberattelse-2016 verksamhetsberattelse_2015 verksamhetsberattelse_2014 verksamhetsberattelse_2013 verksamhetsberattelse_2012 verksamhetsberattelse_2011 verksamhetsberattelse_2010 [&hellip;]\" \/>\n<meta property=\"og:url\" content=\"https:\/\/www.posk.se\/onsala\/i-backspegeln\/\" \/>\n<meta property=\"og:site_name\" content=\"Onsala\" \/>\n<meta property=\"article:modified_time\" content=\"2026-04-28T08:09:33+00:00\" \/>\n<meta property=\"og:image\" content=\"https:\/\/www.posk.se\/onsala\/wp-content\/uploads\/sites\/40\/2026\/04\/20201019-175622-mindre.jpg\" \/>\n\t<meta property=\"og:image:width\" content=\"850\" \/>\n\t<meta property=\"og:image:height\" content=\"191\" \/>\n\t<meta property=\"og:image:type\" content=\"image\/jpeg\" \/>\n<meta name=\"twitter:card\" content=\"summary_large_image\" \/>\n<meta name=\"twitter:label1\" content=\"Ber\u00e4knad l\u00e4stid\" \/>\n\t<meta name=\"twitter:data1\" content=\"1 minut\" \/>\n<script type=\"application\/ld+json\" class=\"yoast-schema-graph\">{\"@context\":\"https:\/\/schema.org\",\"@graph\":[{\"@type\":\"WebPage\",\"@id\":\"https:\/\/www.posk.se\/onsala\/i-backspegeln\/\",\"url\":\"https:\/\/www.posk.se\/onsala\/i-backspegeln\/\",\"name\":\"I backspegeln - Onsala\",\"isPartOf\":{\"@id\":\"https:\/\/www.posk.se\/onsala\/#website\"},\"primaryImageOfPage\":{\"@id\":\"https:\/\/www.posk.se\/onsala\/i-backspegeln\/#primaryimage\"},\"image\":{\"@id\":\"https:\/\/www.posk.se\/onsala\/i-backspegeln\/#primaryimage\"},\"thumbnailUrl\":\"https:\/\/www.posk.se\/onsala\/wp-content\/uploads\/sites\/40\/2026\/04\/20201019-175622-mindre.jpg\",\"datePublished\":\"2017-04-30T13:57:08+00:00\",\"dateModified\":\"2026-04-28T08:09:33+00:00\",\"breadcrumb\":{\"@id\":\"https:\/\/www.posk.se\/onsala\/i-backspegeln\/#breadcrumb\"},\"inLanguage\":\"sv-SE\",\"potentialAction\":[{\"@type\":\"ReadAction\",\"target\":[\"https:\/\/www.posk.se\/onsala\/i-backspegeln\/\"]}]},{\"@type\":\"ImageObject\",\"inLanguage\":\"sv-SE\",\"@id\":\"https:\/\/www.posk.se\/onsala\/i-backspegeln\/#primaryimage\",\"url\":\"https:\/\/www.posk.se\/onsala\/wp-content\/uploads\/sites\/40\/2026\/04\/20201019-175622-mindre.jpg\",\"contentUrl\":\"https:\/\/www.posk.se\/onsala\/wp-content\/uploads\/sites\/40\/2026\/04\/20201019-175622-mindre.jpg\",\"width\":850,\"height\":191,\"caption\":\"\u00c5rsm\u00f6te 2019 p\u00e5 f\u00f6rsamlingshemmet\"},{\"@type\":\"BreadcrumbList\",\"@id\":\"https:\/\/www.posk.se\/onsala\/i-backspegeln\/#breadcrumb\",\"itemListElement\":[{\"@type\":\"ListItem\",\"position\":1,\"name\":\"Hem\",\"item\":\"https:\/\/www.posk.se\/onsala\/\"},{\"@type\":\"ListItem\",\"position\":2,\"name\":\"I backspegeln\"}]},{\"@type\":\"WebSite\",\"@id\":\"https:\/\/www.posk.se\/onsala\/#website\",\"url\":\"https:\/\/www.posk.se\/onsala\/\",\"name\":\"Onsala\",\"description\":\"POSK-grupp i G\u00f6teborgs stift\",\"potentialAction\":[{\"@type\":\"SearchAction\",\"target\":{\"@type\":\"EntryPoint\",\"urlTemplate\":\"https:\/\/www.posk.se\/onsala\/?s={search_term_string}\"},\"query-input\":{\"@type\":\"PropertyValueSpecification\",\"valueRequired\":true,\"valueName\":\"search_term_string\"}}],\"inLanguage\":\"sv-SE\"}]}<\/script>\n<!-- \/ Yoast SEO plugin. -->","yoast_head_json":{"title":"I backspegeln - Onsala","robots":{"index":"index","follow":"follow","max-snippet":"max-snippet:-1","max-image-preview":"max-image-preview:large","max-video-preview":"max-video-preview:-1"},"canonical":"https:\/\/www.posk.se\/onsala\/i-backspegeln\/","og_locale":"sv_SE","og_type":"article","og_title":"I backspegeln - Onsala","og_description":"L\u00e4s v\u00e5ra \u00e5rsm\u00f6tesprotokoll h\u00e4r: onsala-arsmotesprotokoll-260409 onsala-arsmotesprotokoll-250326 onsala-arsmotesprotokoll-240321 onsala-arsmotesprotokoll-230309 onsala-arsmotesprotokoll-220317 Onsala arsmotesprotokoll 210311 onsala-arsmotesprotokoll-201019 onsala-arsmotesprotokoll-190321 onsala-arsmotesprotokoll-180320 onsala-arsmotesprotokoll-170323 onsala-arsmotesprotokoll-160313 onsala-arsmotesprotokoll-150223 onsala-arsmotesprotokoll-140227 onsala-arsmotesprotokoll-130304 onsala-arsmotesprotokoll-120312 onsala-arsmotesprotokoll-110317 onsala-arsmotesprotokoll-100330 onsala-arsmotesprotokoll-090312 onsala-arsmotesprotokoll-080313 onsala-arsmotesprotokoll-070315 L\u00e4s v\u00e5ra verksamhetsber\u00e4ttelser h\u00e4r: verksamhetsber\u00e4ttelse 2025 verksamhetsberattelse 2024 verksamhetsberattelse 2023 verksamhetsberattelse 2022 verksamhetsber\u00e4ttelse 2021 verksamhetsber\u00e4ttelse 2020 verksamhetsber\u00e4ttelse 2019 verksamhetsber\u00e4ttelse 2018 verksamhetsber\u00e4ttelse 2017 verksamhetsberattelse-2016 verksamhetsberattelse_2015 verksamhetsberattelse_2014 verksamhetsberattelse_2013 verksamhetsberattelse_2012 verksamhetsberattelse_2011 verksamhetsberattelse_2010 [&hellip;]","og_url":"https:\/\/www.posk.se\/onsala\/i-backspegeln\/","og_site_name":"Onsala","article_modified_time":"2026-04-28T08:09:33+00:00","og_image":[{"width":850,"height":191,"url":"https:\/\/www.posk.se\/onsala\/wp-content\/uploads\/sites\/40\/2026\/04\/20201019-175622-mindre.jpg","type":"image\/jpeg"}],"twitter_card":"summary_large_image","twitter_misc":{"Ber\u00e4knad l\u00e4stid":"1 minut"},"schema":{"@context":"https:\/\/schema.org","@graph":[{"@type":"WebPage","@id":"https:\/\/www.posk.se\/onsala\/i-backspegeln\/","url":"https:\/\/www.posk.se\/onsala\/i-backspegeln\/","name":"I backspegeln - Onsala","isPartOf":{"@id":"https:\/\/www.posk.se\/onsala\/#website"},"primaryImageOfPage":{"@id":"https:\/\/www.posk.se\/onsala\/i-backspegeln\/#primaryimage"},"image":{"@id":"https:\/\/www.posk.se\/onsala\/i-backspegeln\/#primaryimage"},"thumbnailUrl":"https:\/\/www.posk.se\/onsala\/wp-content\/uploads\/sites\/40\/2026\/04\/20201019-175622-mindre.jpg","datePublished":"2017-04-30T13:57:08+00:00","dateModified":"2026-04-28T08:09:33+00:00","breadcrumb":{"@id":"https:\/\/www.posk.se\/onsala\/i-backspegeln\/#breadcrumb"},"inLanguage":"sv-SE","potentialAction":[{"@type":"ReadAction","target":["https:\/\/www.posk.se\/onsala\/i-backspegeln\/"]}]},{"@type":"ImageObject","inLanguage":"sv-SE","@id":"https:\/\/www.posk.se\/onsala\/i-backspegeln\/#primaryimage","url":"https:\/\/www.posk.se\/onsala\/wp-content\/uploads\/sites\/40\/2026\/04\/20201019-175622-mindre.jpg","contentUrl":"https:\/\/www.posk.se\/onsala\/wp-content\/uploads\/sites\/40\/2026\/04\/20201019-175622-mindre.jpg","width":850,"height":191,"caption":"\u00c5rsm\u00f6te 2019 p\u00e5 f\u00f6rsamlingshemmet"},{"@type":"BreadcrumbList","@id":"https:\/\/www.posk.se\/onsala\/i-backspegeln\/#breadcrumb","itemListElement":[{"@type":"ListItem","position":1,"name":"Hem","item":"https:\/\/www.posk.se\/onsala\/"},{"@type":"ListItem","position":2,"name":"I backspegeln"}]},{"@type":"WebSite","@id":"https:\/\/www.posk.se\/onsala\/#website","url":"https:\/\/www.posk.se\/onsala\/","name":"Onsala","description":"POSK-grupp i G\u00f6teborgs stift","potentialAction":[{"@type":"SearchAction","target":{"@type":"EntryPoint","urlTemplate":"https:\/\/www.posk.se\/onsala\/?s={search_term_string}"},"query-input":{"@type":"PropertyValueSpecification","valueRequired":true,"valueName":"search_term_string"}}],"inLanguage":"sv-SE"}]}},"_links":{"self":[{"href":"https:\/\/www.posk.se\/onsala\/wp-json\/wp\/v2\/pages\/77","targetHints":{"allow":["GET"]}}],"collection":[{"href":"https:\/\/www.posk.se\/onsala\/wp-json\/wp\/v2\/pages"}],"about":[{"href":"https:\/\/www.posk.se\/onsala\/wp-json\/wp\/v2\/types\/page"}],"author":[{"embeddable":true,"href":"https:\/\/www.posk.se\/onsala\/wp-json\/wp\/v2\/users\/97"}],"replies":[{"embeddable":true,"href":"https:\/\/www.posk.se\/onsala\/wp-json\/wp\/v2\/comments?post=77"}],"version-history":[{"count":19,"href":"https:\/\/www.posk.se\/onsala\/wp-json\/wp\/v2\/pages\/77\/revisions"}],"predecessor-version":[{"id":445,"href":"https:\/\/www.posk.se\/onsala\/wp-json\/wp\/v2\/pages\/77\/revisions\/445"}],"wp:featuredmedia":[{"embeddable":true,"href":"https:\/\/www.posk.se\/onsala\/wp-json\/wp\/v2\/media\/437"}],"wp:attachment":[{"href":"https:\/\/www.posk.se\/onsala\/wp-json\/wp\/v2\/media?parent=77"}],"curies":[{"name":"wp","href":"https:\/\/api.w.org\/{rel}","templated":true}]}}