{"id":67,"date":"2017-04-30T15:14:45","date_gmt":"2017-04-30T13:14:45","guid":{"rendered":"https:\/\/www.posk.se\/onsala\/?page_id=67"},"modified":"2025-03-04T11:03:15","modified_gmt":"2025-03-04T10:03:15","slug":"onsala-kyrkovalet-2013","status":"publish","type":"page","link":"https:\/\/www.posk.se\/onsala\/onsala-kyrkovalet-2013\/","title":{"rendered":"Kyrkoval 2013"},"content":{"rendered":"<p>Valresultat och v\u00e5ra f\u00f6rtroendevalda under mandatperiod 2014 &#8211; 2017:<br \/>\n<a href=\"https:\/\/www.posk.se\/onsala\/wp-content\/uploads\/sites\/40\/2016\/07\/fortroendevalda-i-onsala-forsamling-2014-2.pdf\">fortroendevalda-i-onsala-forsamling-2014-2<\/a><\/p>\n<p>L\u00e4s v\u00e5rt valprogram fr\u00e5n valet 2013 h\u00e4r: <a href=\"https:\/\/www.posk.se\/onsala\/wp-content\/uploads\/sites\/40\/2016\/07\/progblad130821.pdf\">progblad130821.<br \/>\n<\/a><\/p>\n","protected":false},"excerpt":{"rendered":"<p>Valresultat och v\u00e5ra f\u00f6rtroendevalda under mandatperiod 2014 &#8211; 2017: fortroendevalda-i-onsala-forsamling-2014-2 L\u00e4s v\u00e5rt valprogram fr\u00e5n valet 2013 h\u00e4r: progblad130821.<\/p>\n","protected":false},"author":97,"featured_media":21,"parent":0,"menu_order":4,"comment_status":"closed","ping_status":"closed","template":"page-templates\/page-sidebar-left.php","meta":{"_acf_changed":false,"footnotes":""},"class_list":["post-67","page","type-page","status-publish","has-post-thumbnail","hentry"],"acf":[],"yoast_head":"<!-- This site is optimized with the Yoast SEO plugin v24.9 - https:\/\/yoast.com\/wordpress\/plugins\/seo\/ -->\n<title>Kyrkoval 2013 - Onsala<\/title>\n<meta name=\"robots\" content=\"index, follow, max-snippet:-1, max-image-preview:large, max-video-preview:-1\" \/>\n<link rel=\"canonical\" href=\"https:\/\/www.posk.se\/onsala\/onsala-kyrkovalet-2013\/\" \/>\n<meta property=\"og:locale\" content=\"sv_SE\" \/>\n<meta property=\"og:type\" content=\"article\" \/>\n<meta property=\"og:title\" content=\"Kyrkoval 2013 - Onsala\" \/>\n<meta property=\"og:description\" content=\"Valresultat och v\u00e5ra f\u00f6rtroendevalda under mandatperiod 2014 &#8211; 2017: fortroendevalda-i-onsala-forsamling-2014-2 L\u00e4s v\u00e5rt valprogram fr\u00e5n valet 2013 h\u00e4r: progblad130821.\" \/>\n<meta property=\"og:url\" content=\"https:\/\/www.posk.se\/onsala\/onsala-kyrkovalet-2013\/\" \/>\n<meta property=\"og:site_name\" content=\"Onsala\" \/>\n<meta property=\"article:modified_time\" content=\"2025-03-04T10:03:15+00:00\" \/>\n<meta property=\"og:image\" content=\"https:\/\/www.posk.se\/onsala\/wp-content\/uploads\/sites\/40\/2016\/07\/6242967126112411506_1369139236812-e1469970889439.jpg\" \/>\n\t<meta property=\"og:image:width\" content=\"2226\" \/>\n\t<meta property=\"og:image:height\" content=\"786\" \/>\n\t<meta property=\"og:image:type\" content=\"image\/jpeg\" \/>\n<meta name=\"twitter:card\" content=\"summary_large_image\" \/>\n<meta name=\"twitter:label1\" content=\"Ber\u00e4knad l\u00e4stid\" \/>\n\t<meta name=\"twitter:data1\" content=\"1 minut\" \/>\n<script type=\"application\/ld+json\" class=\"yoast-schema-graph\">{\"@context\":\"https:\/\/schema.org\",\"@graph\":[{\"@type\":\"WebPage\",\"@id\":\"https:\/\/www.posk.se\/onsala\/onsala-kyrkovalet-2013\/\",\"url\":\"https:\/\/www.posk.se\/onsala\/onsala-kyrkovalet-2013\/\",\"name\":\"Kyrkoval 2013 - Onsala\",\"isPartOf\":{\"@id\":\"https:\/\/www.posk.se\/onsala\/#website\"},\"primaryImageOfPage\":{\"@id\":\"https:\/\/www.posk.se\/onsala\/onsala-kyrkovalet-2013\/#primaryimage\"},\"image\":{\"@id\":\"https:\/\/www.posk.se\/onsala\/onsala-kyrkovalet-2013\/#primaryimage\"},\"thumbnailUrl\":\"https:\/\/www.posk.se\/onsala\/wp-content\/uploads\/sites\/40\/2016\/07\/6242967126112411506_1369139236812-e1469970889439.jpg\",\"datePublished\":\"2017-04-30T13:14:45+00:00\",\"dateModified\":\"2025-03-04T10:03:15+00:00\",\"breadcrumb\":{\"@id\":\"https:\/\/www.posk.se\/onsala\/onsala-kyrkovalet-2013\/#breadcrumb\"},\"inLanguage\":\"sv-SE\",\"potentialAction\":[{\"@type\":\"ReadAction\",\"target\":[\"https:\/\/www.posk.se\/onsala\/onsala-kyrkovalet-2013\/\"]}]},{\"@type\":\"ImageObject\",\"inLanguage\":\"sv-SE\",\"@id\":\"https:\/\/www.posk.se\/onsala\/onsala-kyrkovalet-2013\/#primaryimage\",\"url\":\"https:\/\/www.posk.se\/onsala\/wp-content\/uploads\/sites\/40\/2016\/07\/6242967126112411506_1369139236812-e1469970889439.jpg\",\"contentUrl\":\"https:\/\/www.posk.se\/onsala\/wp-content\/uploads\/sites\/40\/2016\/07\/6242967126112411506_1369139236812-e1469970889439.jpg\",\"width\":2226,\"height\":786},{\"@type\":\"BreadcrumbList\",\"@id\":\"https:\/\/www.posk.se\/onsala\/onsala-kyrkovalet-2013\/#breadcrumb\",\"itemListElement\":[{\"@type\":\"ListItem\",\"position\":1,\"name\":\"Hem\",\"item\":\"https:\/\/www.posk.se\/onsala\/\"},{\"@type\":\"ListItem\",\"position\":2,\"name\":\"Kyrkoval 2013\"}]},{\"@type\":\"WebSite\",\"@id\":\"https:\/\/www.posk.se\/onsala\/#website\",\"url\":\"https:\/\/www.posk.se\/onsala\/\",\"name\":\"Onsala\",\"description\":\"POSK-grupp i G\u00f6teborgs stift\",\"potentialAction\":[{\"@type\":\"SearchAction\",\"target\":{\"@type\":\"EntryPoint\",\"urlTemplate\":\"https:\/\/www.posk.se\/onsala\/?s={search_term_string}\"},\"query-input\":{\"@type\":\"PropertyValueSpecification\",\"valueRequired\":true,\"valueName\":\"search_term_string\"}}],\"inLanguage\":\"sv-SE\"}]}<\/script>\n<!-- \/ Yoast SEO plugin. -->","yoast_head_json":{"title":"Kyrkoval 2013 - Onsala","robots":{"index":"index","follow":"follow","max-snippet":"max-snippet:-1","max-image-preview":"max-image-preview:large","max-video-preview":"max-video-preview:-1"},"canonical":"https:\/\/www.posk.se\/onsala\/onsala-kyrkovalet-2013\/","og_locale":"sv_SE","og_type":"article","og_title":"Kyrkoval 2013 - Onsala","og_description":"Valresultat och v\u00e5ra f\u00f6rtroendevalda under mandatperiod 2014 &#8211; 2017: fortroendevalda-i-onsala-forsamling-2014-2 L\u00e4s v\u00e5rt valprogram fr\u00e5n valet 2013 h\u00e4r: progblad130821.","og_url":"https:\/\/www.posk.se\/onsala\/onsala-kyrkovalet-2013\/","og_site_name":"Onsala","article_modified_time":"2025-03-04T10:03:15+00:00","og_image":[{"width":2226,"height":786,"url":"https:\/\/www.posk.se\/onsala\/wp-content\/uploads\/sites\/40\/2016\/07\/6242967126112411506_1369139236812-e1469970889439.jpg","type":"image\/jpeg"}],"twitter_card":"summary_large_image","twitter_misc":{"Ber\u00e4knad l\u00e4stid":"1 minut"},"schema":{"@context":"https:\/\/schema.org","@graph":[{"@type":"WebPage","@id":"https:\/\/www.posk.se\/onsala\/onsala-kyrkovalet-2013\/","url":"https:\/\/www.posk.se\/onsala\/onsala-kyrkovalet-2013\/","name":"Kyrkoval 2013 - Onsala","isPartOf":{"@id":"https:\/\/www.posk.se\/onsala\/#website"},"primaryImageOfPage":{"@id":"https:\/\/www.posk.se\/onsala\/onsala-kyrkovalet-2013\/#primaryimage"},"image":{"@id":"https:\/\/www.posk.se\/onsala\/onsala-kyrkovalet-2013\/#primaryimage"},"thumbnailUrl":"https:\/\/www.posk.se\/onsala\/wp-content\/uploads\/sites\/40\/2016\/07\/6242967126112411506_1369139236812-e1469970889439.jpg","datePublished":"2017-04-30T13:14:45+00:00","dateModified":"2025-03-04T10:03:15+00:00","breadcrumb":{"@id":"https:\/\/www.posk.se\/onsala\/onsala-kyrkovalet-2013\/#breadcrumb"},"inLanguage":"sv-SE","potentialAction":[{"@type":"ReadAction","target":["https:\/\/www.posk.se\/onsala\/onsala-kyrkovalet-2013\/"]}]},{"@type":"ImageObject","inLanguage":"sv-SE","@id":"https:\/\/www.posk.se\/onsala\/onsala-kyrkovalet-2013\/#primaryimage","url":"https:\/\/www.posk.se\/onsala\/wp-content\/uploads\/sites\/40\/2016\/07\/6242967126112411506_1369139236812-e1469970889439.jpg","contentUrl":"https:\/\/www.posk.se\/onsala\/wp-content\/uploads\/sites\/40\/2016\/07\/6242967126112411506_1369139236812-e1469970889439.jpg","width":2226,"height":786},{"@type":"BreadcrumbList","@id":"https:\/\/www.posk.se\/onsala\/onsala-kyrkovalet-2013\/#breadcrumb","itemListElement":[{"@type":"ListItem","position":1,"name":"Hem","item":"https:\/\/www.posk.se\/onsala\/"},{"@type":"ListItem","position":2,"name":"Kyrkoval 2013"}]},{"@type":"WebSite","@id":"https:\/\/www.posk.se\/onsala\/#website","url":"https:\/\/www.posk.se\/onsala\/","name":"Onsala","description":"POSK-grupp i G\u00f6teborgs stift","potentialAction":[{"@type":"SearchAction","target":{"@type":"EntryPoint","urlTemplate":"https:\/\/www.posk.se\/onsala\/?s={search_term_string}"},"query-input":{"@type":"PropertyValueSpecification","valueRequired":true,"valueName":"search_term_string"}}],"inLanguage":"sv-SE"}]}},"_links":{"self":[{"href":"https:\/\/www.posk.se\/onsala\/wp-json\/wp\/v2\/pages\/67","targetHints":{"allow":["GET"]}}],"collection":[{"href":"https:\/\/www.posk.se\/onsala\/wp-json\/wp\/v2\/pages"}],"about":[{"href":"https:\/\/www.posk.se\/onsala\/wp-json\/wp\/v2\/types\/page"}],"author":[{"embeddable":true,"href":"https:\/\/www.posk.se\/onsala\/wp-json\/wp\/v2\/users\/97"}],"replies":[{"embeddable":true,"href":"https:\/\/www.posk.se\/onsala\/wp-json\/wp\/v2\/comments?post=67"}],"version-history":[{"count":6,"href":"https:\/\/www.posk.se\/onsala\/wp-json\/wp\/v2\/pages\/67\/revisions"}],"predecessor-version":[{"id":393,"href":"https:\/\/www.posk.se\/onsala\/wp-json\/wp\/v2\/pages\/67\/revisions\/393"}],"wp:featuredmedia":[{"embeddable":true,"href":"https:\/\/www.posk.se\/onsala\/wp-json\/wp\/v2\/media\/21"}],"wp:attachment":[{"href":"https:\/\/www.posk.se\/onsala\/wp-json\/wp\/v2\/media?parent=67"}],"curies":[{"name":"wp","href":"https:\/\/api.w.org\/{rel}","templated":true}]}}

<p>Valresultat och våra förtroendevalda under mandatperiod 2014 &#8211; 2017:<br />
<a href="https://www.posk.se/onsala/wp-content/uploads/sites/40/2016/07/fortroendevalda-i-onsala-forsamling-2014-2.pdf">fortroendevalda-i-onsala-forsamling-2014-2</a></p>
<p>Läs vårt valprogram från valet 2013 här: <a href="https://www.posk.se/onsala/wp-content/uploads/sites/40/2016/07/progblad130821.pdf">progblad130821.<br />
</a></p>

<p>Valresultat och våra förtroendevalda under mandatperiod 2014 &#8211; 2017: fortroendevalda-i-onsala-forsamling-2014-2 Läs vårt valprogram från valet 2013 här: progblad130821.</p>

<!-- This site is optimized with the Yoast SEO plugin v24.9 - https://yoast.com/wordpress/plugins/seo/ -->
<title>Kyrkoval 2013 - Onsala</title>
<meta name="robots" content="index, follow, max-snippet:-1, max-image-preview:large, max-video-preview:-1" />
<link rel="canonical" href="https://www.posk.se/onsala/onsala-kyrkovalet-2013/" />
<meta property="og:locale" content="sv_SE" />
<meta property="og:type" content="article" />
<meta property="og:title" content="Kyrkoval 2013 - Onsala" />
<meta property="og:description" content="Valresultat och våra förtroendevalda under mandatperiod 2014 &#8211; 2017: fortroendevalda-i-onsala-forsamling-2014-2 Läs vårt valprogram från valet 2013 här: progblad130821." />
<meta property="og:url" content="https://www.posk.se/onsala/onsala-kyrkovalet-2013/" />
<meta property="og:site_name" content="Onsala" />
<meta property="article:modified_time" content="2025-03-04T10:03:15+00:00" />
<meta property="og:image" content="https://www.posk.se/onsala/wp-content/uploads/sites/40/2016/07/6242967126112411506_1369139236812-e1469970889439.jpg" />
	<meta property="og:image:width" content="2226" />
	<meta property="og:image:height" content="786" />
	<meta property="og:image:type" content="image/jpeg" />
<meta name="twitter:card" content="summary_large_image" />
<meta name="twitter:label1" content="Beräknad lästid" />
	<meta name="twitter:data1" content="1 minut" />
<script type="application/ld+json" class="yoast-schema-graph">{"@context":"https://schema.org","@graph":[{"@type":"WebPage","@id":"https://www.posk.se/onsala/onsala-kyrkovalet-2013/","url":"https://www.posk.se/onsala/onsala-kyrkovalet-2013/","name":"Kyrkoval 2013 - Onsala","isPartOf":{"@id":"https://www.posk.se/onsala/#website"},"primaryImageOfPage":{"@id":"https://www.posk.se/onsala/onsala-kyrkovalet-2013/#primaryimage"},"image":{"@id":"https://www.posk.se/onsala/onsala-kyrkovalet-2013/#primaryimage"},"thumbnailUrl":"https://www.posk.se/onsala/wp-content/uploads/sites/40/2016/07/6242967126112411506_1369139236812-e1469970889439.jpg","datePublished":"2017-04-30T13:14:45+00:00","dateModified":"2025-03-04T10:03:15+00:00","breadcrumb":{"@id":"https://www.posk.se/onsala/onsala-kyrkovalet-2013/#breadcrumb"},"inLanguage":"sv-SE","potentialAction":[{"@type":"ReadAction","target":["https://www.posk.se/onsala/onsala-kyrkovalet-2013/"]}]},{"@type":"ImageObject","inLanguage":"sv-SE","@id":"https://www.posk.se/onsala/onsala-kyrkovalet-2013/#primaryimage","url":"https://www.posk.se/onsala/wp-content/uploads/sites/40/2016/07/6242967126112411506_1369139236812-e1469970889439.jpg","contentUrl":"https://www.posk.se/onsala/wp-content/uploads/sites/40/2016/07/6242967126112411506_1369139236812-e1469970889439.jpg","width":2226,"height":786},{"@type":"BreadcrumbList","@id":"https://www.posk.se/onsala/onsala-kyrkovalet-2013/#breadcrumb","itemListElement":[{"@type":"ListItem","position":1,"name":"Hem","item":"https://www.posk.se/onsala/"},{"@type":"ListItem","position":2,"name":"Kyrkoval 2013"}]},{"@type":"WebSite","@id":"https://www.posk.se/onsala/#website","url":"https://www.posk.se/onsala/","name":"Onsala","description":"POSK-grupp i Göteborgs stift","potentialAction":[{"@type":"SearchAction","target":{"@type":"EntryPoint","urlTemplate":"https://www.posk.se/onsala/?s={search_term_string}"},"query-input":{"@type":"PropertyValueSpecification","valueRequired":true,"valueName":"search_term_string"}}],"inLanguage":"sv-SE"}]}</script>
<!-- / Yoast SEO plugin. -->

Valresultat och våra förtroendevalda under mandatperiod 2014 &#8211; 2017: fortroendevalda-i-onsala-forsamling-2014-2 Läs vårt valprogram från valet 2013 här: progblad130821.

POSK-grupp i Göteborgs stift
