{"id":43,"date":"2025-08-12T09:38:24","date_gmt":"2025-08-12T07:38:24","guid":{"rendered":"https:\/\/www.posk.se\/medelpads-sodra\/?page_id=43"},"modified":"2025-08-18T16:06:54","modified_gmt":"2025-08-18T14:06:54","slug":"val-till-fullmaktige","status":"publish","type":"page","link":"https:\/\/www.posk.se\/medelpads-sodra\/val-till-fullmaktige\/","title":{"rendered":"Val till fullm\u00e4ktige"},"content":{"rendered":"<p><strong>Leif Grip<\/strong><br \/>\nHar suttit som kyrkor\u00e5dets ordf\u00f6rande i Torps f\u00f6rsamling 26 \u00e5r i str\u00e4ck innan f\u00f6rsamlingen blev en del i Medelpads s\u00f6dra pastorat och har s\u00e5ledes en l\u00e5ng erfarenhet som f\u00f6rtroendevald i Svenska Kyrkan. F\u00f6rutom det har han suttit i stiftsfullm\u00e4ktige, stiftsstyrelsen och kyrkom\u00f6tet. I f\u00f6rsamlingen \u00e4r jag kyrkv\u00e4rd och \u00e4ven s.k. veniat vilket inneb\u00e4r att jag f\u00e5r leda gudstj\u00e4nster i Svenska kyrkan. De sista 23 \u00e5ren innan jag gick i pension arbetade jag som verksamhetschef f\u00f6r Mitt Norden Bist\u00e5ndscenter\/Erikshj\u00e4lpen med ansvar \u00f6ver 11 secondhand butiker och en sorteringshubb. Har ett stort intresse f\u00f6r kyrkan och dess verksamhet och d\u00e5 inte minst det diakonala.<\/p>\n<p><strong>Elin Lockneus<\/strong><br \/>\nMed stor k\u00e4rlek och omsorg om kyrkan och gudstj\u00e4nstlivet. Teologie doktor i praktisk teologi som forskar kring gudstj\u00e4nstlivet och som\u00a0 skapar kyrkorelevanta studier.\u00a0Pr\u00e4st i Svenska kyrkan som arbetat b\u00e5de p\u00e5 H\u00e4rn\u00f6sands stift och i Tuna-Attmars f\u00f6rsamling.\u00a0Arbetar f\u00f6r n\u00e4rvarande som lektor i praktisk teologi vid Ume\u00e5 universitet och undervisar bland annat pr\u00e4stkandidater i Svenska kyrkans tro och liv.\u00a0Jag ser fram emot att som Pilgrimspr\u00e4st i Sel\u00e5ngers f\u00f6rsamling forts\u00e4tta att utveckla gudstj\u00e4nstlivet och pilgrimscentrum tillsammans med pilgrimer som lever sina liv i Sel\u00e5nger med fokus p\u00e5 de pilgrimer som p\u00e5b\u00f6rjar en l\u00e4ngre vandring.\u00a0Som f\u00f6rtroendevald skulle jag bidra med praktikn\u00e4ra teologiska perspektiv och omsorg om kyrkan med f\u00f6rst\u00e5else f\u00f6r b\u00e5de kontinuitet och f\u00f6r\u00e4ndring.<\/p>\n<p><strong>Andreas Idh<\/strong><br \/>\n46 \u00e5r. Tidigare undersk\u00f6terska p\u00e5 Mellannorrlands Hospice. Nu diakoniassistent i Aln\u00f6 f\u00f6rsamling.\u00a0Har ett starkt engagemang f\u00f6r kyrkans diakonala fr\u00e5gor och arbete.<\/p>\n<p><strong>Torbj\u00f6rn Helander<\/strong><br \/>\n80 \u00e5r och f.d. tandl\u00e4kare. Bor i Fr\u00e4nsta sedan 1970. Har varit aktiv i div. idrottsf\u00f6reningar med tyngdpunkt i Getbergets Slalomklubb, d\u00e4r jag tillh\u00f6rde styrelsen i ett valdes till ordf\u00f6rande, en post jag innehade i 11 \u00e5r. Som f\u00f6rtroendevald ledamot i Trops kyrkor\u00e5d blev jag invald p\u00e5 en ny opolitisk lista p\u00e5 initiativ av Leif Grip, som bildat en ny grupp Iden om en opolitisk organisation i kyrkan tilltalade mej. Det finns ju hur m\u00e5nga politiska organisationer som helst s\u00e5 min tanke var: Kyrkan borde vara befriad fr\u00e5n vanligt politisk verksamhet. Kyrkan b\u00f6r st\u00e5 f\u00f6r andra v\u00e4rden \u00e4n makt och lusten att best\u00e4mma \u00f6ver andra. N\u00e4r det g\u00e4ller min tro \u00e4r jag en h\u00e4ngiven Jesus beundrare och f\u00f6rs\u00f6ker leva efter hans regler s\u00e5 gott jag kan.<\/p>\n<p><strong>Carolina Holm-Nordin<br \/>\n<\/strong>Carolina Holm-Nordin, Distriktsordf\u00f6rande f\u00f6r Svenska Kyrkans Unga i H\u00e4rn\u00f6sands stift<\/p>\n<p><strong>Kent Bergstr\u00f6m<\/strong><\/p>\n<p><strong>Angelica Karlsson<\/strong><\/p>\n<p><strong>Lars Landin<\/strong><\/p>\n<p><strong>Elisabeth Gisslin Burman<\/strong><\/p>\n<p><strong>Mattias Ekhem<\/strong><\/p>\n<p><strong>Karin \u00c5ngman<\/strong><br \/>\nMitt namn \u00e4r Karin \u00c5ngman och bor i villa i Alby med min sambo, vi har en dotter och tre barnbarn. Jag har varit aktiv inom r\u00f6da korset i flera \u00e5r. Men \u00e4r nu med i kyrkan och tycker det \u00e4r b\u00e5de roligt och intressant. Jag \u00e4r snart 63 \u00e5r och jobbar inom \u00c5nge kommun som barnsk\u00f6tare.<\/p>\n<p><strong>Rolf Granqvist<br \/>\n<\/strong>72 \u00e5r snart 73, varit anst\u00e4lld inom SCA, Ortvikens pappersbruk. Maskinm\u00e4stare och projektledare.\u00a0Numera pensionerad. Verksam inom Sel\u00e5nger f\u00f6rsamling, kyrkv\u00e4rd och Veniat.\u00a0Bor i Granlo, gift med Anneli<\/p>\n<p><strong>Maud Olsson<\/strong><br \/>\n73 \u00e5r. Har arbetat som undersk\u00f6terska mesta delen av livet och \u00e4ven haft n\u00e5den att jobba som Diakoniassistent i Borgsj\u00f6 Haver\u00f6 f\u00f6rsamling under n\u00e5gra \u00e5r. Har \u00e4ven som volont\u00e4r haft hand om frukostar och luncher gemensamt med Sisters International och Borgsj\u00f6-Haver\u00f6 F\u00f6rsamling.\u00a0Har varit f\u00f6rtroendevald ledamot i kyrkor\u00e5det i Borgsj\u00f6-Haver\u00f6 f\u00f6rsamling sedan 2011 och nu ledamot i f\u00f6rsamlingsr\u00e5det. \u00c4r \u00e4ven kyrkv\u00e4rd i Borgsj\u00f6-Haver\u00f6 f\u00f6rsamling sedan 2011.<\/p>\n<p><strong>Hans Westlund<\/strong><\/p>\n<p><strong>Margit Persson<\/strong><\/p>\n<p><strong>Anneli Granqvist<br \/>\n<\/strong>74 \u00e5r, varit l\u00e4rare Sundsvalls kommun, Bredsand och V\u00e4stermalm.\u00a0Numera pensionerad. Verksam inom Sel\u00e5nger f\u00f6rsamling, kyrkv\u00e4rd.\u00a0Bor i Granlo, gift med Rolf<\/p>\n<p><strong>Brita \u00d6stin<\/strong><\/p>\n<p><strong>Linda Mattsson<\/strong><\/p>\n<p><strong>Jonatan Grip<\/strong><\/p>\n<p><strong>Fia Israelsson<br \/>\n<\/strong>73 \u00e5r, 4 vuxna barn, 2 barnbarn, ett 3:e p\u00e5 v\u00e4g. Sambo, bor i Njurunda.\u00a0Hitflyttad 2020. Bodde tidigare i Ljungaverk. Jobbade d\u00e5 som frivillig inom Torps F\u00f6rsamling.<\/p>\n<p><strong>\u00a0<\/strong><\/p>\n","protected":false},"excerpt":{"rendered":"<p>Leif Grip Har suttit som kyrkor\u00e5dets ordf\u00f6rande i Torps f\u00f6rsamling 26 \u00e5r i str\u00e4ck innan f\u00f6rsamlingen blev en del i Medelpads s\u00f6dra pastorat och har s\u00e5ledes en l\u00e5ng erfarenhet som f\u00f6rtroendevald i Svenska Kyrkan. F\u00f6rutom det har han suttit i stiftsfullm\u00e4ktige, stiftsstyrelsen och kyrkom\u00f6tet. I f\u00f6rsamlingen \u00e4r jag kyrkv\u00e4rd och \u00e4ven s.k. veniat vilket inneb\u00e4r [&hellip;]<\/p>\n","protected":false},"author":1559,"featured_media":0,"parent":0,"menu_order":1,"comment_status":"closed","ping_status":"closed","template":"page-templates\/page-sidebar-left.php","meta":{"_acf_changed":false,"footnotes":""},"class_list":["post-43","page","type-page","status-publish","hentry"],"acf":[],"yoast_head":"<!-- This site is optimized with the Yoast SEO plugin v24.9 - https:\/\/yoast.com\/wordpress\/plugins\/seo\/ -->\n<title>Val till fullm\u00e4ktige - Medelpads s\u00f6dra<\/title>\n<meta name=\"robots\" content=\"index, follow, max-snippet:-1, max-image-preview:large, max-video-preview:-1\" \/>\n<link rel=\"canonical\" href=\"https:\/\/www.posk.se\/medelpads-sodra\/val-till-fullmaktige\/\" \/>\n<meta property=\"og:locale\" content=\"sv_SE\" \/>\n<meta property=\"og:type\" content=\"article\" \/>\n<meta property=\"og:title\" content=\"Val till fullm\u00e4ktige - Medelpads s\u00f6dra\" \/>\n<meta property=\"og:description\" content=\"Leif Grip Har suttit som kyrkor\u00e5dets ordf\u00f6rande i Torps f\u00f6rsamling 26 \u00e5r i str\u00e4ck innan f\u00f6rsamlingen blev en del i Medelpads s\u00f6dra pastorat och har s\u00e5ledes en l\u00e5ng erfarenhet som f\u00f6rtroendevald i Svenska Kyrkan. F\u00f6rutom det har han suttit i stiftsfullm\u00e4ktige, stiftsstyrelsen och kyrkom\u00f6tet. I f\u00f6rsamlingen \u00e4r jag kyrkv\u00e4rd och \u00e4ven s.k. veniat vilket inneb\u00e4r [&hellip;]\" \/>\n<meta property=\"og:url\" content=\"https:\/\/www.posk.se\/medelpads-sodra\/val-till-fullmaktige\/\" \/>\n<meta property=\"og:site_name\" content=\"Medelpads s\u00f6dra\" \/>\n<meta property=\"article:modified_time\" content=\"2025-08-18T14:06:54+00:00\" \/>\n<meta name=\"twitter:card\" content=\"summary_large_image\" \/>\n<meta name=\"twitter:label1\" content=\"Ber\u00e4knad l\u00e4stid\" \/>\n\t<meta name=\"twitter:data1\" content=\"4 minuter\" \/>\n<script type=\"application\/ld+json\" class=\"yoast-schema-graph\">{\"@context\":\"https:\/\/schema.org\",\"@graph\":[{\"@type\":\"WebPage\",\"@id\":\"https:\/\/www.posk.se\/medelpads-sodra\/val-till-fullmaktige\/\",\"url\":\"https:\/\/www.posk.se\/medelpads-sodra\/val-till-fullmaktige\/\",\"name\":\"Val till fullm\u00e4ktige - Medelpads s\u00f6dra\",\"isPartOf\":{\"@id\":\"https:\/\/www.posk.se\/medelpads-sodra\/#website\"},\"datePublished\":\"2025-08-12T07:38:24+00:00\",\"dateModified\":\"2025-08-18T14:06:54+00:00\",\"breadcrumb\":{\"@id\":\"https:\/\/www.posk.se\/medelpads-sodra\/val-till-fullmaktige\/#breadcrumb\"},\"inLanguage\":\"sv-SE\",\"potentialAction\":[{\"@type\":\"ReadAction\",\"target\":[\"https:\/\/www.posk.se\/medelpads-sodra\/val-till-fullmaktige\/\"]}]},{\"@type\":\"BreadcrumbList\",\"@id\":\"https:\/\/www.posk.se\/medelpads-sodra\/val-till-fullmaktige\/#breadcrumb\",\"itemListElement\":[{\"@type\":\"ListItem\",\"position\":1,\"name\":\"Hem\",\"item\":\"https:\/\/www.posk.se\/medelpads-sodra\/\"},{\"@type\":\"ListItem\",\"position\":2,\"name\":\"Val till fullm\u00e4ktige\"}]},{\"@type\":\"WebSite\",\"@id\":\"https:\/\/www.posk.se\/medelpads-sodra\/#website\",\"url\":\"https:\/\/www.posk.se\/medelpads-sodra\/\",\"name\":\"Medelpads s\u00f6dra\",\"description\":\"POSK-grupp i H\u00e4rn\u00f6sands stift\",\"potentialAction\":[{\"@type\":\"SearchAction\",\"target\":{\"@type\":\"EntryPoint\",\"urlTemplate\":\"https:\/\/www.posk.se\/medelpads-sodra\/?s={search_term_string}\"},\"query-input\":{\"@type\":\"PropertyValueSpecification\",\"valueRequired\":true,\"valueName\":\"search_term_string\"}}],\"inLanguage\":\"sv-SE\"}]}<\/script>\n<!-- \/ Yoast SEO plugin. -->","yoast_head_json":{"title":"Val till fullm\u00e4ktige - Medelpads s\u00f6dra","robots":{"index":"index","follow":"follow","max-snippet":"max-snippet:-1","max-image-preview":"max-image-preview:large","max-video-preview":"max-video-preview:-1"},"canonical":"https:\/\/www.posk.se\/medelpads-sodra\/val-till-fullmaktige\/","og_locale":"sv_SE","og_type":"article","og_title":"Val till fullm\u00e4ktige - Medelpads s\u00f6dra","og_description":"Leif Grip Har suttit som kyrkor\u00e5dets ordf\u00f6rande i Torps f\u00f6rsamling 26 \u00e5r i str\u00e4ck innan f\u00f6rsamlingen blev en del i Medelpads s\u00f6dra pastorat och har s\u00e5ledes en l\u00e5ng erfarenhet som f\u00f6rtroendevald i Svenska Kyrkan. F\u00f6rutom det har han suttit i stiftsfullm\u00e4ktige, stiftsstyrelsen och kyrkom\u00f6tet. I f\u00f6rsamlingen \u00e4r jag kyrkv\u00e4rd och \u00e4ven s.k. veniat vilket inneb\u00e4r [&hellip;]","og_url":"https:\/\/www.posk.se\/medelpads-sodra\/val-till-fullmaktige\/","og_site_name":"Medelpads s\u00f6dra","article_modified_time":"2025-08-18T14:06:54+00:00","twitter_card":"summary_large_image","twitter_misc":{"Ber\u00e4knad l\u00e4stid":"4 minuter"},"schema":{"@context":"https:\/\/schema.org","@graph":[{"@type":"WebPage","@id":"https:\/\/www.posk.se\/medelpads-sodra\/val-till-fullmaktige\/","url":"https:\/\/www.posk.se\/medelpads-sodra\/val-till-fullmaktige\/","name":"Val till fullm\u00e4ktige - Medelpads s\u00f6dra","isPartOf":{"@id":"https:\/\/www.posk.se\/medelpads-sodra\/#website"},"datePublished":"2025-08-12T07:38:24+00:00","dateModified":"2025-08-18T14:06:54+00:00","breadcrumb":{"@id":"https:\/\/www.posk.se\/medelpads-sodra\/val-till-fullmaktige\/#breadcrumb"},"inLanguage":"sv-SE","potentialAction":[{"@type":"ReadAction","target":["https:\/\/www.posk.se\/medelpads-sodra\/val-till-fullmaktige\/"]}]},{"@type":"BreadcrumbList","@id":"https:\/\/www.posk.se\/medelpads-sodra\/val-till-fullmaktige\/#breadcrumb","itemListElement":[{"@type":"ListItem","position":1,"name":"Hem","item":"https:\/\/www.posk.se\/medelpads-sodra\/"},{"@type":"ListItem","position":2,"name":"Val till fullm\u00e4ktige"}]},{"@type":"WebSite","@id":"https:\/\/www.posk.se\/medelpads-sodra\/#website","url":"https:\/\/www.posk.se\/medelpads-sodra\/","name":"Medelpads s\u00f6dra","description":"POSK-grupp i H\u00e4rn\u00f6sands stift","potentialAction":[{"@type":"SearchAction","target":{"@type":"EntryPoint","urlTemplate":"https:\/\/www.posk.se\/medelpads-sodra\/?s={search_term_string}"},"query-input":{"@type":"PropertyValueSpecification","valueRequired":true,"valueName":"search_term_string"}}],"inLanguage":"sv-SE"}]}},"_links":{"self":[{"href":"https:\/\/www.posk.se\/medelpads-sodra\/wp-json\/wp\/v2\/pages\/43","targetHints":{"allow":["GET"]}}],"collection":[{"href":"https:\/\/www.posk.se\/medelpads-sodra\/wp-json\/wp\/v2\/pages"}],"about":[{"href":"https:\/\/www.posk.se\/medelpads-sodra\/wp-json\/wp\/v2\/types\/page"}],"author":[{"embeddable":true,"href":"https:\/\/www.posk.se\/medelpads-sodra\/wp-json\/wp\/v2\/users\/1559"}],"replies":[{"embeddable":true,"href":"https:\/\/www.posk.se\/medelpads-sodra\/wp-json\/wp\/v2\/comments?post=43"}],"version-history":[{"count":10,"href":"https:\/\/www.posk.se\/medelpads-sodra\/wp-json\/wp\/v2\/pages\/43\/revisions"}],"predecessor-version":[{"id":60,"href":"https:\/\/www.posk.se\/medelpads-sodra\/wp-json\/wp\/v2\/pages\/43\/revisions\/60"}],"wp:attachment":[{"href":"https:\/\/www.posk.se\/medelpads-sodra\/wp-json\/wp\/v2\/media?parent=43"}],"curies":[{"name":"wp","href":"https:\/\/api.w.org\/{rel}","templated":true}]}}