{"id":65,"date":"2025-09-05T16:42:17","date_gmt":"2025-09-05T14:42:17","guid":{"rendered":"https:\/\/www.posk.se\/marsta\/?page_id=65"},"modified":"2025-09-17T12:11:24","modified_gmt":"2025-09-17T10:11:24","slug":"valprogram","status":"publish","type":"page","link":"https:\/\/www.posk.se\/marsta\/valprogram\/","title":{"rendered":"Valprogram"},"content":{"rendered":"<p align=\"center\"><span style=\"color: #000000\"><span style=\"font-family: Arial, serif\"><span style=\"font-size: x-large\"><span style=\"font-family: Lato, serif\"><b>R\u00f6sta p\u00e5 <\/b><\/span><br \/>\n<span style=\"font-family: Lato, serif\"><b>Politiskt obundna i Svenska kyrkan <\/b><\/span><br \/>\n<span style=\"font-family: Lato, serif\"><b>M\u00e4rsta pastorat f\u00f6r:<\/b><\/span><\/span><\/span><\/span><\/p>\n<p align=\"left\"><span style=\"color: #000000\"><span style=\"font-family: Arial, serif\"><span style=\"font-size: x-large\"><br \/>\n<span style=\"color: #2f582d\"><span style=\"font-family: Lato Black, serif\"><b>TRYGGHET<\/b><\/span><\/span><\/span><\/span><\/span><\/p>\n<p align=\"left\"><span style=\"color: #000000\"><span style=\"font-family: Arial, serif\"><span style=\"font-size: x-large\"><span style=\"font-family: Lato, serif\"><span style=\"font-size: large\">Kyrkan ska vara:<br \/>\n<\/span><\/span><\/span><\/span><\/span><span style=\"color: #000000\"><span style=\"font-family: Arial, serif\"><span style=\"font-size: x-large\"><span style=\"font-family: Lato, serif\"><span style=\"font-size: large\">en \u00f6ppen famn d\u00e4r du kan landa<br \/>\n<\/span><\/span><\/span><\/span><\/span><span style=\"color: #000000\"><span style=\"font-family: Arial, serif\"><span style=\"font-size: x-large\"><span style=\"font-family: Lato, serif\"><span style=\"font-size: large\">ett ankare i tillvaron d\u00e4r tro och hopp ger fotf\u00e4ste<br \/>\n<\/span><\/span><\/span><\/span><\/span><span style=\"color: #000000\"><span style=\"font-family: Arial, serif\"><span style=\"font-size: x-large\"><span style=\"font-family: Lato, serif\"><span style=\"font-size: large\">en plats d\u00e4r det finns n\u00e5gon att prata med n\u00e4r livet skakar<br \/>\n<\/span><\/span><\/span><\/span><\/span><span style=\"color: #000000\"><span style=\"font-family: Arial, serif\"><span style=\"font-size: x-large\"><span style=\"font-family: Lato, serif\"><span style=\"font-size: large\">en fristad d\u00e4r tystnaden tr\u00f6star och orden helar<\/span><\/span><\/span><\/span><\/span><\/p>\n<p align=\"left\"><span style=\"color: #000000\"><span style=\"font-family: Arial, serif\"><span style=\"font-size: x-large\"><span style=\"color: #183c49\"><span style=\"font-family: Lato Black, serif\"><b>GEMENSKAP<\/b><\/span><\/span><\/span><\/span><\/span><\/p>\n<p align=\"left\"><span style=\"color: #000000\"><span style=\"font-family: Arial, serif\"><span style=\"font-size: x-large\"><span style=\"font-family: Lato, serif\"><span style=\"font-size: large\">Kyrkan ska vara:<br \/>\n<\/span><\/span><\/span><\/span><\/span><span style=\"color: #000000\"><span style=\"font-family: Arial, serif\"><span style=\"font-size: x-large\"><span style=\"font-family: Lato, serif\"><span style=\"font-size: large\">en plats d\u00e4r gudstj\u00e4nst, k\u00f6rs\u00e5ng, aktiviteter <\/span><\/span><span style=\"font-family: Lato, serif\"><span style=\"font-size: large\">och<\/span><\/span><span style=\"font-size: large\"> fika <\/span><span style=\"font-family: Lato, serif\"><span style=\"font-size: large\">bygger gemenskap bit f\u00f6r bit<br \/>\n<\/span><\/span><\/span><\/span><\/span><span style=\"color: #000000\"><span style=\"font-family: Arial, serif\"><span style=\"font-size: x-large\"><span style=\"font-family: Lato, serif\"><span style=\"font-size: large\">en plats d\u00e4r barn och unga hittar en stimulerande milj\u00f6<br \/>\n<\/span><\/span><\/span><\/span><\/span><span style=\"color: #000000\"><span style=\"font-family: Arial, serif\"><span style=\"font-size: x-large\"><span style=\"font-family: Lato, serif\"><span style=\"font-size: large\">en \u00f6ppen d\u00f6rr d\u00e4r nya och gamla v\u00e4nner v\u00e4ntar<br \/>\n<\/span><\/span><\/span><\/span><\/span><span style=\"color: #000000\"><span style=\"font-family: Arial, serif\"><span style=\"font-size: x-large\"><span style=\"font-family: Lato, serif\"><span style=\"font-size: large\">en gemenskap f\u00f6r alla d\u00e4r olikheter skapar en helhet<\/span><\/span><\/span><\/span><\/span><\/p>\n<p align=\"left\"><span style=\"color: #000000\"><span style=\"font-family: Arial, serif\"><span style=\"font-size: x-large\"><span style=\"color: #db0812\"><span style=\"font-family: Lato Black, serif\"><b>GL\u00c4DJE<\/b><\/span><\/span><\/span><\/span><\/span><\/p>\n<p align=\"left\"><span style=\"color: #000000\"><span style=\"font-family: Arial, serif\"><span style=\"font-size: x-large\"><span style=\"font-family: Lato, serif\"><span style=\"font-size: large\">Kyrkan ska vara:<br \/>\n<\/span><\/span><\/span><\/span><\/span><span style=\"color: #000000\"><span style=\"font-family: Arial, serif\"><span style=\"font-size: x-large\"><span style=\"font-family: Lato, serif\"><span style=\"font-size: large\">en famn med gl\u00e4dje som t\u00e4nder hopp i m\u00f6rka tider<br \/>\n<\/span><\/span><\/span><\/span><\/span><span style=\"color: #000000\"><span style=\"font-family: Arial, serif\"><span style=\"font-size: x-large\"><span style=\"font-family: Lato, serif\"><span style=\"font-size: large\">en plats d\u00e4r man k\u00e4nner sig delaktig och g\u00f6ra skillnad<br \/>\n<\/span><\/span><\/span><\/span><\/span><span style=\"color: #000000\"><span style=\"font-family: Arial, serif\"><span style=\"font-size: x-large\"><span style=\"font-family: Lato, serif\"><span style=\"font-size: large\">en gl\u00e4dje \u00f6ver musik och s\u00e5ng som stimulerar<br \/>\n<\/span><\/span><\/span><\/span><\/span><span style=\"color: #000000\"><span style=\"font-family: Arial, serif\"><span style=\"font-size: x-large\"><span style=\"font-family: Lato, serif\"><span style=\"font-size: large\">en gudstj\u00e4nst med m\u00f6jlighet till inre frid och stilla gl\u00e4dje <\/span><\/span><\/span><\/span><\/span><\/p>\n<p>&nbsp;<\/p>\n<p><span style=\"color: #2f582d\"><span style=\"font-family: Lato, serif\"><span style=\"font-size: large\"><b>V\u00e4lj PARTIPOLITISKT OBUNDNA I SVENSKA KYRKAN (POSK) <\/b><\/span><\/span><\/span><\/p>\n<p><span style=\"color: #2f582d\"><span style=\"font-family: Lato, serif\"><span style=\"font-size: large\"><b>vid Kyrkovalet 2025 f\u00f6r en fungerande kyrka n\u00e4ra dig!<\/b><\/span><\/span><\/span><\/p>\n<p><span style=\"font-family: Lato, serif\"><span style=\"font-size: medium\">Vi s\u00e4tter kyrkans uppdrag i f\u00f6rsta rummet. <\/span><\/span><\/p>\n<p><span style=\"font-family: Lato, serif\"><span style=\"font-size: medium\">Vi vill ha en kyrka som fokuserar p\u00e5 tro, gemenskap, diakoni och stimulans f\u00f6r alla \u00e5ldrar, s\u00e5som gudstj\u00e4nst, samtal, f\u00f6redrag, konfirmationsundervisning och konserter. <\/span><\/span><\/p>\n<p><span style=\"font-family: Lato, serif\"><span style=\"font-size: medium\">Vi tror p\u00e5 lokal f\u00f6rankring och en kyrka som anpassar sig efter behoven i v\u00e5ra fyra f\u00f6rsamlingar: Husby \u00c4rlinghundra, Valsta, Norrsunda och Skepptuna. T.ex. caf\u00e9tr\u00e4ffar, stimulerande barn- och ungdomsverksamhet, k\u00f6rer och trygghetspunkter. <\/span><\/span><\/p>\n<p><span style=\"font-family: Lato, serif\"><span style=\"font-size: medium\">Vi arbetar f\u00f6r en ansvarsfull ekonomi som s\u00e4kerst\u00e4ller att kyrkoavgiften och begravningsavgiften anv\u00e4nds klokt och effektivt, till nytta f\u00f6r alla med milj\u00f6 i fokus. Bland annat: solcellsanl\u00e4ggningar, insektsb\u00e4ddar, v\u00e5rd av kyrkorna med klimat\u00f6versyn samt utbyggnad av kyrkog\u00e5rdar och askgravplatser.<\/span><\/span><\/p>\n<p><span style=\"font-family: Lato, serif\"><span style=\"font-size: medium\">Ge din r\u00f6st f\u00f6r en kyrka som g\u00f6r skillnad.<br class=\"yoast-text-mark\" \/>En kyrka som fokuserar p\u00e5 det som \u00e4r viktigt: trygghet, gemenskap, gl\u00e4dje, traditioner och kyrkans h\u00f6gtider samt medverkar p\u00e5 marknader och p\u00e5 hembygdsdagar.<\/span><\/span><\/p>\n<p><em><strong>L\u00e4nkar<\/strong>:<br \/>\n<\/em><a href=\"https:\/\/www.posk.se\/marsta\/\">Hem<\/a><br \/>\n<a href=\"https:\/\/www.posk.se\/marsta\/valprogram\/\">Valprogram<\/a><br \/>\n<a href=\"https:\/\/www.posk.se\/marsta\/valsedel\/\">V\u00e5ra kandidater<\/a><br \/>\n<a href=\"https:\/\/www.posk.se\/marsta\/fragor-svar\/\">Fr\u00e5gor &amp; Svar<\/a><br \/>\n<a href=\"https:\/\/www.posk.se\/marsta\/styrelse-posk-marsta-pastorat\/\">Styrelse<\/a><br \/>\n<a href=\"https:\/\/www.posk.se\/marsta\/kontakt\/\">Kontakt<\/a><br \/>\n<a href=\"https:\/\/www.posk.se\/uppsalastift\/\">POSK Uppsala Stift<\/a><br \/>\n<a href=\"https:\/\/www.posk.se\/\">POSK<\/a><br \/>\n<a href=\"https:\/\/www.svenskakyrkan.se\/marsta\">Svenska kyrkan M\u00e4rsta pastorat<\/a><br \/>\n<a href=\"https:\/\/www.svenskakyrkan.se\/marsta\/nyheter\/fortidsrostning\">Svenska kyrkan M\u00e4rsta pastorat &#8211; H\u00e4r r\u00f6star du i M\u00e4rsta pastorat<\/a><br \/>\n<a href=\"https:\/\/www.svenskakyrkan.se\/\">Svenska kyrkan<\/a><br \/>\n<a href=\"https:\/\/www.svenskakyrkan.se\/kyrkoval\/sa-rostar-du\">Svenska kyrkan &#8211; S\u00e5 r\u00f6star du<\/a><br \/>\n<a href=\"https:\/\/www.kyrkanstidning.se\/valkompass\">Valkompass &#8211; Kyrkans tidning<\/a><\/p>\n<p><a href=\"https:\/\/www.instagram.com\/poskmarstapastorat\/\"><img loading=\"lazy\" decoding=\"async\" class=\"alignnone size-full wp-image-123\" src=\"https:\/\/www.posk.se\/marsta\/wp-content\/uploads\/sites\/175\/2025\/09\/toppngcom-instagram-logo-vector-2018-782x591-1-e1758034064913.png\" alt=\"\" width=\"200\" height=\"151\" \/><\/a><br \/>\n<a href=\"https:\/\/www.instagram.com\/poskmarstapastorat\/\">F\u00f6lj oss p\u00e5 Instagram &#8211; poskmarstapastorat<\/a><\/p>\n","protected":false},"excerpt":{"rendered":"<p>R\u00f6sta p\u00e5 Politiskt obundna i Svenska kyrkan M\u00e4rsta pastorat f\u00f6r: TRYGGHET Kyrkan ska vara: en \u00f6ppen famn d\u00e4r du kan landa ett ankare i tillvaron d\u00e4r tro och hopp ger fotf\u00e4ste en plats d\u00e4r det finns n\u00e5gon att prata med n\u00e4r livet skakar en fristad d\u00e4r tystnaden tr\u00f6star och orden helar GEMENSKAP Kyrkan ska vara: [&hellip;]<\/p>\n","protected":false},"author":1933,"featured_media":0,"parent":0,"menu_order":4,"comment_status":"closed","ping_status":"closed","template":"page-templates\/page-sidebar-left.php","meta":{"_acf_changed":false,"footnotes":""},"class_list":["post-65","page","type-page","status-publish","hentry"],"acf":[],"yoast_head":"<!-- This site is optimized with the Yoast SEO plugin v24.9 - https:\/\/yoast.com\/wordpress\/plugins\/seo\/ -->\n<title>Valprogram - M\u00e4rsta<\/title>\n<meta name=\"robots\" content=\"index, follow, max-snippet:-1, max-image-preview:large, max-video-preview:-1\" \/>\n<link rel=\"canonical\" href=\"https:\/\/www.posk.se\/marsta\/valprogram\/\" \/>\n<meta property=\"og:locale\" content=\"sv_SE\" \/>\n<meta property=\"og:type\" content=\"article\" \/>\n<meta property=\"og:title\" content=\"Valprogram - M\u00e4rsta\" \/>\n<meta property=\"og:description\" content=\"R\u00f6sta p\u00e5 Politiskt obundna i Svenska kyrkan M\u00e4rsta pastorat f\u00f6r: TRYGGHET Kyrkan ska vara: en \u00f6ppen famn d\u00e4r du kan landa ett ankare i tillvaron d\u00e4r tro och hopp ger fotf\u00e4ste en plats d\u00e4r det finns n\u00e5gon att prata med n\u00e4r livet skakar en fristad d\u00e4r tystnaden tr\u00f6star och orden helar GEMENSKAP Kyrkan ska vara: [&hellip;]\" \/>\n<meta property=\"og:url\" content=\"https:\/\/www.posk.se\/marsta\/valprogram\/\" \/>\n<meta property=\"og:site_name\" content=\"M\u00e4rsta\" \/>\n<meta property=\"article:modified_time\" content=\"2025-09-17T10:11:24+00:00\" \/>\n<meta property=\"og:image\" content=\"https:\/\/www.posk.se\/marsta\/wp-content\/uploads\/sites\/175\/2025\/09\/toppngcom-instagram-logo-vector-2018-782x591-1-e1758034064913.png\" \/>\n\t<meta property=\"og:image:width\" content=\"200\" \/>\n\t<meta property=\"og:image:height\" content=\"151\" \/>\n\t<meta property=\"og:image:type\" content=\"image\/png\" \/>\n<meta name=\"twitter:card\" content=\"summary_large_image\" \/>\n<meta name=\"twitter:label1\" content=\"Ber\u00e4knad l\u00e4stid\" \/>\n\t<meta name=\"twitter:data1\" content=\"2 minuter\" \/>\n<script type=\"application\/ld+json\" class=\"yoast-schema-graph\">{\"@context\":\"https:\/\/schema.org\",\"@graph\":[{\"@type\":\"WebPage\",\"@id\":\"https:\/\/www.posk.se\/marsta\/valprogram\/\",\"url\":\"https:\/\/www.posk.se\/marsta\/valprogram\/\",\"name\":\"Valprogram - M\u00e4rsta\",\"isPartOf\":{\"@id\":\"https:\/\/www.posk.se\/marsta\/#website\"},\"primaryImageOfPage\":{\"@id\":\"https:\/\/www.posk.se\/marsta\/valprogram\/#primaryimage\"},\"image\":{\"@id\":\"https:\/\/www.posk.se\/marsta\/valprogram\/#primaryimage\"},\"thumbnailUrl\":\"https:\/\/www.posk.se\/marsta\/wp-content\/uploads\/sites\/175\/2025\/09\/toppngcom-instagram-logo-vector-2018-782x591-1-e1758034064913.png\",\"datePublished\":\"2025-09-05T14:42:17+00:00\",\"dateModified\":\"2025-09-17T10:11:24+00:00\",\"breadcrumb\":{\"@id\":\"https:\/\/www.posk.se\/marsta\/valprogram\/#breadcrumb\"},\"inLanguage\":\"sv-SE\",\"potentialAction\":[{\"@type\":\"ReadAction\",\"target\":[\"https:\/\/www.posk.se\/marsta\/valprogram\/\"]}]},{\"@type\":\"ImageObject\",\"inLanguage\":\"sv-SE\",\"@id\":\"https:\/\/www.posk.se\/marsta\/valprogram\/#primaryimage\",\"url\":\"https:\/\/www.posk.se\/marsta\/wp-content\/uploads\/sites\/175\/2025\/09\/toppngcom-instagram-logo-vector-2018-782x591-1-e1758034064913.png\",\"contentUrl\":\"https:\/\/www.posk.se\/marsta\/wp-content\/uploads\/sites\/175\/2025\/09\/toppngcom-instagram-logo-vector-2018-782x591-1-e1758034064913.png\",\"width\":200,\"height\":151},{\"@type\":\"BreadcrumbList\",\"@id\":\"https:\/\/www.posk.se\/marsta\/valprogram\/#breadcrumb\",\"itemListElement\":[{\"@type\":\"ListItem\",\"position\":1,\"name\":\"Hem\",\"item\":\"https:\/\/www.posk.se\/marsta\/\"},{\"@type\":\"ListItem\",\"position\":2,\"name\":\"Valprogram\"}]},{\"@type\":\"WebSite\",\"@id\":\"https:\/\/www.posk.se\/marsta\/#website\",\"url\":\"https:\/\/www.posk.se\/marsta\/\",\"name\":\"M\u00e4rsta\",\"description\":\"POSK-grupp i Uppsala stift\",\"potentialAction\":[{\"@type\":\"SearchAction\",\"target\":{\"@type\":\"EntryPoint\",\"urlTemplate\":\"https:\/\/www.posk.se\/marsta\/?s={search_term_string}\"},\"query-input\":{\"@type\":\"PropertyValueSpecification\",\"valueRequired\":true,\"valueName\":\"search_term_string\"}}],\"inLanguage\":\"sv-SE\"}]}<\/script>\n<!-- \/ Yoast SEO plugin. -->","yoast_head_json":{"title":"Valprogram - M\u00e4rsta","robots":{"index":"index","follow":"follow","max-snippet":"max-snippet:-1","max-image-preview":"max-image-preview:large","max-video-preview":"max-video-preview:-1"},"canonical":"https:\/\/www.posk.se\/marsta\/valprogram\/","og_locale":"sv_SE","og_type":"article","og_title":"Valprogram - M\u00e4rsta","og_description":"R\u00f6sta p\u00e5 Politiskt obundna i Svenska kyrkan M\u00e4rsta pastorat f\u00f6r: TRYGGHET Kyrkan ska vara: en \u00f6ppen famn d\u00e4r du kan landa ett ankare i tillvaron d\u00e4r tro och hopp ger fotf\u00e4ste en plats d\u00e4r det finns n\u00e5gon att prata med n\u00e4r livet skakar en fristad d\u00e4r tystnaden tr\u00f6star och orden helar GEMENSKAP Kyrkan ska vara: [&hellip;]","og_url":"https:\/\/www.posk.se\/marsta\/valprogram\/","og_site_name":"M\u00e4rsta","article_modified_time":"2025-09-17T10:11:24+00:00","og_image":[{"width":200,"height":151,"url":"https:\/\/www.posk.se\/marsta\/wp-content\/uploads\/sites\/175\/2025\/09\/toppngcom-instagram-logo-vector-2018-782x591-1-e1758034064913.png","type":"image\/png"}],"twitter_card":"summary_large_image","twitter_misc":{"Ber\u00e4knad l\u00e4stid":"2 minuter"},"schema":{"@context":"https:\/\/schema.org","@graph":[{"@type":"WebPage","@id":"https:\/\/www.posk.se\/marsta\/valprogram\/","url":"https:\/\/www.posk.se\/marsta\/valprogram\/","name":"Valprogram - M\u00e4rsta","isPartOf":{"@id":"https:\/\/www.posk.se\/marsta\/#website"},"primaryImageOfPage":{"@id":"https:\/\/www.posk.se\/marsta\/valprogram\/#primaryimage"},"image":{"@id":"https:\/\/www.posk.se\/marsta\/valprogram\/#primaryimage"},"thumbnailUrl":"https:\/\/www.posk.se\/marsta\/wp-content\/uploads\/sites\/175\/2025\/09\/toppngcom-instagram-logo-vector-2018-782x591-1-e1758034064913.png","datePublished":"2025-09-05T14:42:17+00:00","dateModified":"2025-09-17T10:11:24+00:00","breadcrumb":{"@id":"https:\/\/www.posk.se\/marsta\/valprogram\/#breadcrumb"},"inLanguage":"sv-SE","potentialAction":[{"@type":"ReadAction","target":["https:\/\/www.posk.se\/marsta\/valprogram\/"]}]},{"@type":"ImageObject","inLanguage":"sv-SE","@id":"https:\/\/www.posk.se\/marsta\/valprogram\/#primaryimage","url":"https:\/\/www.posk.se\/marsta\/wp-content\/uploads\/sites\/175\/2025\/09\/toppngcom-instagram-logo-vector-2018-782x591-1-e1758034064913.png","contentUrl":"https:\/\/www.posk.se\/marsta\/wp-content\/uploads\/sites\/175\/2025\/09\/toppngcom-instagram-logo-vector-2018-782x591-1-e1758034064913.png","width":200,"height":151},{"@type":"BreadcrumbList","@id":"https:\/\/www.posk.se\/marsta\/valprogram\/#breadcrumb","itemListElement":[{"@type":"ListItem","position":1,"name":"Hem","item":"https:\/\/www.posk.se\/marsta\/"},{"@type":"ListItem","position":2,"name":"Valprogram"}]},{"@type":"WebSite","@id":"https:\/\/www.posk.se\/marsta\/#website","url":"https:\/\/www.posk.se\/marsta\/","name":"M\u00e4rsta","description":"POSK-grupp i Uppsala stift","potentialAction":[{"@type":"SearchAction","target":{"@type":"EntryPoint","urlTemplate":"https:\/\/www.posk.se\/marsta\/?s={search_term_string}"},"query-input":{"@type":"PropertyValueSpecification","valueRequired":true,"valueName":"search_term_string"}}],"inLanguage":"sv-SE"}]}},"_links":{"self":[{"href":"https:\/\/www.posk.se\/marsta\/wp-json\/wp\/v2\/pages\/65","targetHints":{"allow":["GET"]}}],"collection":[{"href":"https:\/\/www.posk.se\/marsta\/wp-json\/wp\/v2\/pages"}],"about":[{"href":"https:\/\/www.posk.se\/marsta\/wp-json\/wp\/v2\/types\/page"}],"author":[{"embeddable":true,"href":"https:\/\/www.posk.se\/marsta\/wp-json\/wp\/v2\/users\/1933"}],"replies":[{"embeddable":true,"href":"https:\/\/www.posk.se\/marsta\/wp-json\/wp\/v2\/comments?post=65"}],"version-history":[{"count":12,"href":"https:\/\/www.posk.se\/marsta\/wp-json\/wp\/v2\/pages\/65\/revisions"}],"predecessor-version":[{"id":136,"href":"https:\/\/www.posk.se\/marsta\/wp-json\/wp\/v2\/pages\/65\/revisions\/136"}],"wp:attachment":[{"href":"https:\/\/www.posk.se\/marsta\/wp-json\/wp\/v2\/media?parent=65"}],"curies":[{"name":"wp","href":"https:\/\/api.w.org\/{rel}","templated":true}]}}