{"id":228,"date":"2024-02-29T15:58:09","date_gmt":"2024-02-29T14:58:09","guid":{"rendered":"https:\/\/www.posk.se\/mariestad\/?page_id=228"},"modified":"2026-03-26T14:58:32","modified_gmt":"2026-03-26T13:58:32","slug":"poskare-i-de-beslutande-organen","status":"publish","type":"page","link":"https:\/\/www.posk.se\/mariestad\/poskare-i-de-beslutande-organen\/","title":{"rendered":"POSK:are i de beslutande organen"},"content":{"rendered":"<p>KYRKOFULLM\u00c4KTIGE:<\/p>\n<p>Ordinarie ledam\u00f6ter:<\/p>\n<p>Johannes Ekstr\u00f6m (ordf\u00f6rande), Karin Lewerin, Dessir\u00e9e Johansson, Anne-Marie Askerlund, Anne-Louise Buentke, Martina \u00c5kerstr\u00f6m och Elisabeth Sparring<\/p>\n<p>Ers\u00e4ttare:<\/p>\n<p>J\u00f6rgen \u00d6berg, Irene Gomez B\u00f6rjesson, Ingemar Ekstr\u00f6m och Britta Johansson<\/p>\n<p>&nbsp;<\/p>\n<p>KYRKOR\u00c5D:<\/p>\n<p>Ordinarie ledam\u00f6ter:<\/p>\n<p>Karin Lewerin (1:e vice ordf\u00f6rande), Johannes Ekstr\u00f6m, Elisabeth Sparring och Anne-Marie Askerlund<\/p>\n<p>Ers\u00e4ttare:<\/p>\n<p>Britta Johansson och Helena Witting<\/p>\n<p>&nbsp;<\/p>\n<p>VALN\u00c4MND<\/p>\n<p>Ordinarie ledam\u00f6ter:<\/p>\n<p>Karin Lewerin (ordf\u00f6rande) och Helena Witting<\/p>\n<p>Ers\u00e4ttare:<\/p>\n<p>Johannes Ekstr\u00f6m och Anna Nisses<\/p>\n<p>&nbsp;<\/p>\n<p>INTERNATIONELLA UTSKOTTET<\/p>\n<p>Ordinarie ledam\u00f6ter<\/p>\n<p>Ingemar Lans (ordf\u00f6rande) och Helena Witting<\/p>\n<p>&nbsp;<\/p>\n<p>FASTIGHETSUTSKOTTET<\/p>\n<p>Ordinarie ledam\u00f6ter<\/p>\n<p>Claes-Henrik Martinsson (ordf\u00f6rande)<\/p>\n<p>Ers\u00e4ttare:<\/p>\n<p>\u00c5ke Olsman och Magnus Axelsson<\/p>\n<p>&nbsp;<\/p>\n<p>BEGRAVNINGSUTSKOTTET<\/p>\n<p>Ordinarie ledam\u00f6ter<\/p>\n<p>Anne-Marie Askerlund (ordf\u00f6rande) och Johannes Ekstr\u00f6m<\/p>\n","protected":false},"excerpt":{"rendered":"<p>KYRKOFULLM\u00c4KTIGE: Ordinarie ledam\u00f6ter: Johannes Ekstr\u00f6m (ordf\u00f6rande), Karin Lewerin, Dessir\u00e9e Johansson, Anne-Marie Askerlund, Anne-Louise Buentke, Martina \u00c5kerstr\u00f6m och Elisabeth Sparring Ers\u00e4ttare: J\u00f6rgen \u00d6berg, Irene Gomez B\u00f6rjesson, Ingemar Ekstr\u00f6m och Britta Johansson &nbsp; KYRKOR\u00c5D: Ordinarie ledam\u00f6ter: Karin Lewerin (1:e vice ordf\u00f6rande), Johannes Ekstr\u00f6m, Elisabeth Sparring och Anne-Marie Askerlund Ers\u00e4ttare: Britta Johansson och Helena Witting &nbsp; VALN\u00c4MND Ordinarie [&hellip;]<\/p>\n","protected":false},"author":1414,"featured_media":0,"parent":0,"menu_order":0,"comment_status":"closed","ping_status":"closed","template":"page-templates\/page-sidebar-left.php","meta":{"_acf_changed":false,"footnotes":""},"class_list":["post-228","page","type-page","status-publish","hentry"],"acf":[],"yoast_head":"<!-- This site is optimized with the Yoast SEO plugin v24.9 - https:\/\/yoast.com\/wordpress\/plugins\/seo\/ -->\n<title>POSK:are i de beslutande organen - Mariestad<\/title>\n<meta name=\"robots\" content=\"index, follow, max-snippet:-1, max-image-preview:large, max-video-preview:-1\" \/>\n<link rel=\"canonical\" href=\"https:\/\/www.posk.se\/mariestad\/poskare-i-de-beslutande-organen\/\" \/>\n<meta property=\"og:locale\" content=\"sv_SE\" \/>\n<meta property=\"og:type\" content=\"article\" \/>\n<meta property=\"og:title\" content=\"POSK:are i de beslutande organen - Mariestad\" \/>\n<meta property=\"og:description\" content=\"KYRKOFULLM\u00c4KTIGE: Ordinarie ledam\u00f6ter: Johannes Ekstr\u00f6m (ordf\u00f6rande), Karin Lewerin, Dessir\u00e9e Johansson, Anne-Marie Askerlund, Anne-Louise Buentke, Martina \u00c5kerstr\u00f6m och Elisabeth Sparring Ers\u00e4ttare: J\u00f6rgen \u00d6berg, Irene Gomez B\u00f6rjesson, Ingemar Ekstr\u00f6m och Britta Johansson &nbsp; KYRKOR\u00c5D: Ordinarie ledam\u00f6ter: Karin Lewerin (1:e vice ordf\u00f6rande), Johannes Ekstr\u00f6m, Elisabeth Sparring och Anne-Marie Askerlund Ers\u00e4ttare: Britta Johansson och Helena Witting &nbsp; VALN\u00c4MND Ordinarie [&hellip;]\" \/>\n<meta property=\"og:url\" content=\"https:\/\/www.posk.se\/mariestad\/poskare-i-de-beslutande-organen\/\" \/>\n<meta property=\"og:site_name\" content=\"Mariestad\" \/>\n<meta property=\"article:modified_time\" content=\"2026-03-26T13:58:32+00:00\" \/>\n<meta name=\"twitter:card\" content=\"summary_large_image\" \/>\n<meta name=\"twitter:label1\" content=\"Ber\u00e4knad l\u00e4stid\" \/>\n\t<meta name=\"twitter:data1\" content=\"1 minut\" \/>\n<script type=\"application\/ld+json\" class=\"yoast-schema-graph\">{\"@context\":\"https:\/\/schema.org\",\"@graph\":[{\"@type\":\"WebPage\",\"@id\":\"https:\/\/www.posk.se\/mariestad\/poskare-i-de-beslutande-organen\/\",\"url\":\"https:\/\/www.posk.se\/mariestad\/poskare-i-de-beslutande-organen\/\",\"name\":\"POSK:are i de beslutande organen - Mariestad\",\"isPartOf\":{\"@id\":\"https:\/\/www.posk.se\/mariestad\/#website\"},\"datePublished\":\"2024-02-29T14:58:09+00:00\",\"dateModified\":\"2026-03-26T13:58:32+00:00\",\"breadcrumb\":{\"@id\":\"https:\/\/www.posk.se\/mariestad\/poskare-i-de-beslutande-organen\/#breadcrumb\"},\"inLanguage\":\"sv-SE\",\"potentialAction\":[{\"@type\":\"ReadAction\",\"target\":[\"https:\/\/www.posk.se\/mariestad\/poskare-i-de-beslutande-organen\/\"]}]},{\"@type\":\"BreadcrumbList\",\"@id\":\"https:\/\/www.posk.se\/mariestad\/poskare-i-de-beslutande-organen\/#breadcrumb\",\"itemListElement\":[{\"@type\":\"ListItem\",\"position\":1,\"name\":\"Hem\",\"item\":\"https:\/\/www.posk.se\/mariestad\/\"},{\"@type\":\"ListItem\",\"position\":2,\"name\":\"POSK:are i de beslutande organen\"}]},{\"@type\":\"WebSite\",\"@id\":\"https:\/\/www.posk.se\/mariestad\/#website\",\"url\":\"https:\/\/www.posk.se\/mariestad\/\",\"name\":\"Mariestad\",\"description\":\"POSK-grupp i Skara stift\",\"potentialAction\":[{\"@type\":\"SearchAction\",\"target\":{\"@type\":\"EntryPoint\",\"urlTemplate\":\"https:\/\/www.posk.se\/mariestad\/?s={search_term_string}\"},\"query-input\":{\"@type\":\"PropertyValueSpecification\",\"valueRequired\":true,\"valueName\":\"search_term_string\"}}],\"inLanguage\":\"sv-SE\"}]}<\/script>\n<!-- \/ Yoast SEO plugin. -->","yoast_head_json":{"title":"POSK:are i de beslutande organen - Mariestad","robots":{"index":"index","follow":"follow","max-snippet":"max-snippet:-1","max-image-preview":"max-image-preview:large","max-video-preview":"max-video-preview:-1"},"canonical":"https:\/\/www.posk.se\/mariestad\/poskare-i-de-beslutande-organen\/","og_locale":"sv_SE","og_type":"article","og_title":"POSK:are i de beslutande organen - Mariestad","og_description":"KYRKOFULLM\u00c4KTIGE: Ordinarie ledam\u00f6ter: Johannes Ekstr\u00f6m (ordf\u00f6rande), Karin Lewerin, Dessir\u00e9e Johansson, Anne-Marie Askerlund, Anne-Louise Buentke, Martina \u00c5kerstr\u00f6m och Elisabeth Sparring Ers\u00e4ttare: J\u00f6rgen \u00d6berg, Irene Gomez B\u00f6rjesson, Ingemar Ekstr\u00f6m och Britta Johansson &nbsp; KYRKOR\u00c5D: Ordinarie ledam\u00f6ter: Karin Lewerin (1:e vice ordf\u00f6rande), Johannes Ekstr\u00f6m, Elisabeth Sparring och Anne-Marie Askerlund Ers\u00e4ttare: Britta Johansson och Helena Witting &nbsp; VALN\u00c4MND Ordinarie [&hellip;]","og_url":"https:\/\/www.posk.se\/mariestad\/poskare-i-de-beslutande-organen\/","og_site_name":"Mariestad","article_modified_time":"2026-03-26T13:58:32+00:00","twitter_card":"summary_large_image","twitter_misc":{"Ber\u00e4knad l\u00e4stid":"1 minut"},"schema":{"@context":"https:\/\/schema.org","@graph":[{"@type":"WebPage","@id":"https:\/\/www.posk.se\/mariestad\/poskare-i-de-beslutande-organen\/","url":"https:\/\/www.posk.se\/mariestad\/poskare-i-de-beslutande-organen\/","name":"POSK:are i de beslutande organen - Mariestad","isPartOf":{"@id":"https:\/\/www.posk.se\/mariestad\/#website"},"datePublished":"2024-02-29T14:58:09+00:00","dateModified":"2026-03-26T13:58:32+00:00","breadcrumb":{"@id":"https:\/\/www.posk.se\/mariestad\/poskare-i-de-beslutande-organen\/#breadcrumb"},"inLanguage":"sv-SE","potentialAction":[{"@type":"ReadAction","target":["https:\/\/www.posk.se\/mariestad\/poskare-i-de-beslutande-organen\/"]}]},{"@type":"BreadcrumbList","@id":"https:\/\/www.posk.se\/mariestad\/poskare-i-de-beslutande-organen\/#breadcrumb","itemListElement":[{"@type":"ListItem","position":1,"name":"Hem","item":"https:\/\/www.posk.se\/mariestad\/"},{"@type":"ListItem","position":2,"name":"POSK:are i de beslutande organen"}]},{"@type":"WebSite","@id":"https:\/\/www.posk.se\/mariestad\/#website","url":"https:\/\/www.posk.se\/mariestad\/","name":"Mariestad","description":"POSK-grupp i Skara stift","potentialAction":[{"@type":"SearchAction","target":{"@type":"EntryPoint","urlTemplate":"https:\/\/www.posk.se\/mariestad\/?s={search_term_string}"},"query-input":{"@type":"PropertyValueSpecification","valueRequired":true,"valueName":"search_term_string"}}],"inLanguage":"sv-SE"}]}},"_links":{"self":[{"href":"https:\/\/www.posk.se\/mariestad\/wp-json\/wp\/v2\/pages\/228","targetHints":{"allow":["GET"]}}],"collection":[{"href":"https:\/\/www.posk.se\/mariestad\/wp-json\/wp\/v2\/pages"}],"about":[{"href":"https:\/\/www.posk.se\/mariestad\/wp-json\/wp\/v2\/types\/page"}],"author":[{"embeddable":true,"href":"https:\/\/www.posk.se\/mariestad\/wp-json\/wp\/v2\/users\/1414"}],"replies":[{"embeddable":true,"href":"https:\/\/www.posk.se\/mariestad\/wp-json\/wp\/v2\/comments?post=228"}],"version-history":[{"count":9,"href":"https:\/\/www.posk.se\/mariestad\/wp-json\/wp\/v2\/pages\/228\/revisions"}],"predecessor-version":[{"id":349,"href":"https:\/\/www.posk.se\/mariestad\/wp-json\/wp\/v2\/pages\/228\/revisions\/349"}],"wp:attachment":[{"href":"https:\/\/www.posk.se\/mariestad\/wp-json\/wp\/v2\/media?parent=228"}],"curies":[{"name":"wp","href":"https:\/\/api.w.org\/{rel}","templated":true}]}}

<p>KYRKOFULLMÄKTIGE:</p>
<p>Ordinarie ledamöter:</p>
<p>Johannes Ekström (ordförande), Karin Lewerin, Dessirée Johansson, Anne-Marie Askerlund, Anne-Louise Buentke, Martina Åkerström och Elisabeth Sparring</p>
<p>Ersättare:</p>
<p>Jörgen Öberg, Irene Gomez Börjesson, Ingemar Ekström och Britta Johansson</p>
<p>&nbsp;</p>
<p>KYRKORÅD:</p>
<p>Ordinarie ledamöter:</p>
<p>Karin Lewerin (1:e vice ordförande), Johannes Ekström, Elisabeth Sparring och Anne-Marie Askerlund</p>
<p>Ersättare:</p>
<p>Britta Johansson och Helena Witting</p>
<p>&nbsp;</p>
<p>VALNÄMND</p>
<p>Ordinarie ledamöter:</p>
<p>Karin Lewerin (ordförande) och Helena Witting</p>
<p>Ersättare:</p>
<p>Johannes Ekström och Anna Nisses</p>
<p>&nbsp;</p>
<p>INTERNATIONELLA UTSKOTTET</p>
<p>Ordinarie ledamöter</p>
<p>Ingemar Lans (ordförande) och Helena Witting</p>
<p>&nbsp;</p>
<p>FASTIGHETSUTSKOTTET</p>
<p>Ordinarie ledamöter</p>
<p>Claes-Henrik Martinsson (ordförande)</p>
<p>Ersättare:</p>
<p>Åke Olsman och Magnus Axelsson</p>
<p>&nbsp;</p>
<p>BEGRAVNINGSUTSKOTTET</p>
<p>Ordinarie ledamöter</p>
<p>Anne-Marie Askerlund (ordförande) och Johannes Ekström</p>

<p>KYRKOFULLMÄKTIGE: Ordinarie ledamöter: Johannes Ekström (ordförande), Karin Lewerin, Dessirée Johansson, Anne-Marie Askerlund, Anne-Louise Buentke, Martina Åkerström och Elisabeth Sparring Ersättare: Jörgen Öberg, Irene Gomez Börjesson, Ingemar Ekström och Britta Johansson &nbsp; KYRKORÅD: Ordinarie ledamöter: Karin Lewerin (1:e vice ordförande), Johannes Ekström, Elisabeth Sparring och Anne-Marie Askerlund Ersättare: Britta Johansson och Helena Witting &nbsp; VALNÄMND Ordinarie [&hellip;]</p>

<!-- This site is optimized with the Yoast SEO plugin v24.9 - https://yoast.com/wordpress/plugins/seo/ -->
<title>POSK:are i de beslutande organen - Mariestad</title>
<meta name="robots" content="index, follow, max-snippet:-1, max-image-preview:large, max-video-preview:-1" />
<link rel="canonical" href="https://www.posk.se/mariestad/poskare-i-de-beslutande-organen/" />
<meta property="og:locale" content="sv_SE" />
<meta property="og:type" content="article" />
<meta property="og:title" content="POSK:are i de beslutande organen - Mariestad" />
<meta property="og:description" content="KYRKOFULLMÄKTIGE: Ordinarie ledamöter: Johannes Ekström (ordförande), Karin Lewerin, Dessirée Johansson, Anne-Marie Askerlund, Anne-Louise Buentke, Martina Åkerström och Elisabeth Sparring Ersättare: Jörgen Öberg, Irene Gomez Börjesson, Ingemar Ekström och Britta Johansson &nbsp; KYRKORÅD: Ordinarie ledamöter: Karin Lewerin (1:e vice ordförande), Johannes Ekström, Elisabeth Sparring och Anne-Marie Askerlund Ersättare: Britta Johansson och Helena Witting &nbsp; VALNÄMND Ordinarie [&hellip;]" />
<meta property="og:url" content="https://www.posk.se/mariestad/poskare-i-de-beslutande-organen/" />
<meta property="og:site_name" content="Mariestad" />
<meta property="article:modified_time" content="2026-03-26T13:58:32+00:00" />
<meta name="twitter:card" content="summary_large_image" />
<meta name="twitter:label1" content="Beräknad lästid" />
	<meta name="twitter:data1" content="1 minut" />
<script type="application/ld+json" class="yoast-schema-graph">{"@context":"https://schema.org","@graph":[{"@type":"WebPage","@id":"https://www.posk.se/mariestad/poskare-i-de-beslutande-organen/","url":"https://www.posk.se/mariestad/poskare-i-de-beslutande-organen/","name":"POSK:are i de beslutande organen - Mariestad","isPartOf":{"@id":"https://www.posk.se/mariestad/#website"},"datePublished":"2024-02-29T14:58:09+00:00","dateModified":"2026-03-26T13:58:32+00:00","breadcrumb":{"@id":"https://www.posk.se/mariestad/poskare-i-de-beslutande-organen/#breadcrumb"},"inLanguage":"sv-SE","potentialAction":[{"@type":"ReadAction","target":["https://www.posk.se/mariestad/poskare-i-de-beslutande-organen/"]}]},{"@type":"BreadcrumbList","@id":"https://www.posk.se/mariestad/poskare-i-de-beslutande-organen/#breadcrumb","itemListElement":[{"@type":"ListItem","position":1,"name":"Hem","item":"https://www.posk.se/mariestad/"},{"@type":"ListItem","position":2,"name":"POSK:are i de beslutande organen"}]},{"@type":"WebSite","@id":"https://www.posk.se/mariestad/#website","url":"https://www.posk.se/mariestad/","name":"Mariestad","description":"POSK-grupp i Skara stift","potentialAction":[{"@type":"SearchAction","target":{"@type":"EntryPoint","urlTemplate":"https://www.posk.se/mariestad/?s={search_term_string}"},"query-input":{"@type":"PropertyValueSpecification","valueRequired":true,"valueName":"search_term_string"}}],"inLanguage":"sv-SE"}]}</script>
<!-- / Yoast SEO plugin. -->

KYRKOFULLMÄKTIGE: Ordinarie ledamöter: Johannes Ekström (ordförande), Karin Lewerin, Dessirée Johansson, Anne-Marie Askerlund, Anne-Louise Buentke, Martina Åkerström och Elisabeth Sparring Ersättare: Jörgen Öberg, Irene Gomez Börjesson, Ingemar Ekström och Britta Johansson &nbsp; KYRKORÅD: Ordinarie ledamöter: Karin Lewerin (1:e vice ordförande), Johannes Ekström, Elisabeth Sparring och Anne-Marie Askerlund Ersättare: Britta Johansson och Helena Witting &nbsp; VALNÄMND Ordinarie [&hellip;]
