{"id":218,"date":"2022-06-14T07:09:03","date_gmt":"2022-06-14T05:09:03","guid":{"rendered":"https:\/\/www.posk.se\/mariestad\/?page_id=218"},"modified":"2026-03-24T11:16:29","modified_gmt":"2026-03-24T10:16:29","slug":"kontakt","status":"publish","type":"page","link":"https:\/\/www.posk.se\/mariestad\/kontakt\/","title":{"rendered":"Kontakt"},"content":{"rendered":"<p><strong>Styrelsen best\u00e5r av:<\/strong><\/p>\n<p>ordf\u00f6rande:<\/p>\n<p>Johannes Ekstr\u00f6m<\/p>\n<p>e-post: \u00a0johannes.ekstrom.posk@telia.com<\/p>\n<p>Tel.: 070-950 99 55<\/p>\n<p>&nbsp;<\/p>\n<p>Ledam\u00f6ter och ers\u00e4ttare:<\/p>\n<p>Eva Ekman (vice ordf.)<\/p>\n<p>Anna Eriksson Nissses (sekr.)<\/p>\n<p>Helena Wittting (kass\u00f6r)<\/p>\n<p>Ann-Marie Askerlund (ord.)<\/p>\n<p>Irene Gomez-B\u00f6rjesson (ers.)<\/p>\n<p>Britta Johansson (ers.)<\/p>\n<p>Ann-Louise Buentke (ers.)<\/p>\n","protected":false},"excerpt":{"rendered":"<p>Styrelsen best\u00e5r av: ordf\u00f6rande: Johannes Ekstr\u00f6m e-post: \u00a0johannes.ekstrom.posk@telia.com Tel.: 070-950 99 55 &nbsp; Ledam\u00f6ter och ers\u00e4ttare: Eva Ekman (vice ordf.) Anna Eriksson Nissses (sekr.) Helena Wittting (kass\u00f6r) Ann-Marie Askerlund (ord.) Irene Gomez-B\u00f6rjesson (ers.) Britta Johansson (ers.) Ann-Louise Buentke (ers.)<\/p>\n","protected":false},"author":1414,"featured_media":0,"parent":0,"menu_order":0,"comment_status":"closed","ping_status":"closed","template":"page-templates\/page-sidebar-left.php","meta":{"_acf_changed":false,"footnotes":""},"class_list":["post-218","page","type-page","status-publish","hentry"],"acf":[],"yoast_head":"<!-- This site is optimized with the Yoast SEO plugin v24.9 - https:\/\/yoast.com\/wordpress\/plugins\/seo\/ -->\n<title>Kontakt - Mariestad<\/title>\n<meta name=\"robots\" content=\"index, follow, max-snippet:-1, max-image-preview:large, max-video-preview:-1\" \/>\n<link rel=\"canonical\" href=\"https:\/\/www.posk.se\/mariestad\/kontakt\/\" \/>\n<meta property=\"og:locale\" content=\"sv_SE\" \/>\n<meta property=\"og:type\" content=\"article\" \/>\n<meta property=\"og:title\" content=\"Kontakt - Mariestad\" \/>\n<meta property=\"og:description\" content=\"Styrelsen best\u00e5r av: ordf\u00f6rande: Johannes Ekstr\u00f6m e-post: \u00a0johannes.ekstrom.posk@telia.com Tel.: 070-950 99 55 &nbsp; Ledam\u00f6ter och ers\u00e4ttare: Eva Ekman (vice ordf.) Anna Eriksson Nissses (sekr.) Helena Wittting (kass\u00f6r) Ann-Marie Askerlund (ord.) Irene Gomez-B\u00f6rjesson (ers.) Britta Johansson (ers.) Ann-Louise Buentke (ers.)\" \/>\n<meta property=\"og:url\" content=\"https:\/\/www.posk.se\/mariestad\/kontakt\/\" \/>\n<meta property=\"og:site_name\" content=\"Mariestad\" \/>\n<meta property=\"article:modified_time\" content=\"2026-03-24T10:16:29+00:00\" \/>\n<meta name=\"twitter:card\" content=\"summary_large_image\" \/>\n<meta name=\"twitter:label1\" content=\"Ber\u00e4knad l\u00e4stid\" \/>\n\t<meta name=\"twitter:data1\" content=\"1 minut\" \/>\n<script type=\"application\/ld+json\" class=\"yoast-schema-graph\">{\"@context\":\"https:\/\/schema.org\",\"@graph\":[{\"@type\":\"WebPage\",\"@id\":\"https:\/\/www.posk.se\/mariestad\/kontakt\/\",\"url\":\"https:\/\/www.posk.se\/mariestad\/kontakt\/\",\"name\":\"Kontakt - Mariestad\",\"isPartOf\":{\"@id\":\"https:\/\/www.posk.se\/mariestad\/#website\"},\"datePublished\":\"2022-06-14T05:09:03+00:00\",\"dateModified\":\"2026-03-24T10:16:29+00:00\",\"breadcrumb\":{\"@id\":\"https:\/\/www.posk.se\/mariestad\/kontakt\/#breadcrumb\"},\"inLanguage\":\"sv-SE\",\"potentialAction\":[{\"@type\":\"ReadAction\",\"target\":[\"https:\/\/www.posk.se\/mariestad\/kontakt\/\"]}]},{\"@type\":\"BreadcrumbList\",\"@id\":\"https:\/\/www.posk.se\/mariestad\/kontakt\/#breadcrumb\",\"itemListElement\":[{\"@type\":\"ListItem\",\"position\":1,\"name\":\"Hem\",\"item\":\"https:\/\/www.posk.se\/mariestad\/\"},{\"@type\":\"ListItem\",\"position\":2,\"name\":\"Kontakt\"}]},{\"@type\":\"WebSite\",\"@id\":\"https:\/\/www.posk.se\/mariestad\/#website\",\"url\":\"https:\/\/www.posk.se\/mariestad\/\",\"name\":\"Mariestad\",\"description\":\"POSK-grupp i Skara stift\",\"potentialAction\":[{\"@type\":\"SearchAction\",\"target\":{\"@type\":\"EntryPoint\",\"urlTemplate\":\"https:\/\/www.posk.se\/mariestad\/?s={search_term_string}\"},\"query-input\":{\"@type\":\"PropertyValueSpecification\",\"valueRequired\":true,\"valueName\":\"search_term_string\"}}],\"inLanguage\":\"sv-SE\"}]}<\/script>\n<!-- \/ Yoast SEO plugin. -->","yoast_head_json":{"title":"Kontakt - Mariestad","robots":{"index":"index","follow":"follow","max-snippet":"max-snippet:-1","max-image-preview":"max-image-preview:large","max-video-preview":"max-video-preview:-1"},"canonical":"https:\/\/www.posk.se\/mariestad\/kontakt\/","og_locale":"sv_SE","og_type":"article","og_title":"Kontakt - Mariestad","og_description":"Styrelsen best\u00e5r av: ordf\u00f6rande: Johannes Ekstr\u00f6m e-post: \u00a0johannes.ekstrom.posk@telia.com Tel.: 070-950 99 55 &nbsp; Ledam\u00f6ter och ers\u00e4ttare: Eva Ekman (vice ordf.) Anna Eriksson Nissses (sekr.) Helena Wittting (kass\u00f6r) Ann-Marie Askerlund (ord.) Irene Gomez-B\u00f6rjesson (ers.) Britta Johansson (ers.) Ann-Louise Buentke (ers.)","og_url":"https:\/\/www.posk.se\/mariestad\/kontakt\/","og_site_name":"Mariestad","article_modified_time":"2026-03-24T10:16:29+00:00","twitter_card":"summary_large_image","twitter_misc":{"Ber\u00e4knad l\u00e4stid":"1 minut"},"schema":{"@context":"https:\/\/schema.org","@graph":[{"@type":"WebPage","@id":"https:\/\/www.posk.se\/mariestad\/kontakt\/","url":"https:\/\/www.posk.se\/mariestad\/kontakt\/","name":"Kontakt - Mariestad","isPartOf":{"@id":"https:\/\/www.posk.se\/mariestad\/#website"},"datePublished":"2022-06-14T05:09:03+00:00","dateModified":"2026-03-24T10:16:29+00:00","breadcrumb":{"@id":"https:\/\/www.posk.se\/mariestad\/kontakt\/#breadcrumb"},"inLanguage":"sv-SE","potentialAction":[{"@type":"ReadAction","target":["https:\/\/www.posk.se\/mariestad\/kontakt\/"]}]},{"@type":"BreadcrumbList","@id":"https:\/\/www.posk.se\/mariestad\/kontakt\/#breadcrumb","itemListElement":[{"@type":"ListItem","position":1,"name":"Hem","item":"https:\/\/www.posk.se\/mariestad\/"},{"@type":"ListItem","position":2,"name":"Kontakt"}]},{"@type":"WebSite","@id":"https:\/\/www.posk.se\/mariestad\/#website","url":"https:\/\/www.posk.se\/mariestad\/","name":"Mariestad","description":"POSK-grupp i Skara stift","potentialAction":[{"@type":"SearchAction","target":{"@type":"EntryPoint","urlTemplate":"https:\/\/www.posk.se\/mariestad\/?s={search_term_string}"},"query-input":{"@type":"PropertyValueSpecification","valueRequired":true,"valueName":"search_term_string"}}],"inLanguage":"sv-SE"}]}},"_links":{"self":[{"href":"https:\/\/www.posk.se\/mariestad\/wp-json\/wp\/v2\/pages\/218","targetHints":{"allow":["GET"]}}],"collection":[{"href":"https:\/\/www.posk.se\/mariestad\/wp-json\/wp\/v2\/pages"}],"about":[{"href":"https:\/\/www.posk.se\/mariestad\/wp-json\/wp\/v2\/types\/page"}],"author":[{"embeddable":true,"href":"https:\/\/www.posk.se\/mariestad\/wp-json\/wp\/v2\/users\/1414"}],"replies":[{"embeddable":true,"href":"https:\/\/www.posk.se\/mariestad\/wp-json\/wp\/v2\/comments?post=218"}],"version-history":[{"count":6,"href":"https:\/\/www.posk.se\/mariestad\/wp-json\/wp\/v2\/pages\/218\/revisions"}],"predecessor-version":[{"id":348,"href":"https:\/\/www.posk.se\/mariestad\/wp-json\/wp\/v2\/pages\/218\/revisions\/348"}],"wp:attachment":[{"href":"https:\/\/www.posk.se\/mariestad\/wp-json\/wp\/v2\/media?parent=218"}],"curies":[{"name":"wp","href":"https:\/\/api.w.org\/{rel}","templated":true}]}}

<p><strong>Styrelsen består av:</strong></p>
<p>ordförande:</p>
<p>Johannes Ekström</p>
<p>e-post:  johannes.ekstrom.posk@telia.com</p>
<p>Tel.: 070-950 99 55</p>
<p>&nbsp;</p>
<p>Ledamöter och ersättare:</p>
<p>Eva Ekman (vice ordf.)</p>
<p>Anna Eriksson Nissses (sekr.)</p>
<p>Helena Wittting (kassör)</p>
<p>Ann-Marie Askerlund (ord.)</p>
<p>Irene Gomez-Börjesson (ers.)</p>
<p>Britta Johansson (ers.)</p>
<p>Ann-Louise Buentke (ers.)</p>

<p>Styrelsen består av: ordförande: Johannes Ekström e-post:  johannes.ekstrom.posk@telia.com Tel.: 070-950 99 55 &nbsp; Ledamöter och ersättare: Eva Ekman (vice ordf.) Anna Eriksson Nissses (sekr.) Helena Wittting (kassör) Ann-Marie Askerlund (ord.) Irene Gomez-Börjesson (ers.) Britta Johansson (ers.) Ann-Louise Buentke (ers.)</p>

<!-- This site is optimized with the Yoast SEO plugin v24.9 - https://yoast.com/wordpress/plugins/seo/ -->
<title>Kontakt - Mariestad</title>
<meta name="robots" content="index, follow, max-snippet:-1, max-image-preview:large, max-video-preview:-1" />
<link rel="canonical" href="https://www.posk.se/mariestad/kontakt/" />
<meta property="og:locale" content="sv_SE" />
<meta property="og:type" content="article" />
<meta property="og:title" content="Kontakt - Mariestad" />
<meta property="og:description" content="Styrelsen består av: ordförande: Johannes Ekström e-post:  johannes.ekstrom.posk@telia.com Tel.: 070-950 99 55 &nbsp; Ledamöter och ersättare: Eva Ekman (vice ordf.) Anna Eriksson Nissses (sekr.) Helena Wittting (kassör) Ann-Marie Askerlund (ord.) Irene Gomez-Börjesson (ers.) Britta Johansson (ers.) Ann-Louise Buentke (ers.)" />
<meta property="og:url" content="https://www.posk.se/mariestad/kontakt/" />
<meta property="og:site_name" content="Mariestad" />
<meta property="article:modified_time" content="2026-03-24T10:16:29+00:00" />
<meta name="twitter:card" content="summary_large_image" />
<meta name="twitter:label1" content="Beräknad lästid" />
	<meta name="twitter:data1" content="1 minut" />
<script type="application/ld+json" class="yoast-schema-graph">{"@context":"https://schema.org","@graph":[{"@type":"WebPage","@id":"https://www.posk.se/mariestad/kontakt/","url":"https://www.posk.se/mariestad/kontakt/","name":"Kontakt - Mariestad","isPartOf":{"@id":"https://www.posk.se/mariestad/#website"},"datePublished":"2022-06-14T05:09:03+00:00","dateModified":"2026-03-24T10:16:29+00:00","breadcrumb":{"@id":"https://www.posk.se/mariestad/kontakt/#breadcrumb"},"inLanguage":"sv-SE","potentialAction":[{"@type":"ReadAction","target":["https://www.posk.se/mariestad/kontakt/"]}]},{"@type":"BreadcrumbList","@id":"https://www.posk.se/mariestad/kontakt/#breadcrumb","itemListElement":[{"@type":"ListItem","position":1,"name":"Hem","item":"https://www.posk.se/mariestad/"},{"@type":"ListItem","position":2,"name":"Kontakt"}]},{"@type":"WebSite","@id":"https://www.posk.se/mariestad/#website","url":"https://www.posk.se/mariestad/","name":"Mariestad","description":"POSK-grupp i Skara stift","potentialAction":[{"@type":"SearchAction","target":{"@type":"EntryPoint","urlTemplate":"https://www.posk.se/mariestad/?s={search_term_string}"},"query-input":{"@type":"PropertyValueSpecification","valueRequired":true,"valueName":"search_term_string"}}],"inLanguage":"sv-SE"}]}</script>
<!-- / Yoast SEO plugin. -->

Styrelsen består av: ordförande: Johannes Ekström e-post:  johannes.ekstrom.posk@telia.com Tel.: 070-950 99 55 &nbsp; Ledamöter och ersättare: Eva Ekman (vice ordf.) Anna Eriksson Nissses (sekr.) Helena Wittting (kassör) Ann-Marie Askerlund (ord.) Irene Gomez-Börjesson (ers.) Britta Johansson (ers.) Ann-Louise Buentke (ers.)
