{"id":208,"date":"2022-01-22T15:30:48","date_gmt":"2022-01-22T14:30:48","guid":{"rendered":"https:\/\/www.posk.se\/malmo\/?page_id=208"},"modified":"2024-01-20T18:31:42","modified_gmt":"2024-01-20T17:31:42","slug":"bli-medlem","status":"publish","type":"page","link":"https:\/\/www.posk.se\/malmo\/bli-medlem\/","title":{"rendered":"Vill du bli medlem?"},"content":{"rendered":"<p><strong>Vill du bli medlem i POSK i Malm\u00f6?<\/strong><br \/>\nEller veta mer om oss och vad vi g\u00f6r?<br \/>\nDu kanske vill engagera dig eller vara medlem f\u00f6r att st\u00f6tta POSK i Malm\u00f6?<\/p>\n<p>Kontakta oss p\u00e5 epost: <a href=\"mailto:malmo@posk.se\" target=\"_blank\" rel=\"noopener\">malmo(at)posk.se<\/a><\/p>\n<p>Medlemsavgiften \u00e4r 100 kr.<\/p>\n<p>Plusgiro 652483-9<\/p>\n<p>Swish 1236418578<\/p>\n<p><img loading=\"lazy\" decoding=\"async\" class=\"alignnone size-medium wp-image-235\" src=\"https:\/\/www.posk.se\/malmo\/wp-content\/uploads\/sites\/110\/2024\/01\/swish-qr-posk-malmo-198x300.png\" alt=\"\" width=\"198\" height=\"300\" srcset=\"https:\/\/www.posk.se\/malmo\/wp-content\/uploads\/sites\/110\/2024\/01\/swish-qr-posk-malmo-198x300.png 198w, https:\/\/www.posk.se\/malmo\/wp-content\/uploads\/sites\/110\/2024\/01\/swish-qr-posk-malmo-330x500.png 330w, https:\/\/www.posk.se\/malmo\/wp-content\/uploads\/sites\/110\/2024\/01\/swish-qr-posk-malmo.png 625w\" sizes=\"auto, (max-width: 198px) 100vw, 198px\" \/><\/p>\n<p>&nbsp;<\/p>\n<p>&nbsp;<\/p>\n","protected":false},"excerpt":{"rendered":"<p>Vill du bli medlem i POSK i Malm\u00f6? Eller veta mer om oss och vad vi g\u00f6r? Du kanske vill engagera dig eller vara medlem f\u00f6r att st\u00f6tta POSK i Malm\u00f6? Kontakta oss p\u00e5 epost: malmo(at)posk.se Medlemsavgiften \u00e4r 100 kr. Plusgiro 652483-9 Swish 1236418578 &nbsp; &nbsp;<\/p>\n","protected":false},"author":67,"featured_media":0,"parent":0,"menu_order":0,"comment_status":"closed","ping_status":"closed","template":"page-templates\/page-sidebar-left.php","meta":{"_acf_changed":false,"footnotes":""},"class_list":["post-208","page","type-page","status-publish","hentry"],"acf":[],"yoast_head":"<!-- This site is optimized with the Yoast SEO plugin v24.9 - https:\/\/yoast.com\/wordpress\/plugins\/seo\/ -->\n<title>Vill du bli medlem? - Malm\u00f6<\/title>\n<meta name=\"robots\" content=\"index, follow, max-snippet:-1, max-image-preview:large, max-video-preview:-1\" \/>\n<link rel=\"canonical\" href=\"https:\/\/www.posk.se\/malmo\/bli-medlem\/\" \/>\n<meta property=\"og:locale\" content=\"sv_SE\" \/>\n<meta property=\"og:type\" content=\"article\" \/>\n<meta property=\"og:title\" content=\"Vill du bli medlem? - Malm\u00f6\" \/>\n<meta property=\"og:description\" content=\"Vill du bli medlem i POSK i Malm\u00f6? Eller veta mer om oss och vad vi g\u00f6r? Du kanske vill engagera dig eller vara medlem f\u00f6r att st\u00f6tta POSK i Malm\u00f6? Kontakta oss p\u00e5 epost: malmo(at)posk.se Medlemsavgiften \u00e4r 100 kr. Plusgiro 652483-9 Swish 1236418578 &nbsp; &nbsp;\" \/>\n<meta property=\"og:url\" content=\"https:\/\/www.posk.se\/malmo\/bli-medlem\/\" \/>\n<meta property=\"og:site_name\" content=\"Malm\u00f6\" \/>\n<meta property=\"article:modified_time\" content=\"2024-01-20T17:31:42+00:00\" \/>\n<meta property=\"og:image\" content=\"https:\/\/www.posk.se\/malmo\/wp-content\/uploads\/sites\/110\/2024\/01\/swish-qr-posk-malmo-198x300.png\" \/>\n<meta name=\"twitter:card\" content=\"summary_large_image\" \/>\n<meta name=\"twitter:label1\" content=\"Ber\u00e4knad l\u00e4stid\" \/>\n\t<meta name=\"twitter:data1\" content=\"1 minut\" \/>\n<script type=\"application\/ld+json\" class=\"yoast-schema-graph\">{\"@context\":\"https:\/\/schema.org\",\"@graph\":[{\"@type\":\"WebPage\",\"@id\":\"https:\/\/www.posk.se\/malmo\/bli-medlem\/\",\"url\":\"https:\/\/www.posk.se\/malmo\/bli-medlem\/\",\"name\":\"Vill du bli medlem? - Malm\u00f6\",\"isPartOf\":{\"@id\":\"https:\/\/www.posk.se\/malmo\/#website\"},\"primaryImageOfPage\":{\"@id\":\"https:\/\/www.posk.se\/malmo\/bli-medlem\/#primaryimage\"},\"image\":{\"@id\":\"https:\/\/www.posk.se\/malmo\/bli-medlem\/#primaryimage\"},\"thumbnailUrl\":\"https:\/\/www.posk.se\/malmo\/wp-content\/uploads\/sites\/110\/2024\/01\/swish-qr-posk-malmo-198x300.png\",\"datePublished\":\"2022-01-22T14:30:48+00:00\",\"dateModified\":\"2024-01-20T17:31:42+00:00\",\"breadcrumb\":{\"@id\":\"https:\/\/www.posk.se\/malmo\/bli-medlem\/#breadcrumb\"},\"inLanguage\":\"sv-SE\",\"potentialAction\":[{\"@type\":\"ReadAction\",\"target\":[\"https:\/\/www.posk.se\/malmo\/bli-medlem\/\"]}]},{\"@type\":\"ImageObject\",\"inLanguage\":\"sv-SE\",\"@id\":\"https:\/\/www.posk.se\/malmo\/bli-medlem\/#primaryimage\",\"url\":\"https:\/\/www.posk.se\/malmo\/wp-content\/uploads\/sites\/110\/2024\/01\/swish-qr-posk-malmo.png\",\"contentUrl\":\"https:\/\/www.posk.se\/malmo\/wp-content\/uploads\/sites\/110\/2024\/01\/swish-qr-posk-malmo.png\",\"width\":625,\"height\":945},{\"@type\":\"BreadcrumbList\",\"@id\":\"https:\/\/www.posk.se\/malmo\/bli-medlem\/#breadcrumb\",\"itemListElement\":[{\"@type\":\"ListItem\",\"position\":1,\"name\":\"Hem\",\"item\":\"https:\/\/www.posk.se\/malmo\/\"},{\"@type\":\"ListItem\",\"position\":2,\"name\":\"Vill du bli medlem?\"}]},{\"@type\":\"WebSite\",\"@id\":\"https:\/\/www.posk.se\/malmo\/#website\",\"url\":\"https:\/\/www.posk.se\/malmo\/\",\"name\":\"Malm\u00f6\",\"description\":\"POSK-grupp i Lunds stift\",\"potentialAction\":[{\"@type\":\"SearchAction\",\"target\":{\"@type\":\"EntryPoint\",\"urlTemplate\":\"https:\/\/www.posk.se\/malmo\/?s={search_term_string}\"},\"query-input\":{\"@type\":\"PropertyValueSpecification\",\"valueRequired\":true,\"valueName\":\"search_term_string\"}}],\"inLanguage\":\"sv-SE\"}]}<\/script>\n<!-- \/ Yoast SEO plugin. -->","yoast_head_json":{"title":"Vill du bli medlem? - Malm\u00f6","robots":{"index":"index","follow":"follow","max-snippet":"max-snippet:-1","max-image-preview":"max-image-preview:large","max-video-preview":"max-video-preview:-1"},"canonical":"https:\/\/www.posk.se\/malmo\/bli-medlem\/","og_locale":"sv_SE","og_type":"article","og_title":"Vill du bli medlem? - Malm\u00f6","og_description":"Vill du bli medlem i POSK i Malm\u00f6? Eller veta mer om oss och vad vi g\u00f6r? Du kanske vill engagera dig eller vara medlem f\u00f6r att st\u00f6tta POSK i Malm\u00f6? Kontakta oss p\u00e5 epost: malmo(at)posk.se Medlemsavgiften \u00e4r 100 kr. Plusgiro 652483-9 Swish 1236418578 &nbsp; &nbsp;","og_url":"https:\/\/www.posk.se\/malmo\/bli-medlem\/","og_site_name":"Malm\u00f6","article_modified_time":"2024-01-20T17:31:42+00:00","og_image":[{"url":"https:\/\/www.posk.se\/malmo\/wp-content\/uploads\/sites\/110\/2024\/01\/swish-qr-posk-malmo-198x300.png","type":"","width":"","height":""}],"twitter_card":"summary_large_image","twitter_misc":{"Ber\u00e4knad l\u00e4stid":"1 minut"},"schema":{"@context":"https:\/\/schema.org","@graph":[{"@type":"WebPage","@id":"https:\/\/www.posk.se\/malmo\/bli-medlem\/","url":"https:\/\/www.posk.se\/malmo\/bli-medlem\/","name":"Vill du bli medlem? - Malm\u00f6","isPartOf":{"@id":"https:\/\/www.posk.se\/malmo\/#website"},"primaryImageOfPage":{"@id":"https:\/\/www.posk.se\/malmo\/bli-medlem\/#primaryimage"},"image":{"@id":"https:\/\/www.posk.se\/malmo\/bli-medlem\/#primaryimage"},"thumbnailUrl":"https:\/\/www.posk.se\/malmo\/wp-content\/uploads\/sites\/110\/2024\/01\/swish-qr-posk-malmo-198x300.png","datePublished":"2022-01-22T14:30:48+00:00","dateModified":"2024-01-20T17:31:42+00:00","breadcrumb":{"@id":"https:\/\/www.posk.se\/malmo\/bli-medlem\/#breadcrumb"},"inLanguage":"sv-SE","potentialAction":[{"@type":"ReadAction","target":["https:\/\/www.posk.se\/malmo\/bli-medlem\/"]}]},{"@type":"ImageObject","inLanguage":"sv-SE","@id":"https:\/\/www.posk.se\/malmo\/bli-medlem\/#primaryimage","url":"https:\/\/www.posk.se\/malmo\/wp-content\/uploads\/sites\/110\/2024\/01\/swish-qr-posk-malmo.png","contentUrl":"https:\/\/www.posk.se\/malmo\/wp-content\/uploads\/sites\/110\/2024\/01\/swish-qr-posk-malmo.png","width":625,"height":945},{"@type":"BreadcrumbList","@id":"https:\/\/www.posk.se\/malmo\/bli-medlem\/#breadcrumb","itemListElement":[{"@type":"ListItem","position":1,"name":"Hem","item":"https:\/\/www.posk.se\/malmo\/"},{"@type":"ListItem","position":2,"name":"Vill du bli medlem?"}]},{"@type":"WebSite","@id":"https:\/\/www.posk.se\/malmo\/#website","url":"https:\/\/www.posk.se\/malmo\/","name":"Malm\u00f6","description":"POSK-grupp i Lunds stift","potentialAction":[{"@type":"SearchAction","target":{"@type":"EntryPoint","urlTemplate":"https:\/\/www.posk.se\/malmo\/?s={search_term_string}"},"query-input":{"@type":"PropertyValueSpecification","valueRequired":true,"valueName":"search_term_string"}}],"inLanguage":"sv-SE"}]}},"_links":{"self":[{"href":"https:\/\/www.posk.se\/malmo\/wp-json\/wp\/v2\/pages\/208","targetHints":{"allow":["GET"]}}],"collection":[{"href":"https:\/\/www.posk.se\/malmo\/wp-json\/wp\/v2\/pages"}],"about":[{"href":"https:\/\/www.posk.se\/malmo\/wp-json\/wp\/v2\/types\/page"}],"author":[{"embeddable":true,"href":"https:\/\/www.posk.se\/malmo\/wp-json\/wp\/v2\/users\/67"}],"replies":[{"embeddable":true,"href":"https:\/\/www.posk.se\/malmo\/wp-json\/wp\/v2\/comments?post=208"}],"version-history":[{"count":14,"href":"https:\/\/www.posk.se\/malmo\/wp-json\/wp\/v2\/pages\/208\/revisions"}],"predecessor-version":[{"id":236,"href":"https:\/\/www.posk.se\/malmo\/wp-json\/wp\/v2\/pages\/208\/revisions\/236"}],"wp:attachment":[{"href":"https:\/\/www.posk.se\/malmo\/wp-json\/wp\/v2\/media?parent=208"}],"curies":[{"name":"wp","href":"https:\/\/api.w.org\/{rel}","templated":true}]}}