{"id":229,"date":"2021-08-23T12:09:24","date_gmt":"2021-08-23T10:09:24","guid":{"rendered":"https:\/\/www.posk.se\/lund\/wp-content\/uploads\/sites\/109\/2021\/08\/fotocollage-post-2021-1.jpg"},"modified":"2021-08-23T12:10:01","modified_gmt":"2021-08-23T10:10:01","slug":"fotocollage-post-2021-1","status":"inherit","type":"attachment","link":"https:\/\/www.posk.se\/lund\/startsidan-2\/fotocollage-post-2021-1\/","title":{"rendered":"fotocollage-post-2021_1"},"author":149,"featured_media":0,"comment_status":"closed","ping_status":"closed","template":"","meta":{"_acf_changed":false},"class_list":["post-229","attachment","type-attachment","status-inherit","hentry"],"acf":[],"yoast_head":"<!-- This site is optimized with the Yoast SEO plugin v24.9 - https:\/\/yoast.com\/wordpress\/plugins\/seo\/ -->\n<title>fotocollage-post-2021_1 - Lund<\/title>\n<meta name=\"robots\" content=\"index, follow, max-snippet:-1, max-image-preview:large, max-video-preview:-1\" \/>\n<link rel=\"canonical\" href=\"https:\/\/www.posk.se\/lund\/wp-content\/uploads\/sites\/109\/2021\/08\/fotocollage-post-2021-1-scaled.jpg\" \/>\n<meta property=\"og:locale\" content=\"sv_SE\" \/>\n<meta property=\"og:type\" content=\"article\" \/>\n<meta property=\"og:title\" content=\"fotocollage-post-2021_1 - Lund\" \/>\n<meta property=\"og:description\" content=\"Foto p\u00e5 n\u00e5gra av POSK-kandidaterna i valet f\u00f6r Lunds pastorat\" \/>\n<meta property=\"og:url\" content=\"https:\/\/www.posk.se\/lund\/wp-content\/uploads\/sites\/109\/2021\/08\/fotocollage-post-2021-1-scaled.jpg\" \/>\n<meta property=\"og:site_name\" content=\"Lund\" \/>\n<meta property=\"article:modified_time\" content=\"2021-08-23T10:10:01+00:00\" \/>\n<meta property=\"og:image\" content=\"https:\/\/www.posk.se\/lund\/wp-content\/uploads\/sites\/109\/2021\/08\/fotocollage-post-2021-1-scaled.jpg\" \/>\n\t<meta property=\"og:image:width\" content=\"1810\" \/>\n\t<meta property=\"og:image:height\" content=\"2560\" \/>\n\t<meta property=\"og:image:type\" content=\"image\/jpeg\" \/>\n<meta name=\"twitter:card\" content=\"summary_large_image\" \/>\n<script type=\"application\/ld+json\" class=\"yoast-schema-graph\">{\"@context\":\"https:\/\/schema.org\",\"@graph\":[{\"@type\":\"WebPage\",\"@id\":\"https:\/\/www.posk.se\/lund\/wp-content\/uploads\/sites\/109\/2021\/08\/fotocollage-post-2021-1-scaled.jpg\",\"url\":\"https:\/\/www.posk.se\/lund\/wp-content\/uploads\/sites\/109\/2021\/08\/fotocollage-post-2021-1-scaled.jpg\",\"name\":\"fotocollage-post-2021_1 - Lund\",\"isPartOf\":{\"@id\":\"https:\/\/www.posk.se\/lund\/#website\"},\"datePublished\":\"2021-08-23T10:09:24+00:00\",\"dateModified\":\"2021-08-23T10:10:01+00:00\",\"breadcrumb\":{\"@id\":\"https:\/\/www.posk.se\/lund\/wp-content\/uploads\/sites\/109\/2021\/08\/fotocollage-post-2021-1-scaled.jpg#breadcrumb\"},\"inLanguage\":\"sv-SE\",\"potentialAction\":[{\"@type\":\"ReadAction\",\"target\":[\"https:\/\/www.posk.se\/lund\/wp-content\/uploads\/sites\/109\/2021\/08\/fotocollage-post-2021-1-scaled.jpg\"]}]},{\"@type\":\"BreadcrumbList\",\"@id\":\"https:\/\/www.posk.se\/lund\/wp-content\/uploads\/sites\/109\/2021\/08\/fotocollage-post-2021-1-scaled.jpg#breadcrumb\",\"itemListElement\":[{\"@type\":\"ListItem\",\"position\":1,\"name\":\"Hem\",\"item\":\"https:\/\/www.posk.se\/lund\/\"},{\"@type\":\"ListItem\",\"position\":2,\"name\":\"Lund\",\"item\":\"https:\/\/www.posk.se\/lund\/\"},{\"@type\":\"ListItem\",\"position\":3,\"name\":\"fotocollage-post-2021_1\"}]},{\"@type\":\"WebSite\",\"@id\":\"https:\/\/www.posk.se\/lund\/#website\",\"url\":\"https:\/\/www.posk.se\/lund\/\",\"name\":\"Lund\",\"description\":\"POSK-grupp i Lunds stift\",\"potentialAction\":[{\"@type\":\"SearchAction\",\"target\":{\"@type\":\"EntryPoint\",\"urlTemplate\":\"https:\/\/www.posk.se\/lund\/?s={search_term_string}\"},\"query-input\":{\"@type\":\"PropertyValueSpecification\",\"valueRequired\":true,\"valueName\":\"search_term_string\"}}],\"inLanguage\":\"sv-SE\"}]}<\/script>\n<!-- \/ Yoast SEO plugin. -->","yoast_head_json":{"title":"fotocollage-post-2021_1 - Lund","robots":{"index":"index","follow":"follow","max-snippet":"max-snippet:-1","max-image-preview":"max-image-preview:large","max-video-preview":"max-video-preview:-1"},"canonical":"https:\/\/www.posk.se\/lund\/wp-content\/uploads\/sites\/109\/2021\/08\/fotocollage-post-2021-1-scaled.jpg","og_locale":"sv_SE","og_type":"article","og_title":"fotocollage-post-2021_1 - Lund","og_description":"Foto p\u00e5 n\u00e5gra av POSK-kandidaterna i valet f\u00f6r Lunds pastorat","og_url":"https:\/\/www.posk.se\/lund\/wp-content\/uploads\/sites\/109\/2021\/08\/fotocollage-post-2021-1-scaled.jpg","og_site_name":"Lund","article_modified_time":"2021-08-23T10:10:01+00:00","og_image":[{"width":1810,"height":2560,"url":"https:\/\/www.posk.se\/lund\/wp-content\/uploads\/sites\/109\/2021\/08\/fotocollage-post-2021-1-scaled.jpg","type":"image\/jpeg"}],"twitter_card":"summary_large_image","schema":{"@context":"https:\/\/schema.org","@graph":[{"@type":"WebPage","@id":"https:\/\/www.posk.se\/lund\/wp-content\/uploads\/sites\/109\/2021\/08\/fotocollage-post-2021-1-scaled.jpg","url":"https:\/\/www.posk.se\/lund\/wp-content\/uploads\/sites\/109\/2021\/08\/fotocollage-post-2021-1-scaled.jpg","name":"fotocollage-post-2021_1 - Lund","isPartOf":{"@id":"https:\/\/www.posk.se\/lund\/#website"},"datePublished":"2021-08-23T10:09:24+00:00","dateModified":"2021-08-23T10:10:01+00:00","breadcrumb":{"@id":"https:\/\/www.posk.se\/lund\/wp-content\/uploads\/sites\/109\/2021\/08\/fotocollage-post-2021-1-scaled.jpg#breadcrumb"},"inLanguage":"sv-SE","potentialAction":[{"@type":"ReadAction","target":["https:\/\/www.posk.se\/lund\/wp-content\/uploads\/sites\/109\/2021\/08\/fotocollage-post-2021-1-scaled.jpg"]}]},{"@type":"BreadcrumbList","@id":"https:\/\/www.posk.se\/lund\/wp-content\/uploads\/sites\/109\/2021\/08\/fotocollage-post-2021-1-scaled.jpg#breadcrumb","itemListElement":[{"@type":"ListItem","position":1,"name":"Hem","item":"https:\/\/www.posk.se\/lund\/"},{"@type":"ListItem","position":2,"name":"Lund","item":"https:\/\/www.posk.se\/lund\/"},{"@type":"ListItem","position":3,"name":"fotocollage-post-2021_1"}]},{"@type":"WebSite","@id":"https:\/\/www.posk.se\/lund\/#website","url":"https:\/\/www.posk.se\/lund\/","name":"Lund","description":"POSK-grupp i Lunds stift","potentialAction":[{"@type":"SearchAction","target":{"@type":"EntryPoint","urlTemplate":"https:\/\/www.posk.se\/lund\/?s={search_term_string}"},"query-input":{"@type":"PropertyValueSpecification","valueRequired":true,"valueName":"search_term_string"}}],"inLanguage":"sv-SE"}]}},"description":{"rendered":"<p class=\"attachment\"><a href='https:\/\/www.posk.se\/lund\/wp-content\/uploads\/sites\/109\/2021\/08\/fotocollage-post-2021-1-scaled.jpg'><img loading=\"lazy\" decoding=\"async\" width=\"212\" height=\"300\" src=\"https:\/\/www.posk.se\/lund\/wp-content\/uploads\/sites\/109\/2021\/08\/fotocollage-post-2021-1-212x300.jpg\" class=\"attachment-medium size-medium\" alt=\"Foto p\u00e5 n\u00e5gra av POSK-kandidaterna i valet f\u00f6r Lunds pastorat\" srcset=\"https:\/\/www.posk.se\/lund\/wp-content\/uploads\/sites\/109\/2021\/08\/fotocollage-post-2021-1-212x300.jpg 212w, https:\/\/www.posk.se\/lund\/wp-content\/uploads\/sites\/109\/2021\/08\/fotocollage-post-2021-1-724x1024.jpg 724w, https:\/\/www.posk.se\/lund\/wp-content\/uploads\/sites\/109\/2021\/08\/fotocollage-post-2021-1-768x1086.jpg 768w, https:\/\/www.posk.se\/lund\/wp-content\/uploads\/sites\/109\/2021\/08\/fotocollage-post-2021-1-1086x1536.jpg 1086w, https:\/\/www.posk.se\/lund\/wp-content\/uploads\/sites\/109\/2021\/08\/fotocollage-post-2021-1-1448x2048.jpg 1448w, https:\/\/www.posk.se\/lund\/wp-content\/uploads\/sites\/109\/2021\/08\/fotocollage-post-2021-1-330x467.jpg 330w, https:\/\/www.posk.se\/lund\/wp-content\/uploads\/sites\/109\/2021\/08\/fotocollage-post-2021-1-scaled.jpg 1810w\" sizes=\"auto, (max-width: 212px) 100vw, 212px\" \/><\/a><\/p>\n<p>Foto p\u00e5 n\u00e5gra av POSK-kandidaterna i valet f\u00f6r Lunds pastorat<\/p>\n"},"caption":{"rendered":"<p>Foto p\u00e5 n\u00e5gra av POSK-kandidaterna i valet f\u00f6r Lunds pastorat<\/p>\n"},"alt_text":"Foto p\u00e5 n\u00e5gra av POSK-kandidaterna i valet f\u00f6r Lunds pastorat","media_type":"image","mime_type":"image\/jpeg","media_details":{"width":1810,"height":2560,"file":"2021\/08\/fotocollage-post-2021-1-scaled.jpg","sizes":{"medium":{"file":"fotocollage-post-2021-1-212x300.jpg","width":212,"height":300,"mime_type":"image\/jpeg","source_url":"https:\/\/www.posk.se\/lund\/wp-content\/uploads\/sites\/109\/2021\/08\/fotocollage-post-2021-1-212x300.jpg"},"large":{"file":"fotocollage-post-2021-1-724x1024.jpg","width":724,"height":1024,"mime_type":"image\/jpeg","source_url":"https:\/\/www.posk.se\/lund\/wp-content\/uploads\/sites\/109\/2021\/08\/fotocollage-post-2021-1-724x1024.jpg"},"thumbnail":{"file":"fotocollage-post-2021-1-150x150.jpg","width":150,"height":150,"mime_type":"image\/jpeg","source_url":"https:\/\/www.posk.se\/lund\/wp-content\/uploads\/sites\/109\/2021\/08\/fotocollage-post-2021-1-150x150.jpg"},"medium_large":{"file":"fotocollage-post-2021-1-768x1086.jpg","width":768,"height":1086,"mime_type":"image\/jpeg","source_url":"https:\/\/www.posk.se\/lund\/wp-content\/uploads\/sites\/109\/2021\/08\/fotocollage-post-2021-1-768x1086.jpg"},"1536x1536":{"file":"fotocollage-post-2021-1-1086x1536.jpg","width":1086,"height":1536,"mime_type":"image\/jpeg","source_url":"https:\/\/www.posk.se\/lund\/wp-content\/uploads\/sites\/109\/2021\/08\/fotocollage-post-2021-1-1086x1536.jpg"},"2048x2048":{"file":"fotocollage-post-2021-1-1448x2048.jpg","width":1448,"height":2048,"mime_type":"image\/jpeg","source_url":"https:\/\/www.posk.se\/lund\/wp-content\/uploads\/sites\/109\/2021\/08\/fotocollage-post-2021-1-1448x2048.jpg"},"frontpage-teaser":{"file":"fotocollage-post-2021-1-370x196.jpg","width":370,"height":196,"mime_type":"image\/jpeg","source_url":"https:\/\/www.posk.se\/lund\/wp-content\/uploads\/sites\/109\/2021\/08\/fotocollage-post-2021-1-370x196.jpg"},"candidate-archive":{"file":"fotocollage-post-2021-1-197x197.jpg","width":197,"height":197,"mime_type":"image\/jpeg","source_url":"https:\/\/www.posk.se\/lund\/wp-content\/uploads\/sites\/109\/2021\/08\/fotocollage-post-2021-1-197x197.jpg"},"candidate-single":{"file":"fotocollage-post-2021-1-330x467.jpg","width":330,"height":467,"mime_type":"image\/jpeg","source_url":"https:\/\/www.posk.se\/lund\/wp-content\/uploads\/sites\/109\/2021\/08\/fotocollage-post-2021-1-330x467.jpg"},"full":{"file":"fotocollage-post-2021-1-scaled.jpg","width":1810,"height":2560,"mime_type":"image\/jpeg","source_url":"https:\/\/www.posk.se\/lund\/wp-content\/uploads\/sites\/109\/2021\/08\/fotocollage-post-2021-1-scaled.jpg"}},"image_meta":{"aperture":"0","credit":"","camera":"","caption":"","created_timestamp":"0","copyright":"","focal_length":"0","iso":"0","shutter_speed":"0","title":"","orientation":"1","keywords":[]},"original_image":"fotocollage-post-2021-1.jpg"},"post":20,"source_url":"https:\/\/www.posk.se\/lund\/wp-content\/uploads\/sites\/109\/2021\/08\/fotocollage-post-2021-1-scaled.jpg","_links":{"self":[{"href":"https:\/\/www.posk.se\/lund\/wp-json\/wp\/v2\/media\/229","targetHints":{"allow":["GET"]}}],"collection":[{"href":"https:\/\/www.posk.se\/lund\/wp-json\/wp\/v2\/media"}],"about":[{"href":"https:\/\/www.posk.se\/lund\/wp-json\/wp\/v2\/types\/attachment"}],"author":[{"embeddable":true,"href":"https:\/\/www.posk.se\/lund\/wp-json\/wp\/v2\/users\/149"}],"replies":[{"embeddable":true,"href":"https:\/\/www.posk.se\/lund\/wp-json\/wp\/v2\/comments?post=229"}]}}

<!-- This site is optimized with the Yoast SEO plugin v24.9 - https://yoast.com/wordpress/plugins/seo/ -->
<title>fotocollage-post-2021_1 - Lund</title>
<meta name="robots" content="index, follow, max-snippet:-1, max-image-preview:large, max-video-preview:-1" />
<link rel="canonical" href="https://www.posk.se/lund/wp-content/uploads/sites/109/2021/08/fotocollage-post-2021-1-scaled.jpg" />
<meta property="og:locale" content="sv_SE" />
<meta property="og:type" content="article" />
<meta property="og:title" content="fotocollage-post-2021_1 - Lund" />
<meta property="og:description" content="Foto på några av POSK-kandidaterna i valet för Lunds pastorat" />
<meta property="og:url" content="https://www.posk.se/lund/wp-content/uploads/sites/109/2021/08/fotocollage-post-2021-1-scaled.jpg" />
<meta property="og:site_name" content="Lund" />
<meta property="article:modified_time" content="2021-08-23T10:10:01+00:00" />
<meta property="og:image" content="https://www.posk.se/lund/wp-content/uploads/sites/109/2021/08/fotocollage-post-2021-1-scaled.jpg" />
	<meta property="og:image:width" content="1810" />
	<meta property="og:image:height" content="2560" />
	<meta property="og:image:type" content="image/jpeg" />
<meta name="twitter:card" content="summary_large_image" />
<script type="application/ld+json" class="yoast-schema-graph">{"@context":"https://schema.org","@graph":[{"@type":"WebPage","@id":"https://www.posk.se/lund/wp-content/uploads/sites/109/2021/08/fotocollage-post-2021-1-scaled.jpg","url":"https://www.posk.se/lund/wp-content/uploads/sites/109/2021/08/fotocollage-post-2021-1-scaled.jpg","name":"fotocollage-post-2021_1 - Lund","isPartOf":{"@id":"https://www.posk.se/lund/#website"},"datePublished":"2021-08-23T10:09:24+00:00","dateModified":"2021-08-23T10:10:01+00:00","breadcrumb":{"@id":"https://www.posk.se/lund/wp-content/uploads/sites/109/2021/08/fotocollage-post-2021-1-scaled.jpg#breadcrumb"},"inLanguage":"sv-SE","potentialAction":[{"@type":"ReadAction","target":["https://www.posk.se/lund/wp-content/uploads/sites/109/2021/08/fotocollage-post-2021-1-scaled.jpg"]}]},{"@type":"BreadcrumbList","@id":"https://www.posk.se/lund/wp-content/uploads/sites/109/2021/08/fotocollage-post-2021-1-scaled.jpg#breadcrumb","itemListElement":[{"@type":"ListItem","position":1,"name":"Hem","item":"https://www.posk.se/lund/"},{"@type":"ListItem","position":2,"name":"Lund","item":"https://www.posk.se/lund/"},{"@type":"ListItem","position":3,"name":"fotocollage-post-2021_1"}]},{"@type":"WebSite","@id":"https://www.posk.se/lund/#website","url":"https://www.posk.se/lund/","name":"Lund","description":"POSK-grupp i Lunds stift","potentialAction":[{"@type":"SearchAction","target":{"@type":"EntryPoint","urlTemplate":"https://www.posk.se/lund/?s={search_term_string}"},"query-input":{"@type":"PropertyValueSpecification","valueRequired":true,"valueName":"search_term_string"}}],"inLanguage":"sv-SE"}]}</script>
<!-- / Yoast SEO plugin. -->

Foto på några av POSK-kandidaterna i valet för Lunds pastorat

<p class="attachment"><a href='https://www.posk.se/lund/wp-content/uploads/sites/109/2021/08/fotocollage-post-2021-1-scaled.jpg'><img loading="lazy" decoding="async" width="212" height="300" src="https://www.posk.se/lund/wp-content/uploads/sites/109/2021/08/fotocollage-post-2021-1-212x300.jpg" class="attachment-medium size-medium" alt="Foto på några av POSK-kandidaterna i valet för Lunds pastorat" srcset="https://www.posk.se/lund/wp-content/uploads/sites/109/2021/08/fotocollage-post-2021-1-212x300.jpg 212w, https://www.posk.se/lund/wp-content/uploads/sites/109/2021/08/fotocollage-post-2021-1-724x1024.jpg 724w, https://www.posk.se/lund/wp-content/uploads/sites/109/2021/08/fotocollage-post-2021-1-768x1086.jpg 768w, https://www.posk.se/lund/wp-content/uploads/sites/109/2021/08/fotocollage-post-2021-1-1086x1536.jpg 1086w, https://www.posk.se/lund/wp-content/uploads/sites/109/2021/08/fotocollage-post-2021-1-1448x2048.jpg 1448w, https://www.posk.se/lund/wp-content/uploads/sites/109/2021/08/fotocollage-post-2021-1-330x467.jpg 330w, https://www.posk.se/lund/wp-content/uploads/sites/109/2021/08/fotocollage-post-2021-1-scaled.jpg 1810w" sizes="auto, (max-width: 212px) 100vw, 212px" /></a></p>
<p>Foto på några av POSK-kandidaterna i valet för Lunds pastorat</p>

<p>Foto på några av POSK-kandidaterna i valet för Lunds pastorat</p>
