{"id":63,"date":"2017-04-26T10:21:49","date_gmt":"2017-04-26T08:21:49","guid":{"rendered":"https:\/\/www.posk.se\/karlstadsstift\/?page_id=63"},"modified":"2021-09-09T10:46:58","modified_gmt":"2021-09-09T08:46:58","slug":"program","status":"publish","type":"page","link":"https:\/\/www.posk.se\/karlstadsstift\/program\/","title":{"rendered":"Vision och Program"},"content":{"rendered":"<h4 id=\"vision\"><span style=\"color: #800000\">Vision<\/span><\/h4>\n<p>POSK har som vision att Svenska kyrkan ska vara en gemenskap som speglar Guds vilja i gudstj\u00e4nst och liv och som talar tydligt om Jesus Kristus.<\/p>\n<p><strong>POSK vill att Svenska kyrkan ska<\/strong><\/p>\n<ul>\n<li>erbjuda n\u00e4rvaro, gemenskap och v\u00e4xt<\/li>\n<li>f\u00f6rmedla befrielse, hopp och livsmod<\/li>\n<li>se och ta vara p\u00e5 varje m\u00e4nniska som en g\u00e5va i f\u00f6rsamlingens liv<\/li>\n<li>respektera individen och gl\u00e4djas \u00e5t m\u00e5ngfalden<\/li>\n<li>vara en tydlig r\u00f6st i samh\u00e4llet och visa p\u00e5 ett liv i r\u00e4ttvisa och frihet<\/li>\n<li>ha en organisation och struktur som fr\u00e4mjar kyrkans uppdrag<\/li>\n<li>vara en brobyggare mellan kyrkor<\/li>\n<li>str\u00e4va efter en sann och \u00f6ppen dialog mellan m\u00e4nniskor av olika tro<\/li>\n<\/ul>\n<p>POSK bygger den kyrka som Sverige beh\u00f6ver, och ser till att den finns d\u00e4r den beh\u00f6vs. POSK har id\u00e9erna f\u00f6r framtiden och vill leda utvecklingen i riktning mot en kyrka som rymmer m\u00e5ngfald och pr\u00e4glas av respekt.<\/p>\n<h4><span style=\"color: #800000\">Program<\/span><\/h4>\n<p><strong>Utifr\u00e5n visionen vill POSK i Karlstads stift arbeta f\u00f6r en kyrka som:<\/strong><\/p>\n<ul>\n<li>\u00e4r \u00f6ppen och v\u00e4lkomnande<\/li>\n<li>utg\u00e5r fr\u00e5n gudstj\u00e4nsten som centrum i f\u00f6rsamlingarnas liv<\/li>\n<li>prioriterar arbetet bland barn och unga<\/li>\n<li>tar ett stort socialt ansvar f\u00f6r utsatta m\u00e4nniskor<\/li>\n<li>verkar i hela Karlstads stift, s\u00e5v\u00e4l i glesbygd som t\u00e4tort<\/li>\n<li>v\u00e4rnar om att de sm\u00e5 f\u00f6rsamlingarnas r\u00f6ster h\u00f6rs<\/li>\n<li>v\u00e4rnar demokratin i kyrkan, bryter partipolitiseringen och inf\u00f6r ett enklare valsystem<\/li>\n<li>intensifierar arbetet med att bidra till ett h\u00e5llbart och klimatsmart samh\u00e4lle<\/li>\n<li>st\u00e4rker engagemanget kring det internationella arbetet<\/li>\n<li>forts\u00e4tter att vara en stor akt\u00f6r i kulturlivet<\/li>\n<\/ul>\n<p>Detta program \u00e4r baserat p\u00e5 och tar sin utg\u00e5ngspunkt i\u00a0<a href=\"https:\/\/www.posk.se\/vi-vill\/program\/\">POSK:s riksprogram<\/a>.<\/p>\n<p><strong>Utifr\u00e5n Visionen f\u00f6r POSK i Karlstads stift t\u00e4nker styrelsen s\u00e5h\u00e4r:<br \/>\n<\/strong><\/p>\n<ul>\n<li>POSK i Karlstads stift vill prioritera l\u00e4rarande och undervisning med bl a Barnens Bibel som verktyg och att denna satsning ska bana v\u00e4g f\u00f6r hela Svenska kyrkan.<\/li>\n<li>POSK i Karlstads stift vill att de st\u00f6djande insatserna gentemot f\u00f6rsamling och pastorat ska pr\u00e4glas av Tro, Hopp och K\u00e4rlek.<\/li>\n<li>POSK i Karlstads stift utg\u00e5r fr\u00e5n att gudstj\u00e4nsterna utg\u00f6r centrum i f\u00f6rsamlingarnas liv och att vi tar stort ett ansvar f\u00f6r utsatta m\u00e4nniskor.<\/li>\n<li>POSK i kyrkom\u00f6tet vill verka f\u00f6r en fri kyrka som inte \u00e4r bunden av partipolitik f\u00f6r att bl a kunna vara en kyrka i Kristi efterf\u00f6ljelse som st\u00e5r upp f\u00f6r alla m\u00e4nniskors lika v\u00e4rde oavsett etnicitet och bakgrund.<\/li>\n<li>POSK i kyrkom\u00f6tet vill verka f\u00f6r att inf\u00f6ra ett enklare valsystem med indirekta val till stift och kyrkom\u00f6te.<\/li>\n<li>POSK i kyrkom\u00f6tet vill verka f\u00f6r att \u00f6desfr\u00e5gan om klimatet tas p\u00e5 st\u00f6rsta allvar. Beslutet om Svenska kyrkans f\u00e4rdplan f\u00f6r klimatet blir verktyget.<\/li>\n<\/ul>\n<p>&nbsp;<\/p>\n","protected":false},"excerpt":{"rendered":"<p>Vision POSK har som vision att Svenska kyrkan ska vara en gemenskap som speglar Guds vilja i gudstj\u00e4nst och liv och som talar tydligt om Jesus Kristus. POSK vill att Svenska kyrkan ska erbjuda n\u00e4rvaro, gemenskap och v\u00e4xt f\u00f6rmedla befrielse, hopp och livsmod se och ta vara p\u00e5 varje m\u00e4nniska som en g\u00e5va i f\u00f6rsamlingens [&hellip;]<\/p>\n","protected":false},"author":57,"featured_media":0,"parent":0,"menu_order":8,"comment_status":"closed","ping_status":"closed","template":"page-templates\/page-sidebar-left.php","meta":{"_acf_changed":false,"footnotes":""},"class_list":["post-63","page","type-page","status-publish","hentry"],"acf":[],"yoast_head":"<!-- This site is optimized with the Yoast SEO plugin v24.9 - https:\/\/yoast.com\/wordpress\/plugins\/seo\/ -->\n<title>Vision och Program - STIFTSF\u00d6RENING Karlstad<\/title>\n<meta name=\"robots\" content=\"index, follow, max-snippet:-1, max-image-preview:large, max-video-preview:-1\" \/>\n<link rel=\"canonical\" href=\"https:\/\/www.posk.se\/karlstadsstift\/program\/\" \/>\n<meta property=\"og:locale\" content=\"sv_SE\" \/>\n<meta property=\"og:type\" content=\"article\" \/>\n<meta property=\"og:title\" content=\"Vision och Program - STIFTSF\u00d6RENING Karlstad\" \/>\n<meta property=\"og:description\" content=\"Vision POSK har som vision att Svenska kyrkan ska vara en gemenskap som speglar Guds vilja i gudstj\u00e4nst och liv och som talar tydligt om Jesus Kristus. POSK vill att Svenska kyrkan ska erbjuda n\u00e4rvaro, gemenskap och v\u00e4xt f\u00f6rmedla befrielse, hopp och livsmod se och ta vara p\u00e5 varje m\u00e4nniska som en g\u00e5va i f\u00f6rsamlingens [&hellip;]\" \/>\n<meta property=\"og:url\" content=\"https:\/\/www.posk.se\/karlstadsstift\/program\/\" \/>\n<meta property=\"og:site_name\" content=\"STIFTSF\u00d6RENING Karlstad\" \/>\n<meta property=\"article:modified_time\" content=\"2021-09-09T08:46:58+00:00\" \/>\n<meta name=\"twitter:card\" content=\"summary_large_image\" \/>\n<meta name=\"twitter:label1\" content=\"Ber\u00e4knad l\u00e4stid\" \/>\n\t<meta name=\"twitter:data1\" content=\"2 minuter\" \/>\n<script type=\"application\/ld+json\" class=\"yoast-schema-graph\">{\"@context\":\"https:\/\/schema.org\",\"@graph\":[{\"@type\":\"WebPage\",\"@id\":\"https:\/\/www.posk.se\/karlstadsstift\/program\/\",\"url\":\"https:\/\/www.posk.se\/karlstadsstift\/program\/\",\"name\":\"Vision och Program - STIFTSF\u00d6RENING Karlstad\",\"isPartOf\":{\"@id\":\"https:\/\/www.posk.se\/karlstadsstift\/#website\"},\"datePublished\":\"2017-04-26T08:21:49+00:00\",\"dateModified\":\"2021-09-09T08:46:58+00:00\",\"breadcrumb\":{\"@id\":\"https:\/\/www.posk.se\/karlstadsstift\/program\/#breadcrumb\"},\"inLanguage\":\"sv-SE\",\"potentialAction\":[{\"@type\":\"ReadAction\",\"target\":[\"https:\/\/www.posk.se\/karlstadsstift\/program\/\"]}]},{\"@type\":\"BreadcrumbList\",\"@id\":\"https:\/\/www.posk.se\/karlstadsstift\/program\/#breadcrumb\",\"itemListElement\":[{\"@type\":\"ListItem\",\"position\":1,\"name\":\"Hem\",\"item\":\"https:\/\/www.posk.se\/karlstadsstift\/\"},{\"@type\":\"ListItem\",\"position\":2,\"name\":\"Vision och Program\"}]},{\"@type\":\"WebSite\",\"@id\":\"https:\/\/www.posk.se\/karlstadsstift\/#website\",\"url\":\"https:\/\/www.posk.se\/karlstadsstift\/\",\"name\":\"STIFTSF\u00d6RENING Karlstad\",\"description\":\"Stiftsf\u00f6reningen f\u00f6r POSK i Karlstads stift\",\"potentialAction\":[{\"@type\":\"SearchAction\",\"target\":{\"@type\":\"EntryPoint\",\"urlTemplate\":\"https:\/\/www.posk.se\/karlstadsstift\/?s={search_term_string}\"},\"query-input\":{\"@type\":\"PropertyValueSpecification\",\"valueRequired\":true,\"valueName\":\"search_term_string\"}}],\"inLanguage\":\"sv-SE\"}]}<\/script>\n<!-- \/ Yoast SEO plugin. -->","yoast_head_json":{"title":"Vision och Program - STIFTSF\u00d6RENING Karlstad","robots":{"index":"index","follow":"follow","max-snippet":"max-snippet:-1","max-image-preview":"max-image-preview:large","max-video-preview":"max-video-preview:-1"},"canonical":"https:\/\/www.posk.se\/karlstadsstift\/program\/","og_locale":"sv_SE","og_type":"article","og_title":"Vision och Program - STIFTSF\u00d6RENING Karlstad","og_description":"Vision POSK har som vision att Svenska kyrkan ska vara en gemenskap som speglar Guds vilja i gudstj\u00e4nst och liv och som talar tydligt om Jesus Kristus. POSK vill att Svenska kyrkan ska erbjuda n\u00e4rvaro, gemenskap och v\u00e4xt f\u00f6rmedla befrielse, hopp och livsmod se och ta vara p\u00e5 varje m\u00e4nniska som en g\u00e5va i f\u00f6rsamlingens [&hellip;]","og_url":"https:\/\/www.posk.se\/karlstadsstift\/program\/","og_site_name":"STIFTSF\u00d6RENING Karlstad","article_modified_time":"2021-09-09T08:46:58+00:00","twitter_card":"summary_large_image","twitter_misc":{"Ber\u00e4knad l\u00e4stid":"2 minuter"},"schema":{"@context":"https:\/\/schema.org","@graph":[{"@type":"WebPage","@id":"https:\/\/www.posk.se\/karlstadsstift\/program\/","url":"https:\/\/www.posk.se\/karlstadsstift\/program\/","name":"Vision och Program - STIFTSF\u00d6RENING Karlstad","isPartOf":{"@id":"https:\/\/www.posk.se\/karlstadsstift\/#website"},"datePublished":"2017-04-26T08:21:49+00:00","dateModified":"2021-09-09T08:46:58+00:00","breadcrumb":{"@id":"https:\/\/www.posk.se\/karlstadsstift\/program\/#breadcrumb"},"inLanguage":"sv-SE","potentialAction":[{"@type":"ReadAction","target":["https:\/\/www.posk.se\/karlstadsstift\/program\/"]}]},{"@type":"BreadcrumbList","@id":"https:\/\/www.posk.se\/karlstadsstift\/program\/#breadcrumb","itemListElement":[{"@type":"ListItem","position":1,"name":"Hem","item":"https:\/\/www.posk.se\/karlstadsstift\/"},{"@type":"ListItem","position":2,"name":"Vision och Program"}]},{"@type":"WebSite","@id":"https:\/\/www.posk.se\/karlstadsstift\/#website","url":"https:\/\/www.posk.se\/karlstadsstift\/","name":"STIFTSF\u00d6RENING Karlstad","description":"Stiftsf\u00f6reningen f\u00f6r POSK i Karlstads stift","potentialAction":[{"@type":"SearchAction","target":{"@type":"EntryPoint","urlTemplate":"https:\/\/www.posk.se\/karlstadsstift\/?s={search_term_string}"},"query-input":{"@type":"PropertyValueSpecification","valueRequired":true,"valueName":"search_term_string"}}],"inLanguage":"sv-SE"}]}},"_links":{"self":[{"href":"https:\/\/www.posk.se\/karlstadsstift\/wp-json\/wp\/v2\/pages\/63","targetHints":{"allow":["GET"]}}],"collection":[{"href":"https:\/\/www.posk.se\/karlstadsstift\/wp-json\/wp\/v2\/pages"}],"about":[{"href":"https:\/\/www.posk.se\/karlstadsstift\/wp-json\/wp\/v2\/types\/page"}],"author":[{"embeddable":true,"href":"https:\/\/www.posk.se\/karlstadsstift\/wp-json\/wp\/v2\/users\/57"}],"replies":[{"embeddable":true,"href":"https:\/\/www.posk.se\/karlstadsstift\/wp-json\/wp\/v2\/comments?post=63"}],"version-history":[{"count":23,"href":"https:\/\/www.posk.se\/karlstadsstift\/wp-json\/wp\/v2\/pages\/63\/revisions"}],"predecessor-version":[{"id":570,"href":"https:\/\/www.posk.se\/karlstadsstift\/wp-json\/wp\/v2\/pages\/63\/revisions\/570"}],"wp:attachment":[{"href":"https:\/\/www.posk.se\/karlstadsstift\/wp-json\/wp\/v2\/media?parent=63"}],"curies":[{"name":"wp","href":"https:\/\/api.w.org\/{rel}","templated":true}]}}