{"id":242,"date":"2018-02-24T18:39:45","date_gmt":"2018-02-24T17:39:45","guid":{"rendered":"https:\/\/www.posk.se\/karlstadsstift\/?page_id=242"},"modified":"2022-05-23T11:42:23","modified_gmt":"2022-05-23T09:42:23","slug":"fortroendevalda","status":"publish","type":"page","link":"https:\/\/www.posk.se\/karlstadsstift\/fortroendevalda\/","title":{"rendered":"F\u00f6rtroendevalda"},"content":{"rendered":"<h3><span style=\"color: #800000\">Karlstads stift<\/span><\/h3>\n<h5><span style=\"color: #800000\">Stiftsfullm\u00e4ktige<\/span><\/h5>\n<p>Ledam\u00f6ter: Stig Axelsson, Johnny Blomquist, Bengt Kihlstr\u00f6m (1:e vice ordf.), Boel Elow Henckel, Kim Sanfridsson, Eva Forsell, Sofia Westerdahl, Margareta Wiklert, Fred-Inge Johansson, Fredrik Haeffner, Berit Nyqvist Cech<\/p>\n<p>Ers\u00e4ttare: Carl Mackenrott, Johan Evensson, Jan Erik Flink, Gunilla Bernholm<\/p>\n<h5><span style=\"color: #800000\">Domkapitlet<\/span><\/h5>\n<p>Ledamot: Johnny Blomqvist.<\/p>\n<h5><span style=\"color: #800000\">Stiftsstyrelsen<\/span><\/h5>\n<p>Ledam\u00f6ter: Stig Axelsson (2.e vice ordf. och led. AU) och Kim Sanfridsson.<\/p>\n<h5><span style=\"color: #800000\">Egendomsn\u00e4mnden<\/span><\/h5>\n<p>Ledamot: Bengt Kihlstr\u00f6m ( Vice ordf. ) och Margareta Wiklert<\/p>\n<p>Ers\u00e4ttare: Fred-Inge Johansson<\/p>\n<h3><span style=\"color: #800000\">Kykom\u00f6tet<\/span><\/h3>\n<p>Ledam\u00f6ter: Niklas Grahn och\u00a0Stig Axelsson.<\/p>\n<p>Ers\u00e4ttare: Kim Sanfridsson, Barbro Falken och Boel Elow Henckel.<\/p>\n","protected":false},"excerpt":{"rendered":"<p>Karlstads stift Stiftsfullm\u00e4ktige Ledam\u00f6ter: Stig Axelsson, Johnny Blomquist, Bengt Kihlstr\u00f6m (1:e vice ordf.), Boel Elow Henckel, Kim Sanfridsson, Eva Forsell, Sofia Westerdahl, Margareta Wiklert, Fred-Inge Johansson, Fredrik Haeffner, Berit Nyqvist Cech Ers\u00e4ttare: Carl Mackenrott, Johan Evensson, Jan Erik Flink, Gunilla Bernholm Domkapitlet Ledamot: Johnny Blomqvist. Stiftsstyrelsen Ledam\u00f6ter: Stig Axelsson (2.e vice ordf. och led. AU) [&hellip;]<\/p>\n","protected":false},"author":57,"featured_media":0,"parent":0,"menu_order":1,"comment_status":"closed","ping_status":"closed","template":"page-templates\/page-sidebar-left.php","meta":{"_acf_changed":false,"footnotes":""},"class_list":["post-242","page","type-page","status-publish","hentry"],"acf":[],"yoast_head":"<!-- This site is optimized with the Yoast SEO plugin v24.9 - https:\/\/yoast.com\/wordpress\/plugins\/seo\/ -->\n<title>F\u00f6rtroendevalda - STIFTSF\u00d6RENING Karlstad<\/title>\n<meta name=\"robots\" content=\"index, follow, max-snippet:-1, max-image-preview:large, max-video-preview:-1\" \/>\n<link rel=\"canonical\" href=\"https:\/\/www.posk.se\/karlstadsstift\/fortroendevalda\/\" \/>\n<meta property=\"og:locale\" content=\"sv_SE\" \/>\n<meta property=\"og:type\" content=\"article\" \/>\n<meta property=\"og:title\" content=\"F\u00f6rtroendevalda - STIFTSF\u00d6RENING Karlstad\" \/>\n<meta property=\"og:description\" content=\"Karlstads stift Stiftsfullm\u00e4ktige Ledam\u00f6ter: Stig Axelsson, Johnny Blomquist, Bengt Kihlstr\u00f6m (1:e vice ordf.), Boel Elow Henckel, Kim Sanfridsson, Eva Forsell, Sofia Westerdahl, Margareta Wiklert, Fred-Inge Johansson, Fredrik Haeffner, Berit Nyqvist Cech Ers\u00e4ttare: Carl Mackenrott, Johan Evensson, Jan Erik Flink, Gunilla Bernholm Domkapitlet Ledamot: Johnny Blomqvist. Stiftsstyrelsen Ledam\u00f6ter: Stig Axelsson (2.e vice ordf. och led. AU) [&hellip;]\" \/>\n<meta property=\"og:url\" content=\"https:\/\/www.posk.se\/karlstadsstift\/fortroendevalda\/\" \/>\n<meta property=\"og:site_name\" content=\"STIFTSF\u00d6RENING Karlstad\" \/>\n<meta property=\"article:modified_time\" content=\"2022-05-23T09:42:23+00:00\" \/>\n<meta name=\"twitter:card\" content=\"summary_large_image\" \/>\n<meta name=\"twitter:label1\" content=\"Ber\u00e4knad l\u00e4stid\" \/>\n\t<meta name=\"twitter:data1\" content=\"1 minut\" \/>\n<script type=\"application\/ld+json\" class=\"yoast-schema-graph\">{\"@context\":\"https:\/\/schema.org\",\"@graph\":[{\"@type\":\"WebPage\",\"@id\":\"https:\/\/www.posk.se\/karlstadsstift\/fortroendevalda\/\",\"url\":\"https:\/\/www.posk.se\/karlstadsstift\/fortroendevalda\/\",\"name\":\"F\u00f6rtroendevalda - STIFTSF\u00d6RENING Karlstad\",\"isPartOf\":{\"@id\":\"https:\/\/www.posk.se\/karlstadsstift\/#website\"},\"datePublished\":\"2018-02-24T17:39:45+00:00\",\"dateModified\":\"2022-05-23T09:42:23+00:00\",\"breadcrumb\":{\"@id\":\"https:\/\/www.posk.se\/karlstadsstift\/fortroendevalda\/#breadcrumb\"},\"inLanguage\":\"sv-SE\",\"potentialAction\":[{\"@type\":\"ReadAction\",\"target\":[\"https:\/\/www.posk.se\/karlstadsstift\/fortroendevalda\/\"]}]},{\"@type\":\"BreadcrumbList\",\"@id\":\"https:\/\/www.posk.se\/karlstadsstift\/fortroendevalda\/#breadcrumb\",\"itemListElement\":[{\"@type\":\"ListItem\",\"position\":1,\"name\":\"Hem\",\"item\":\"https:\/\/www.posk.se\/karlstadsstift\/\"},{\"@type\":\"ListItem\",\"position\":2,\"name\":\"F\u00f6rtroendevalda\"}]},{\"@type\":\"WebSite\",\"@id\":\"https:\/\/www.posk.se\/karlstadsstift\/#website\",\"url\":\"https:\/\/www.posk.se\/karlstadsstift\/\",\"name\":\"STIFTSF\u00d6RENING Karlstad\",\"description\":\"Stiftsf\u00f6reningen f\u00f6r POSK i Karlstads stift\",\"potentialAction\":[{\"@type\":\"SearchAction\",\"target\":{\"@type\":\"EntryPoint\",\"urlTemplate\":\"https:\/\/www.posk.se\/karlstadsstift\/?s={search_term_string}\"},\"query-input\":{\"@type\":\"PropertyValueSpecification\",\"valueRequired\":true,\"valueName\":\"search_term_string\"}}],\"inLanguage\":\"sv-SE\"}]}<\/script>\n<!-- \/ Yoast SEO plugin. -->","yoast_head_json":{"title":"F\u00f6rtroendevalda - STIFTSF\u00d6RENING Karlstad","robots":{"index":"index","follow":"follow","max-snippet":"max-snippet:-1","max-image-preview":"max-image-preview:large","max-video-preview":"max-video-preview:-1"},"canonical":"https:\/\/www.posk.se\/karlstadsstift\/fortroendevalda\/","og_locale":"sv_SE","og_type":"article","og_title":"F\u00f6rtroendevalda - STIFTSF\u00d6RENING Karlstad","og_description":"Karlstads stift Stiftsfullm\u00e4ktige Ledam\u00f6ter: Stig Axelsson, Johnny Blomquist, Bengt Kihlstr\u00f6m (1:e vice ordf.), Boel Elow Henckel, Kim Sanfridsson, Eva Forsell, Sofia Westerdahl, Margareta Wiklert, Fred-Inge Johansson, Fredrik Haeffner, Berit Nyqvist Cech Ers\u00e4ttare: Carl Mackenrott, Johan Evensson, Jan Erik Flink, Gunilla Bernholm Domkapitlet Ledamot: Johnny Blomqvist. Stiftsstyrelsen Ledam\u00f6ter: Stig Axelsson (2.e vice ordf. och led. AU) [&hellip;]","og_url":"https:\/\/www.posk.se\/karlstadsstift\/fortroendevalda\/","og_site_name":"STIFTSF\u00d6RENING Karlstad","article_modified_time":"2022-05-23T09:42:23+00:00","twitter_card":"summary_large_image","twitter_misc":{"Ber\u00e4knad l\u00e4stid":"1 minut"},"schema":{"@context":"https:\/\/schema.org","@graph":[{"@type":"WebPage","@id":"https:\/\/www.posk.se\/karlstadsstift\/fortroendevalda\/","url":"https:\/\/www.posk.se\/karlstadsstift\/fortroendevalda\/","name":"F\u00f6rtroendevalda - STIFTSF\u00d6RENING Karlstad","isPartOf":{"@id":"https:\/\/www.posk.se\/karlstadsstift\/#website"},"datePublished":"2018-02-24T17:39:45+00:00","dateModified":"2022-05-23T09:42:23+00:00","breadcrumb":{"@id":"https:\/\/www.posk.se\/karlstadsstift\/fortroendevalda\/#breadcrumb"},"inLanguage":"sv-SE","potentialAction":[{"@type":"ReadAction","target":["https:\/\/www.posk.se\/karlstadsstift\/fortroendevalda\/"]}]},{"@type":"BreadcrumbList","@id":"https:\/\/www.posk.se\/karlstadsstift\/fortroendevalda\/#breadcrumb","itemListElement":[{"@type":"ListItem","position":1,"name":"Hem","item":"https:\/\/www.posk.se\/karlstadsstift\/"},{"@type":"ListItem","position":2,"name":"F\u00f6rtroendevalda"}]},{"@type":"WebSite","@id":"https:\/\/www.posk.se\/karlstadsstift\/#website","url":"https:\/\/www.posk.se\/karlstadsstift\/","name":"STIFTSF\u00d6RENING Karlstad","description":"Stiftsf\u00f6reningen f\u00f6r POSK i Karlstads stift","potentialAction":[{"@type":"SearchAction","target":{"@type":"EntryPoint","urlTemplate":"https:\/\/www.posk.se\/karlstadsstift\/?s={search_term_string}"},"query-input":{"@type":"PropertyValueSpecification","valueRequired":true,"valueName":"search_term_string"}}],"inLanguage":"sv-SE"}]}},"_links":{"self":[{"href":"https:\/\/www.posk.se\/karlstadsstift\/wp-json\/wp\/v2\/pages\/242","targetHints":{"allow":["GET"]}}],"collection":[{"href":"https:\/\/www.posk.se\/karlstadsstift\/wp-json\/wp\/v2\/pages"}],"about":[{"href":"https:\/\/www.posk.se\/karlstadsstift\/wp-json\/wp\/v2\/types\/page"}],"author":[{"embeddable":true,"href":"https:\/\/www.posk.se\/karlstadsstift\/wp-json\/wp\/v2\/users\/57"}],"replies":[{"embeddable":true,"href":"https:\/\/www.posk.se\/karlstadsstift\/wp-json\/wp\/v2\/comments?post=242"}],"version-history":[{"count":18,"href":"https:\/\/www.posk.se\/karlstadsstift\/wp-json\/wp\/v2\/pages\/242\/revisions"}],"predecessor-version":[{"id":599,"href":"https:\/\/www.posk.se\/karlstadsstift\/wp-json\/wp\/v2\/pages\/242\/revisions\/599"}],"wp:attachment":[{"href":"https:\/\/www.posk.se\/karlstadsstift\/wp-json\/wp\/v2\/media?parent=242"}],"curies":[{"name":"wp","href":"https:\/\/api.w.org\/{rel}","templated":true}]}}

Förtroendevalda

<h3><span style="color: #800000">Karlstads stift</span></h3>
<h5><span style="color: #800000">Stiftsfullmäktige</span></h5>
<p>Ledamöter: Stig Axelsson, Johnny Blomquist, Bengt Kihlström (1:e vice ordf.), Boel Elow Henckel, Kim Sanfridsson, Eva Forsell, Sofia Westerdahl, Margareta Wiklert, Fred-Inge Johansson, Fredrik Haeffner, Berit Nyqvist Cech</p>
<p>Ersättare: Carl Mackenrott, Johan Evensson, Jan Erik Flink, Gunilla Bernholm</p>
<h5><span style="color: #800000">Domkapitlet</span></h5>
<p>Ledamot: Johnny Blomqvist.</p>
<h5><span style="color: #800000">Stiftsstyrelsen</span></h5>
<p>Ledamöter: Stig Axelsson (2.e vice ordf. och led. AU) och Kim Sanfridsson.</p>
<h5><span style="color: #800000">Egendomsnämnden</span></h5>
<p>Ledamot: Bengt Kihlström ( Vice ordf. ) och Margareta Wiklert</p>
<p>Ersättare: Fred-Inge Johansson</p>
<h3><span style="color: #800000">Kykomötet</span></h3>
<p>Ledamöter: Niklas Grahn och Stig Axelsson.</p>
<p>Ersättare: Kim Sanfridsson, Barbro Falken och Boel Elow Henckel.</p>

<p>Karlstads stift Stiftsfullmäktige Ledamöter: Stig Axelsson, Johnny Blomquist, Bengt Kihlström (1:e vice ordf.), Boel Elow Henckel, Kim Sanfridsson, Eva Forsell, Sofia Westerdahl, Margareta Wiklert, Fred-Inge Johansson, Fredrik Haeffner, Berit Nyqvist Cech Ersättare: Carl Mackenrott, Johan Evensson, Jan Erik Flink, Gunilla Bernholm Domkapitlet Ledamot: Johnny Blomqvist. Stiftsstyrelsen Ledamöter: Stig Axelsson (2.e vice ordf. och led. AU) [&hellip;]</p>

<!-- This site is optimized with the Yoast SEO plugin v24.9 - https://yoast.com/wordpress/plugins/seo/ -->
<title>Förtroendevalda - STIFTSFÖRENING Karlstad</title>
<meta name="robots" content="index, follow, max-snippet:-1, max-image-preview:large, max-video-preview:-1" />
<link rel="canonical" href="https://www.posk.se/karlstadsstift/fortroendevalda/" />
<meta property="og:locale" content="sv_SE" />
<meta property="og:type" content="article" />
<meta property="og:title" content="Förtroendevalda - STIFTSFÖRENING Karlstad" />
<meta property="og:description" content="Karlstads stift Stiftsfullmäktige Ledamöter: Stig Axelsson, Johnny Blomquist, Bengt Kihlström (1:e vice ordf.), Boel Elow Henckel, Kim Sanfridsson, Eva Forsell, Sofia Westerdahl, Margareta Wiklert, Fred-Inge Johansson, Fredrik Haeffner, Berit Nyqvist Cech Ersättare: Carl Mackenrott, Johan Evensson, Jan Erik Flink, Gunilla Bernholm Domkapitlet Ledamot: Johnny Blomqvist. Stiftsstyrelsen Ledamöter: Stig Axelsson (2.e vice ordf. och led. AU) [&hellip;]" />
<meta property="og:url" content="https://www.posk.se/karlstadsstift/fortroendevalda/" />
<meta property="og:site_name" content="STIFTSFÖRENING Karlstad" />
<meta property="article:modified_time" content="2022-05-23T09:42:23+00:00" />
<meta name="twitter:card" content="summary_large_image" />
<meta name="twitter:label1" content="Beräknad lästid" />
	<meta name="twitter:data1" content="1 minut" />
<script type="application/ld+json" class="yoast-schema-graph">{"@context":"https://schema.org","@graph":[{"@type":"WebPage","@id":"https://www.posk.se/karlstadsstift/fortroendevalda/","url":"https://www.posk.se/karlstadsstift/fortroendevalda/","name":"Förtroendevalda - STIFTSFÖRENING Karlstad","isPartOf":{"@id":"https://www.posk.se/karlstadsstift/#website"},"datePublished":"2018-02-24T17:39:45+00:00","dateModified":"2022-05-23T09:42:23+00:00","breadcrumb":{"@id":"https://www.posk.se/karlstadsstift/fortroendevalda/#breadcrumb"},"inLanguage":"sv-SE","potentialAction":[{"@type":"ReadAction","target":["https://www.posk.se/karlstadsstift/fortroendevalda/"]}]},{"@type":"BreadcrumbList","@id":"https://www.posk.se/karlstadsstift/fortroendevalda/#breadcrumb","itemListElement":[{"@type":"ListItem","position":1,"name":"Hem","item":"https://www.posk.se/karlstadsstift/"},{"@type":"ListItem","position":2,"name":"Förtroendevalda"}]},{"@type":"WebSite","@id":"https://www.posk.se/karlstadsstift/#website","url":"https://www.posk.se/karlstadsstift/","name":"STIFTSFÖRENING Karlstad","description":"Stiftsföreningen för POSK i Karlstads stift","potentialAction":[{"@type":"SearchAction","target":{"@type":"EntryPoint","urlTemplate":"https://www.posk.se/karlstadsstift/?s={search_term_string}"},"query-input":{"@type":"PropertyValueSpecification","valueRequired":true,"valueName":"search_term_string"}}],"inLanguage":"sv-SE"}]}</script>
<!-- / Yoast SEO plugin. -->

Förtroendevalda - STIFTSFÖRENING Karlstad

Karlstads stift Stiftsfullmäktige Ledamöter: Stig Axelsson, Johnny Blomquist, Bengt Kihlström (1:e vice ordf.), Boel Elow Henckel, Kim Sanfridsson, Eva Forsell, Sofia Westerdahl, Margareta Wiklert, Fred-Inge Johansson, Fredrik Haeffner, Berit Nyqvist Cech Ersättare: Carl Mackenrott, Johan Evensson, Jan Erik Flink, Gunilla Bernholm Domkapitlet Ledamot: Johnny Blomqvist. Stiftsstyrelsen Ledamöter: Stig Axelsson (2.e vice ordf. och led. AU) [&hellip;]

STIFTSFÖRENING Karlstad

Stiftsföreningen för POSK i Karlstads stift
