{"id":20,"date":"2016-07-18T14:11:55","date_gmt":"2016-07-18T12:11:55","guid":{"rendered":"https:\/\/www.posk.se\/jarfalla\/?page_id=20"},"modified":"2025-10-05T13:40:12","modified_gmt":"2025-10-05T11:40:12","slug":"startsidan-2","status":"publish","type":"page","link":"https:\/\/www.posk.se\/jarfalla\/","title":{"rendered":"Startsidan"},"content":{"rendered":"<figure id=\"attachment_34\" aria-describedby=\"caption-attachment-34\" style=\"width: 200px\" class=\"wp-caption alignnone\"><img loading=\"lazy\" decoding=\"async\" class=\"size-medium wp-image-34\" src=\"https:\/\/www.posk.se\/jarfalla\/wp-content\/uploads\/sites\/138\/2021\/07\/dsc-1595-200x300.jpg\" alt=\"J\u00e4rf\u00e4lla kyrka\" width=\"200\" height=\"300\" srcset=\"https:\/\/www.posk.se\/jarfalla\/wp-content\/uploads\/sites\/138\/2021\/07\/dsc-1595-200x300.jpg 200w, https:\/\/www.posk.se\/jarfalla\/wp-content\/uploads\/sites\/138\/2021\/07\/dsc-1595-683x1024.jpg 683w, https:\/\/www.posk.se\/jarfalla\/wp-content\/uploads\/sites\/138\/2021\/07\/dsc-1595-768x1152.jpg 768w, https:\/\/www.posk.se\/jarfalla\/wp-content\/uploads\/sites\/138\/2021\/07\/dsc-1595-1024x1536.jpg 1024w, https:\/\/www.posk.se\/jarfalla\/wp-content\/uploads\/sites\/138\/2021\/07\/dsc-1595-1365x2048.jpg 1365w, https:\/\/www.posk.se\/jarfalla\/wp-content\/uploads\/sites\/138\/2021\/07\/dsc-1595-330x495.jpg 330w, https:\/\/www.posk.se\/jarfalla\/wp-content\/uploads\/sites\/138\/2021\/07\/dsc-1595-scaled.jpg 1707w\" sizes=\"auto, (max-width: 200px) 100vw, 200px\" \/><figcaption id=\"caption-attachment-34\" class=\"wp-caption-text\">J\u00e4rf\u00e4lla kyrka. Den ursprungliga byggnaden \u00e4r uppf\u00f6rd under 1100-talet. Kvar finns l\u00e5nghusets \u00f6stra h\u00e4lft och dopfunten.<\/figcaption><\/figure>\n<p>Se mer om Svenska kyrkan i J\u00e4rf\u00e4lla <a href=\"https:\/\/www.svenskakyrkan.se\/jarfalla\">h\u00e4r<\/a>!<br \/>\nH\u00e4r finns \u00e4ven en kort presentation av v\u00e5ra <a href=\"https:\/\/www.posk.se\/jarfalla\/information\/\">kyrkor<\/a>.<\/p>\n<p>V\u00e5r tanke:<br \/>\nPOSK v\u00e4lkomnar alla m\u00e4nniskor oavsett vad man r\u00f6star p\u00e5 i de allm\u00e4nna valen. Svenska kyrkan ska erbjuda m\u00e4nniskor platser och sammanhang med syfte att fr\u00e4mja relationerna till Gud, andra m\u00e4nniskor och sig sj\u00e4lv. Tron p\u00e5 Jesus Kristus \u00e4r central. Vi vill verka f\u00f6r att evangelium sprids och att fler m\u00e4nniskor ska se gudstj\u00e4nstlivet som en tillg\u00e5ng. De kommande \u00e5ren vill vi v\u00e4rna f\u00f6rsamlingslivet och den kyrkliga gemenskapen samt sprida Jesu evangelium. Vi inom POSK \u00e4r s\u00e4rskilt intresserade av att fr\u00e4mja det frivilliga engagemanget hos m\u00e4nniskor. Det \u00e4r positivt b\u00e5de f\u00f6r gemenskapen och f\u00f6rsamlingens ekonomi. Verksamheter vi vill prioritera \u00e4r ungdomsarbete, musik och diakoni.<\/p>\n<p>Elisabeth Elmi<br \/>\n073-070 71 37<\/p>\n<p>jarfalla@posk.se<\/p>\n<div class=\"&quot;kyrkovalet_se&quot;\"><\/div>\n","protected":false},"excerpt":{"rendered":"<p>Se mer om Svenska kyrkan i J\u00e4rf\u00e4lla h\u00e4r! H\u00e4r finns \u00e4ven en kort presentation av v\u00e5ra kyrkor. V\u00e5r tanke: POSK v\u00e4lkomnar alla m\u00e4nniskor oavsett vad man r\u00f6star p\u00e5 i de allm\u00e4nna valen. Svenska kyrkan ska erbjuda m\u00e4nniskor platser och sammanhang med syfte att fr\u00e4mja relationerna till Gud, andra m\u00e4nniskor och sig sj\u00e4lv. Tron p\u00e5 Jesus [&hellip;]<\/p>\n","protected":false},"author":1,"featured_media":35,"parent":0,"menu_order":0,"comment_status":"closed","ping_status":"closed","template":"page-templates\/page-sidebar-left.php","meta":{"_acf_changed":false,"footnotes":""},"class_list":["post-20","page","type-page","status-publish","has-post-thumbnail","hentry"],"acf":[],"yoast_head":"<!-- This site is optimized with the Yoast SEO plugin v24.9 - https:\/\/yoast.com\/wordpress\/plugins\/seo\/ -->\n<title>POSK i J\u00e4rf\u00e4lla, Politiskt obundna<\/title>\n<meta name=\"description\" content=\"POSK J\u00e4rf\u00e4lla, Politiskt obundna i Svenska kyrkan, St\u00e5r f\u00f6r kyrkans k\u00e4rnv\u00e4rden, POSK vill att SVK f\u00f6rmedlar befrielse hopp och livsmod.\" \/>\n<meta name=\"robots\" content=\"index, follow, max-snippet:-1, max-image-preview:large, max-video-preview:-1\" \/>\n<link rel=\"canonical\" href=\"https:\/\/www.posk.se\/jarfalla\/\" \/>\n<meta property=\"og:locale\" content=\"sv_SE\" \/>\n<meta property=\"og:type\" content=\"article\" \/>\n<meta property=\"og:title\" content=\"POSK i J\u00e4rf\u00e4lla, Politiskt obundna\" \/>\n<meta property=\"og:description\" content=\"POSK J\u00e4rf\u00e4lla, Politiskt obundna i Svenska kyrkan, St\u00e5r f\u00f6r kyrkans k\u00e4rnv\u00e4rden, POSK vill att SVK f\u00f6rmedlar befrielse hopp och livsmod.\" \/>\n<meta property=\"og:url\" content=\"https:\/\/www.posk.se\/jarfalla\/\" \/>\n<meta property=\"og:site_name\" content=\"J\u00e4rf\u00e4lla\" \/>\n<meta property=\"article:modified_time\" content=\"2025-10-05T11:40:12+00:00\" \/>\n<meta property=\"og:image\" content=\"https:\/\/www.posk.se\/jarfalla\/wp-content\/uploads\/sites\/138\/2021\/07\/dsc-1638-scaled-e1626171195544.jpg\" \/>\n\t<meta property=\"og:image:width\" content=\"2540\" \/>\n\t<meta property=\"og:image:height\" content=\"1324\" \/>\n\t<meta property=\"og:image:type\" content=\"image\/jpeg\" \/>\n<meta name=\"twitter:card\" content=\"summary_large_image\" \/>\n<meta name=\"twitter:label1\" content=\"Ber\u00e4knad l\u00e4stid\" \/>\n\t<meta name=\"twitter:data1\" content=\"2 minuter\" \/>\n<script type=\"application\/ld+json\" class=\"yoast-schema-graph\">{\"@context\":\"https:\/\/schema.org\",\"@graph\":[{\"@type\":\"WebPage\",\"@id\":\"https:\/\/www.posk.se\/jarfalla\/\",\"url\":\"https:\/\/www.posk.se\/jarfalla\/\",\"name\":\"POSK i J\u00e4rf\u00e4lla, Politiskt obundna\",\"isPartOf\":{\"@id\":\"https:\/\/www.posk.se\/jarfalla\/#website\"},\"primaryImageOfPage\":{\"@id\":\"https:\/\/www.posk.se\/jarfalla\/#primaryimage\"},\"image\":{\"@id\":\"https:\/\/www.posk.se\/jarfalla\/#primaryimage\"},\"thumbnailUrl\":\"https:\/\/www.posk.se\/jarfalla\/wp-content\/uploads\/sites\/138\/2021\/07\/dsc-1638-scaled-e1626171195544.jpg\",\"datePublished\":\"2016-07-18T12:11:55+00:00\",\"dateModified\":\"2025-10-05T11:40:12+00:00\",\"description\":\"POSK J\u00e4rf\u00e4lla, Politiskt obundna i Svenska kyrkan, St\u00e5r f\u00f6r kyrkans k\u00e4rnv\u00e4rden, POSK vill att SVK f\u00f6rmedlar befrielse hopp och livsmod.\",\"breadcrumb\":{\"@id\":\"https:\/\/www.posk.se\/jarfalla\/#breadcrumb\"},\"inLanguage\":\"sv-SE\",\"potentialAction\":[{\"@type\":\"ReadAction\",\"target\":[\"https:\/\/www.posk.se\/jarfalla\/\"]}]},{\"@type\":\"ImageObject\",\"inLanguage\":\"sv-SE\",\"@id\":\"https:\/\/www.posk.se\/jarfalla\/#primaryimage\",\"url\":\"https:\/\/www.posk.se\/jarfalla\/wp-content\/uploads\/sites\/138\/2021\/07\/dsc-1638-scaled-e1626171195544.jpg\",\"contentUrl\":\"https:\/\/www.posk.se\/jarfalla\/wp-content\/uploads\/sites\/138\/2021\/07\/dsc-1638-scaled-e1626171195544.jpg\",\"width\":2540,\"height\":1324,\"caption\":\"J\u00e4rf\u00e4lla kyrka med pyramiden.\"},{\"@type\":\"BreadcrumbList\",\"@id\":\"https:\/\/www.posk.se\/jarfalla\/#breadcrumb\",\"itemListElement\":[{\"@type\":\"ListItem\",\"position\":1,\"name\":\"Hem\",\"item\":\"https:\/\/www.posk.se\/jarfalla\/\"},{\"@type\":\"ListItem\",\"position\":2,\"name\":\"Startsidan\"}]},{\"@type\":\"WebSite\",\"@id\":\"https:\/\/www.posk.se\/jarfalla\/#website\",\"url\":\"https:\/\/www.posk.se\/jarfalla\/\",\"name\":\"J\u00e4rf\u00e4lla\",\"description\":\"POSK-grupp i Stockholms stift\",\"potentialAction\":[{\"@type\":\"SearchAction\",\"target\":{\"@type\":\"EntryPoint\",\"urlTemplate\":\"https:\/\/www.posk.se\/jarfalla\/?s={search_term_string}\"},\"query-input\":{\"@type\":\"PropertyValueSpecification\",\"valueRequired\":true,\"valueName\":\"search_term_string\"}}],\"inLanguage\":\"sv-SE\"}]}<\/script>\n<!-- \/ Yoast SEO plugin. -->","yoast_head_json":{"title":"POSK i J\u00e4rf\u00e4lla, Politiskt obundna","description":"POSK J\u00e4rf\u00e4lla, Politiskt obundna i Svenska kyrkan, St\u00e5r f\u00f6r kyrkans k\u00e4rnv\u00e4rden, POSK vill att SVK f\u00f6rmedlar befrielse hopp och livsmod.","robots":{"index":"index","follow":"follow","max-snippet":"max-snippet:-1","max-image-preview":"max-image-preview:large","max-video-preview":"max-video-preview:-1"},"canonical":"https:\/\/www.posk.se\/jarfalla\/","og_locale":"sv_SE","og_type":"article","og_title":"POSK i J\u00e4rf\u00e4lla, Politiskt obundna","og_description":"POSK J\u00e4rf\u00e4lla, Politiskt obundna i Svenska kyrkan, St\u00e5r f\u00f6r kyrkans k\u00e4rnv\u00e4rden, POSK vill att SVK f\u00f6rmedlar befrielse hopp och livsmod.","og_url":"https:\/\/www.posk.se\/jarfalla\/","og_site_name":"J\u00e4rf\u00e4lla","article_modified_time":"2025-10-05T11:40:12+00:00","og_image":[{"width":2540,"height":1324,"url":"https:\/\/www.posk.se\/jarfalla\/wp-content\/uploads\/sites\/138\/2021\/07\/dsc-1638-scaled-e1626171195544.jpg","type":"image\/jpeg"}],"twitter_card":"summary_large_image","twitter_misc":{"Ber\u00e4knad l\u00e4stid":"2 minuter"},"schema":{"@context":"https:\/\/schema.org","@graph":[{"@type":"WebPage","@id":"https:\/\/www.posk.se\/jarfalla\/","url":"https:\/\/www.posk.se\/jarfalla\/","name":"POSK i J\u00e4rf\u00e4lla, Politiskt obundna","isPartOf":{"@id":"https:\/\/www.posk.se\/jarfalla\/#website"},"primaryImageOfPage":{"@id":"https:\/\/www.posk.se\/jarfalla\/#primaryimage"},"image":{"@id":"https:\/\/www.posk.se\/jarfalla\/#primaryimage"},"thumbnailUrl":"https:\/\/www.posk.se\/jarfalla\/wp-content\/uploads\/sites\/138\/2021\/07\/dsc-1638-scaled-e1626171195544.jpg","datePublished":"2016-07-18T12:11:55+00:00","dateModified":"2025-10-05T11:40:12+00:00","description":"POSK J\u00e4rf\u00e4lla, Politiskt obundna i Svenska kyrkan, St\u00e5r f\u00f6r kyrkans k\u00e4rnv\u00e4rden, POSK vill att SVK f\u00f6rmedlar befrielse hopp och livsmod.","breadcrumb":{"@id":"https:\/\/www.posk.se\/jarfalla\/#breadcrumb"},"inLanguage":"sv-SE","potentialAction":[{"@type":"ReadAction","target":["https:\/\/www.posk.se\/jarfalla\/"]}]},{"@type":"ImageObject","inLanguage":"sv-SE","@id":"https:\/\/www.posk.se\/jarfalla\/#primaryimage","url":"https:\/\/www.posk.se\/jarfalla\/wp-content\/uploads\/sites\/138\/2021\/07\/dsc-1638-scaled-e1626171195544.jpg","contentUrl":"https:\/\/www.posk.se\/jarfalla\/wp-content\/uploads\/sites\/138\/2021\/07\/dsc-1638-scaled-e1626171195544.jpg","width":2540,"height":1324,"caption":"J\u00e4rf\u00e4lla kyrka med pyramiden."},{"@type":"BreadcrumbList","@id":"https:\/\/www.posk.se\/jarfalla\/#breadcrumb","itemListElement":[{"@type":"ListItem","position":1,"name":"Hem","item":"https:\/\/www.posk.se\/jarfalla\/"},{"@type":"ListItem","position":2,"name":"Startsidan"}]},{"@type":"WebSite","@id":"https:\/\/www.posk.se\/jarfalla\/#website","url":"https:\/\/www.posk.se\/jarfalla\/","name":"J\u00e4rf\u00e4lla","description":"POSK-grupp i Stockholms stift","potentialAction":[{"@type":"SearchAction","target":{"@type":"EntryPoint","urlTemplate":"https:\/\/www.posk.se\/jarfalla\/?s={search_term_string}"},"query-input":{"@type":"PropertyValueSpecification","valueRequired":true,"valueName":"search_term_string"}}],"inLanguage":"sv-SE"}]}},"_links":{"self":[{"href":"https:\/\/www.posk.se\/jarfalla\/wp-json\/wp\/v2\/pages\/20","targetHints":{"allow":["GET"]}}],"collection":[{"href":"https:\/\/www.posk.se\/jarfalla\/wp-json\/wp\/v2\/pages"}],"about":[{"href":"https:\/\/www.posk.se\/jarfalla\/wp-json\/wp\/v2\/types\/page"}],"author":[{"embeddable":true,"href":"https:\/\/www.posk.se\/jarfalla\/wp-json\/wp\/v2\/users\/1"}],"replies":[{"embeddable":true,"href":"https:\/\/www.posk.se\/jarfalla\/wp-json\/wp\/v2\/comments?post=20"}],"version-history":[{"count":16,"href":"https:\/\/www.posk.se\/jarfalla\/wp-json\/wp\/v2\/pages\/20\/revisions"}],"predecessor-version":[{"id":366,"href":"https:\/\/www.posk.se\/jarfalla\/wp-json\/wp\/v2\/pages\/20\/revisions\/366"}],"wp:featuredmedia":[{"embeddable":true,"href":"https:\/\/www.posk.se\/jarfalla\/wp-json\/wp\/v2\/media\/35"}],"wp:attachment":[{"href":"https:\/\/www.posk.se\/jarfalla\/wp-json\/wp\/v2\/media?parent=20"}],"curies":[{"name":"wp","href":"https:\/\/api.w.org\/{rel}","templated":true}]}}