{"id":406,"date":"2025-10-05T16:03:38","date_gmt":"2025-10-05T14:03:38","guid":{"rendered":"https:\/\/www.posk.se\/jarfalla\/wp-content\/uploads\/sites\/138\/2025\/10\/807-pfingsten-geist-kraft-und-neuanfang.jpg"},"modified":"2025-10-05T16:04:46","modified_gmt":"2025-10-05T14:04:46","slug":"807-pfingsten-geist-kraft-und-neuanfang","status":"inherit","type":"attachment","link":"https:\/\/www.posk.se\/jarfalla\/formular-tack\/807-pfingsten-geist-kraft-und-neuanfang\/","title":{"rendered":"807_pfingsten_geist_kraft_und_neuanfang"},"author":1412,"featured_media":0,"comment_status":"closed","ping_status":"closed","template":"","meta":{"_acf_changed":false},"class_list":["post-406","attachment","type-attachment","status-inherit","hentry"],"acf":[],"yoast_head":"<!-- This site is optimized with the Yoast SEO plugin v24.9 - https:\/\/yoast.com\/wordpress\/plugins\/seo\/ -->\n<title>807_pfingsten_geist_kraft_und_neuanfang - J\u00e4rf\u00e4lla<\/title>\n<meta name=\"robots\" content=\"index, follow, max-snippet:-1, max-image-preview:large, max-video-preview:-1\" \/>\n<link rel=\"canonical\" href=\"https:\/\/www.posk.se\/jarfalla\/wp-content\/uploads\/sites\/138\/2025\/10\/807-pfingsten-geist-kraft-und-neuanfang.jpg\" \/>\n<meta property=\"og:locale\" content=\"sv_SE\" \/>\n<meta property=\"og:type\" content=\"article\" \/>\n<meta property=\"og:title\" content=\"807_pfingsten_geist_kraft_und_neuanfang - J\u00e4rf\u00e4lla\" \/>\n<meta property=\"og:description\" content=\"Vit duva flyger med gr\u00f6n olivkvist i n\u00e4bben framf\u00f6r solen.\" \/>\n<meta property=\"og:url\" content=\"https:\/\/www.posk.se\/jarfalla\/wp-content\/uploads\/sites\/138\/2025\/10\/807-pfingsten-geist-kraft-und-neuanfang.jpg\" \/>\n<meta property=\"og:site_name\" content=\"J\u00e4rf\u00e4lla\" \/>\n<meta property=\"article:modified_time\" content=\"2025-10-05T14:04:46+00:00\" \/>\n<meta property=\"og:image\" content=\"https:\/\/www.posk.se\/jarfalla\/wp-content\/uploads\/sites\/138\/2025\/10\/807-pfingsten-geist-kraft-und-neuanfang.jpg\" \/>\n\t<meta property=\"og:image:width\" content=\"236\" \/>\n\t<meta property=\"og:image:height\" content=\"157\" \/>\n\t<meta property=\"og:image:type\" content=\"image\/jpeg\" \/>\n<meta name=\"twitter:card\" content=\"summary_large_image\" \/>\n<script type=\"application\/ld+json\" class=\"yoast-schema-graph\">{\"@context\":\"https:\/\/schema.org\",\"@graph\":[{\"@type\":\"WebPage\",\"@id\":\"https:\/\/www.posk.se\/jarfalla\/wp-content\/uploads\/sites\/138\/2025\/10\/807-pfingsten-geist-kraft-und-neuanfang.jpg\",\"url\":\"https:\/\/www.posk.se\/jarfalla\/wp-content\/uploads\/sites\/138\/2025\/10\/807-pfingsten-geist-kraft-und-neuanfang.jpg\",\"name\":\"807_pfingsten_geist_kraft_und_neuanfang - J\u00e4rf\u00e4lla\",\"isPartOf\":{\"@id\":\"https:\/\/www.posk.se\/jarfalla\/#website\"},\"datePublished\":\"2025-10-05T14:03:38+00:00\",\"dateModified\":\"2025-10-05T14:04:46+00:00\",\"breadcrumb\":{\"@id\":\"https:\/\/www.posk.se\/jarfalla\/wp-content\/uploads\/sites\/138\/2025\/10\/807-pfingsten-geist-kraft-und-neuanfang.jpg#breadcrumb\"},\"inLanguage\":\"sv-SE\",\"potentialAction\":[{\"@type\":\"ReadAction\",\"target\":[\"https:\/\/www.posk.se\/jarfalla\/wp-content\/uploads\/sites\/138\/2025\/10\/807-pfingsten-geist-kraft-und-neuanfang.jpg\"]}]},{\"@type\":\"BreadcrumbList\",\"@id\":\"https:\/\/www.posk.se\/jarfalla\/wp-content\/uploads\/sites\/138\/2025\/10\/807-pfingsten-geist-kraft-und-neuanfang.jpg#breadcrumb\",\"itemListElement\":[{\"@type\":\"ListItem\",\"position\":1,\"name\":\"Hem\",\"item\":\"https:\/\/www.posk.se\/jarfalla\/\"},{\"@type\":\"ListItem\",\"position\":2,\"name\":\"Tack f\u00f6r kandidatpresentation\",\"item\":\"https:\/\/www.posk.se\/jarfalla\/formular-tack\/\"},{\"@type\":\"ListItem\",\"position\":3,\"name\":\"807_pfingsten_geist_kraft_und_neuanfang\"}]},{\"@type\":\"WebSite\",\"@id\":\"https:\/\/www.posk.se\/jarfalla\/#website\",\"url\":\"https:\/\/www.posk.se\/jarfalla\/\",\"name\":\"J\u00e4rf\u00e4lla\",\"description\":\"POSK-grupp i Stockholms stift\",\"potentialAction\":[{\"@type\":\"SearchAction\",\"target\":{\"@type\":\"EntryPoint\",\"urlTemplate\":\"https:\/\/www.posk.se\/jarfalla\/?s={search_term_string}\"},\"query-input\":{\"@type\":\"PropertyValueSpecification\",\"valueRequired\":true,\"valueName\":\"search_term_string\"}}],\"inLanguage\":\"sv-SE\"}]}<\/script>\n<!-- \/ Yoast SEO plugin. -->","yoast_head_json":{"title":"807_pfingsten_geist_kraft_und_neuanfang - J\u00e4rf\u00e4lla","robots":{"index":"index","follow":"follow","max-snippet":"max-snippet:-1","max-image-preview":"max-image-preview:large","max-video-preview":"max-video-preview:-1"},"canonical":"https:\/\/www.posk.se\/jarfalla\/wp-content\/uploads\/sites\/138\/2025\/10\/807-pfingsten-geist-kraft-und-neuanfang.jpg","og_locale":"sv_SE","og_type":"article","og_title":"807_pfingsten_geist_kraft_und_neuanfang - J\u00e4rf\u00e4lla","og_description":"Vit duva flyger med gr\u00f6n olivkvist i n\u00e4bben framf\u00f6r solen.","og_url":"https:\/\/www.posk.se\/jarfalla\/wp-content\/uploads\/sites\/138\/2025\/10\/807-pfingsten-geist-kraft-und-neuanfang.jpg","og_site_name":"J\u00e4rf\u00e4lla","article_modified_time":"2025-10-05T14:04:46+00:00","og_image":[{"width":236,"height":157,"url":"https:\/\/www.posk.se\/jarfalla\/wp-content\/uploads\/sites\/138\/2025\/10\/807-pfingsten-geist-kraft-und-neuanfang.jpg","type":"image\/jpeg"}],"twitter_card":"summary_large_image","schema":{"@context":"https:\/\/schema.org","@graph":[{"@type":"WebPage","@id":"https:\/\/www.posk.se\/jarfalla\/wp-content\/uploads\/sites\/138\/2025\/10\/807-pfingsten-geist-kraft-und-neuanfang.jpg","url":"https:\/\/www.posk.se\/jarfalla\/wp-content\/uploads\/sites\/138\/2025\/10\/807-pfingsten-geist-kraft-und-neuanfang.jpg","name":"807_pfingsten_geist_kraft_und_neuanfang - J\u00e4rf\u00e4lla","isPartOf":{"@id":"https:\/\/www.posk.se\/jarfalla\/#website"},"datePublished":"2025-10-05T14:03:38+00:00","dateModified":"2025-10-05T14:04:46+00:00","breadcrumb":{"@id":"https:\/\/www.posk.se\/jarfalla\/wp-content\/uploads\/sites\/138\/2025\/10\/807-pfingsten-geist-kraft-und-neuanfang.jpg#breadcrumb"},"inLanguage":"sv-SE","potentialAction":[{"@type":"ReadAction","target":["https:\/\/www.posk.se\/jarfalla\/wp-content\/uploads\/sites\/138\/2025\/10\/807-pfingsten-geist-kraft-und-neuanfang.jpg"]}]},{"@type":"BreadcrumbList","@id":"https:\/\/www.posk.se\/jarfalla\/wp-content\/uploads\/sites\/138\/2025\/10\/807-pfingsten-geist-kraft-und-neuanfang.jpg#breadcrumb","itemListElement":[{"@type":"ListItem","position":1,"name":"Hem","item":"https:\/\/www.posk.se\/jarfalla\/"},{"@type":"ListItem","position":2,"name":"Tack f\u00f6r kandidatpresentation","item":"https:\/\/www.posk.se\/jarfalla\/formular-tack\/"},{"@type":"ListItem","position":3,"name":"807_pfingsten_geist_kraft_und_neuanfang"}]},{"@type":"WebSite","@id":"https:\/\/www.posk.se\/jarfalla\/#website","url":"https:\/\/www.posk.se\/jarfalla\/","name":"J\u00e4rf\u00e4lla","description":"POSK-grupp i Stockholms stift","potentialAction":[{"@type":"SearchAction","target":{"@type":"EntryPoint","urlTemplate":"https:\/\/www.posk.se\/jarfalla\/?s={search_term_string}"},"query-input":{"@type":"PropertyValueSpecification","valueRequired":true,"valueName":"search_term_string"}}],"inLanguage":"sv-SE"}]}},"description":{"rendered":"<p class=\"attachment\"><a href='https:\/\/www.posk.se\/jarfalla\/wp-content\/uploads\/sites\/138\/2025\/10\/807-pfingsten-geist-kraft-und-neuanfang.jpg'><img loading=\"lazy\" decoding=\"async\" width=\"236\" height=\"157\" src=\"https:\/\/www.posk.se\/jarfalla\/wp-content\/uploads\/sites\/138\/2025\/10\/807-pfingsten-geist-kraft-und-neuanfang.jpg\" class=\"attachment-medium size-medium\" alt=\"Fredsduva\" \/><\/a><\/p>\n<p>Vit duva flyger med gr\u00f6n olivkvist i n\u00e4bben framf\u00f6r solen.<\/p>\n"},"caption":{"rendered":"<p>Vit duva flyger med gr\u00f6n olivkvist i n\u00e4bben framf\u00f6r solen.<\/p>\n"},"alt_text":"Fredsduva","media_type":"image","mime_type":"image\/jpeg","media_details":{"width":236,"height":157,"file":"2025\/10\/807-pfingsten-geist-kraft-und-neuanfang.jpg","filesize":24480,"sizes":{"thumbnail":{"file":"807-pfingsten-geist-kraft-und-neuanfang-150x150.jpg","width":150,"height":150,"filesize":3427,"mime_type":"image\/jpeg","source_url":"https:\/\/www.posk.se\/jarfalla\/wp-content\/uploads\/sites\/138\/2025\/10\/807-pfingsten-geist-kraft-und-neuanfang-150x150.jpg"},"candidate-archive":{"file":"807-pfingsten-geist-kraft-und-neuanfang-197x157.jpg","width":197,"height":157,"filesize":4201,"mime_type":"image\/jpeg","source_url":"https:\/\/www.posk.se\/jarfalla\/wp-content\/uploads\/sites\/138\/2025\/10\/807-pfingsten-geist-kraft-und-neuanfang-197x157.jpg"},"full":{"file":"807-pfingsten-geist-kraft-und-neuanfang.jpg","width":236,"height":157,"mime_type":"image\/jpeg","source_url":"https:\/\/www.posk.se\/jarfalla\/wp-content\/uploads\/sites\/138\/2025\/10\/807-pfingsten-geist-kraft-und-neuanfang.jpg"}},"image_meta":{"aperture":"0","credit":"","camera":"","caption":"","created_timestamp":"0","copyright":"","focal_length":"0","iso":"0","shutter_speed":"0","title":"","orientation":"0","keywords":[]}},"post":25,"source_url":"https:\/\/www.posk.se\/jarfalla\/wp-content\/uploads\/sites\/138\/2025\/10\/807-pfingsten-geist-kraft-und-neuanfang.jpg","_links":{"self":[{"href":"https:\/\/www.posk.se\/jarfalla\/wp-json\/wp\/v2\/media\/406","targetHints":{"allow":["GET"]}}],"collection":[{"href":"https:\/\/www.posk.se\/jarfalla\/wp-json\/wp\/v2\/media"}],"about":[{"href":"https:\/\/www.posk.se\/jarfalla\/wp-json\/wp\/v2\/types\/attachment"}],"author":[{"embeddable":true,"href":"https:\/\/www.posk.se\/jarfalla\/wp-json\/wp\/v2\/users\/1412"}],"replies":[{"embeddable":true,"href":"https:\/\/www.posk.se\/jarfalla\/wp-json\/wp\/v2\/comments?post=406"}]}}

<!-- This site is optimized with the Yoast SEO plugin v24.9 - https://yoast.com/wordpress/plugins/seo/ -->
<title>807_pfingsten_geist_kraft_und_neuanfang - Järfälla</title>
<meta name="robots" content="index, follow, max-snippet:-1, max-image-preview:large, max-video-preview:-1" />
<link rel="canonical" href="https://www.posk.se/jarfalla/wp-content/uploads/sites/138/2025/10/807-pfingsten-geist-kraft-und-neuanfang.jpg" />
<meta property="og:locale" content="sv_SE" />
<meta property="og:type" content="article" />
<meta property="og:title" content="807_pfingsten_geist_kraft_und_neuanfang - Järfälla" />
<meta property="og:description" content="Vit duva flyger med grön olivkvist i näbben framför solen." />
<meta property="og:url" content="https://www.posk.se/jarfalla/wp-content/uploads/sites/138/2025/10/807-pfingsten-geist-kraft-und-neuanfang.jpg" />
<meta property="og:site_name" content="Järfälla" />
<meta property="article:modified_time" content="2025-10-05T14:04:46+00:00" />
<meta property="og:image" content="https://www.posk.se/jarfalla/wp-content/uploads/sites/138/2025/10/807-pfingsten-geist-kraft-und-neuanfang.jpg" />
	<meta property="og:image:width" content="236" />
	<meta property="og:image:height" content="157" />
	<meta property="og:image:type" content="image/jpeg" />
<meta name="twitter:card" content="summary_large_image" />
<script type="application/ld+json" class="yoast-schema-graph">{"@context":"https://schema.org","@graph":[{"@type":"WebPage","@id":"https://www.posk.se/jarfalla/wp-content/uploads/sites/138/2025/10/807-pfingsten-geist-kraft-und-neuanfang.jpg","url":"https://www.posk.se/jarfalla/wp-content/uploads/sites/138/2025/10/807-pfingsten-geist-kraft-und-neuanfang.jpg","name":"807_pfingsten_geist_kraft_und_neuanfang - Järfälla","isPartOf":{"@id":"https://www.posk.se/jarfalla/#website"},"datePublished":"2025-10-05T14:03:38+00:00","dateModified":"2025-10-05T14:04:46+00:00","breadcrumb":{"@id":"https://www.posk.se/jarfalla/wp-content/uploads/sites/138/2025/10/807-pfingsten-geist-kraft-und-neuanfang.jpg#breadcrumb"},"inLanguage":"sv-SE","potentialAction":[{"@type":"ReadAction","target":["https://www.posk.se/jarfalla/wp-content/uploads/sites/138/2025/10/807-pfingsten-geist-kraft-und-neuanfang.jpg"]}]},{"@type":"BreadcrumbList","@id":"https://www.posk.se/jarfalla/wp-content/uploads/sites/138/2025/10/807-pfingsten-geist-kraft-und-neuanfang.jpg#breadcrumb","itemListElement":[{"@type":"ListItem","position":1,"name":"Hem","item":"https://www.posk.se/jarfalla/"},{"@type":"ListItem","position":2,"name":"Tack för kandidatpresentation","item":"https://www.posk.se/jarfalla/formular-tack/"},{"@type":"ListItem","position":3,"name":"807_pfingsten_geist_kraft_und_neuanfang"}]},{"@type":"WebSite","@id":"https://www.posk.se/jarfalla/#website","url":"https://www.posk.se/jarfalla/","name":"Järfälla","description":"POSK-grupp i Stockholms stift","potentialAction":[{"@type":"SearchAction","target":{"@type":"EntryPoint","urlTemplate":"https://www.posk.se/jarfalla/?s={search_term_string}"},"query-input":{"@type":"PropertyValueSpecification","valueRequired":true,"valueName":"search_term_string"}}],"inLanguage":"sv-SE"}]}</script>
<!-- / Yoast SEO plugin. -->

807_pfingsten_geist_kraft_und_neuanfang - Järfälla

Vit duva flyger med grön olivkvist i näbben framför solen.

Järfälla

Tack för kandidatpresentation

<p class="attachment"><a href='https://www.posk.se/jarfalla/wp-content/uploads/sites/138/2025/10/807-pfingsten-geist-kraft-und-neuanfang.jpg'><img loading="lazy" decoding="async" width="236" height="157" src="https://www.posk.se/jarfalla/wp-content/uploads/sites/138/2025/10/807-pfingsten-geist-kraft-und-neuanfang.jpg" class="attachment-medium size-medium" alt="Fredsduva" /></a></p>
<p>Vit duva flyger med grön olivkvist i näbben framför solen.</p>

<p>Vit duva flyger med grön olivkvist i näbben framför solen.</p>
