{"id":20,"date":"2016-07-20T12:08:52","date_gmt":"2016-07-20T10:08:52","guid":{"rendered":"https:\/\/www.posk.se\/hoor\/?page_id=20"},"modified":"2024-07-13T12:56:19","modified_gmt":"2024-07-13T10:56:19","slug":"startsidan-2","status":"publish","type":"page","link":"https:\/\/www.posk.se\/hoor\/","title":{"rendered":"H\u00f6\u00f6r"},"content":{"rendered":"<h1><img loading=\"lazy\" decoding=\"async\" class=\"alignnone wp-image-665 \" src=\"https:\/\/www.posk.se\/hoor\/wp-content\/uploads\/sites\/107\/2021\/07\/till-hemsida.png\" alt=\"\" width=\"566\" height=\"560\" srcset=\"https:\/\/www.posk.se\/hoor\/wp-content\/uploads\/sites\/107\/2021\/07\/till-hemsida.png 834w, https:\/\/www.posk.se\/hoor\/wp-content\/uploads\/sites\/107\/2021\/07\/till-hemsida-300x297.png 300w, https:\/\/www.posk.se\/hoor\/wp-content\/uploads\/sites\/107\/2021\/07\/till-hemsida-768x760.png 768w, https:\/\/www.posk.se\/hoor\/wp-content\/uploads\/sites\/107\/2021\/07\/till-hemsida-330x326.png 330w\" sizes=\"auto, (max-width: 566px) 100vw, 566px\" \/><\/h1>\n<h6>Foto: Inga-Lill Rubenson<\/h6>\n<h2><span style=\"color: #ff0000\"><em>Vi vill<\/em><\/span><\/h2>\n<p><strong><em>VARA KYRKA<br \/>\n<\/em><\/strong>med Kristus i centrum<br \/>\ni en v\u00e4rldsvid gemenskap<br \/>\nfri fr\u00e5n partipolitik<br \/>\nbyggd p\u00e5 f\u00f6rtroende<\/p>\n<p><strong><em>V\u00c5RDA GEMENSKAPEN<br \/>\n<\/em><\/strong>i gudstj\u00e4nst och b\u00f6n<br \/>\n\u00f6ver generationsgr\u00e4nser<br \/>\ni \u00f6ppna \u00e4rliga samtal<br \/>\nmed gl\u00e4dje \u00f6ver v\u00e5ra olikheter<\/p>\n<p><strong><em>FR\u00c4MJA MUSIKEN<br \/>\n<\/em><\/strong>bland barn och unga<br \/>\ni en m\u00e5ngfald av k\u00f6rer<br \/>\nmed instrument och s\u00e5ng<br \/>\nprofessionellt och ideellt<\/p>\n<p><strong><em>TA ANSVAR f\u00f6r<br \/>\n<\/em><\/strong>v\u00e5ra kyrkor och v\u00e5rt kulturarv<br \/>\nv\u00e4gledning av barn och unga<br \/>\nen god arbetsmilj\u00f6<br \/>\ndemokrati och medinflytande<\/p>\n<p><strong><em>V\u00c4RNA MILJ\u00d6N genom<br \/>\n<\/em><\/strong>omsorg om m\u00e5ngfalden i skapelsen<br \/>\nklimatsmarta val<br \/>\nr\u00e4ttvis och ekologisk handel<br \/>\nl\u00e5ngsiktig o etisk kapitalf\u00f6rvaltning<\/p>\n<p><em><strong>VISA OMSORG om<br \/>\n<\/strong><\/em>utsatta och r\u00e5dl\u00f6sa<br \/>\nflyktingar, fr\u00e4mlingar och heml\u00f6sa<br \/>\nv\u00e5r n\u00e4rmilj\u00f6<br \/>\nallas lika v\u00e4rde<\/p>\n","protected":false},"excerpt":{"rendered":"<p>Foto: Inga-Lill Rubenson Vi vill VARA KYRKA med Kristus i centrum i en v\u00e4rldsvid gemenskap fri fr\u00e5n partipolitik byggd p\u00e5 f\u00f6rtroende V\u00c5RDA GEMENSKAPEN i gudstj\u00e4nst och b\u00f6n \u00f6ver generationsgr\u00e4nser i \u00f6ppna \u00e4rliga samtal med gl\u00e4dje \u00f6ver v\u00e5ra olikheter FR\u00c4MJA MUSIKEN bland barn och unga i en m\u00e5ngfald av k\u00f6rer med instrument och s\u00e5ng professionellt och [&hellip;]<\/p>\n","protected":false},"author":1,"featured_media":759,"parent":0,"menu_order":0,"comment_status":"closed","ping_status":"closed","template":"page-templates\/page-sidebar-left.php","meta":{"_acf_changed":false,"footnotes":""},"class_list":["post-20","page","type-page","status-publish","has-post-thumbnail","hentry"],"acf":[],"yoast_head":"<!-- This site is optimized with the Yoast SEO plugin v24.9 - https:\/\/yoast.com\/wordpress\/plugins\/seo\/ -->\n<title>H\u00f6\u00f6r - H\u00f6\u00f6r<\/title>\n<meta name=\"robots\" content=\"index, follow, max-snippet:-1, max-image-preview:large, max-video-preview:-1\" \/>\n<link rel=\"canonical\" href=\"https:\/\/www.posk.se\/hoor\/\" \/>\n<meta property=\"og:locale\" content=\"sv_SE\" \/>\n<meta property=\"og:type\" content=\"article\" \/>\n<meta property=\"og:title\" content=\"H\u00f6\u00f6r - H\u00f6\u00f6r\" \/>\n<meta property=\"og:description\" content=\"Foto: Inga-Lill Rubenson Vi vill VARA KYRKA med Kristus i centrum i en v\u00e4rldsvid gemenskap fri fr\u00e5n partipolitik byggd p\u00e5 f\u00f6rtroende V\u00c5RDA GEMENSKAPEN i gudstj\u00e4nst och b\u00f6n \u00f6ver generationsgr\u00e4nser i \u00f6ppna \u00e4rliga samtal med gl\u00e4dje \u00f6ver v\u00e5ra olikheter FR\u00c4MJA MUSIKEN bland barn och unga i en m\u00e5ngfald av k\u00f6rer med instrument och s\u00e5ng professionellt och [&hellip;]\" \/>\n<meta property=\"og:url\" content=\"https:\/\/www.posk.se\/hoor\/\" \/>\n<meta property=\"og:site_name\" content=\"H\u00f6\u00f6r\" \/>\n<meta property=\"article:modified_time\" content=\"2024-07-13T10:56:19+00:00\" \/>\n<meta property=\"og:image\" content=\"https:\/\/www.posk.se\/hoor\/wp-content\/uploads\/sites\/107\/2021\/08\/hemsida-alt-scaled.jpg\" \/>\n\t<meta property=\"og:image:width\" content=\"2560\" \/>\n\t<meta property=\"og:image:height\" content=\"1005\" \/>\n\t<meta property=\"og:image:type\" content=\"image\/jpeg\" \/>\n<meta name=\"twitter:card\" content=\"summary_large_image\" \/>\n<meta name=\"twitter:label1\" content=\"Ber\u00e4knad l\u00e4stid\" \/>\n\t<meta name=\"twitter:data1\" content=\"1 minut\" \/>\n<script type=\"application\/ld+json\" class=\"yoast-schema-graph\">{\"@context\":\"https:\/\/schema.org\",\"@graph\":[{\"@type\":\"WebPage\",\"@id\":\"https:\/\/www.posk.se\/hoor\/\",\"url\":\"https:\/\/www.posk.se\/hoor\/\",\"name\":\"H\u00f6\u00f6r - H\u00f6\u00f6r\",\"isPartOf\":{\"@id\":\"https:\/\/www.posk.se\/hoor\/#website\"},\"primaryImageOfPage\":{\"@id\":\"https:\/\/www.posk.se\/hoor\/#primaryimage\"},\"image\":{\"@id\":\"https:\/\/www.posk.se\/hoor\/#primaryimage\"},\"thumbnailUrl\":\"https:\/\/www.posk.se\/hoor\/wp-content\/uploads\/sites\/107\/2021\/08\/hemsida-alt-scaled.jpg\",\"datePublished\":\"2016-07-20T10:08:52+00:00\",\"dateModified\":\"2024-07-13T10:56:19+00:00\",\"breadcrumb\":{\"@id\":\"https:\/\/www.posk.se\/hoor\/#breadcrumb\"},\"inLanguage\":\"sv-SE\",\"potentialAction\":[{\"@type\":\"ReadAction\",\"target\":[\"https:\/\/www.posk.se\/hoor\/\"]}]},{\"@type\":\"ImageObject\",\"inLanguage\":\"sv-SE\",\"@id\":\"https:\/\/www.posk.se\/hoor\/#primaryimage\",\"url\":\"https:\/\/www.posk.se\/hoor\/wp-content\/uploads\/sites\/107\/2021\/08\/hemsida-alt-scaled.jpg\",\"contentUrl\":\"https:\/\/www.posk.se\/hoor\/wp-content\/uploads\/sites\/107\/2021\/08\/hemsida-alt-scaled.jpg\",\"width\":2560,\"height\":1005},{\"@type\":\"BreadcrumbList\",\"@id\":\"https:\/\/www.posk.se\/hoor\/#breadcrumb\",\"itemListElement\":[{\"@type\":\"ListItem\",\"position\":1,\"name\":\"Hem\",\"item\":\"https:\/\/www.posk.se\/hoor\/\"},{\"@type\":\"ListItem\",\"position\":2,\"name\":\"H\u00f6\u00f6r\"}]},{\"@type\":\"WebSite\",\"@id\":\"https:\/\/www.posk.se\/hoor\/#website\",\"url\":\"https:\/\/www.posk.se\/hoor\/\",\"name\":\"H\u00f6\u00f6r\",\"description\":\"POSK-grupp i Lunds stift\",\"potentialAction\":[{\"@type\":\"SearchAction\",\"target\":{\"@type\":\"EntryPoint\",\"urlTemplate\":\"https:\/\/www.posk.se\/hoor\/?s={search_term_string}\"},\"query-input\":{\"@type\":\"PropertyValueSpecification\",\"valueRequired\":true,\"valueName\":\"search_term_string\"}}],\"inLanguage\":\"sv-SE\"}]}<\/script>\n<!-- \/ Yoast SEO plugin. -->","yoast_head_json":{"title":"H\u00f6\u00f6r - H\u00f6\u00f6r","robots":{"index":"index","follow":"follow","max-snippet":"max-snippet:-1","max-image-preview":"max-image-preview:large","max-video-preview":"max-video-preview:-1"},"canonical":"https:\/\/www.posk.se\/hoor\/","og_locale":"sv_SE","og_type":"article","og_title":"H\u00f6\u00f6r - H\u00f6\u00f6r","og_description":"Foto: Inga-Lill Rubenson Vi vill VARA KYRKA med Kristus i centrum i en v\u00e4rldsvid gemenskap fri fr\u00e5n partipolitik byggd p\u00e5 f\u00f6rtroende V\u00c5RDA GEMENSKAPEN i gudstj\u00e4nst och b\u00f6n \u00f6ver generationsgr\u00e4nser i \u00f6ppna \u00e4rliga samtal med gl\u00e4dje \u00f6ver v\u00e5ra olikheter FR\u00c4MJA MUSIKEN bland barn och unga i en m\u00e5ngfald av k\u00f6rer med instrument och s\u00e5ng professionellt och [&hellip;]","og_url":"https:\/\/www.posk.se\/hoor\/","og_site_name":"H\u00f6\u00f6r","article_modified_time":"2024-07-13T10:56:19+00:00","og_image":[{"width":2560,"height":1005,"url":"https:\/\/www.posk.se\/hoor\/wp-content\/uploads\/sites\/107\/2021\/08\/hemsida-alt-scaled.jpg","type":"image\/jpeg"}],"twitter_card":"summary_large_image","twitter_misc":{"Ber\u00e4knad l\u00e4stid":"1 minut"},"schema":{"@context":"https:\/\/schema.org","@graph":[{"@type":"WebPage","@id":"https:\/\/www.posk.se\/hoor\/","url":"https:\/\/www.posk.se\/hoor\/","name":"H\u00f6\u00f6r - H\u00f6\u00f6r","isPartOf":{"@id":"https:\/\/www.posk.se\/hoor\/#website"},"primaryImageOfPage":{"@id":"https:\/\/www.posk.se\/hoor\/#primaryimage"},"image":{"@id":"https:\/\/www.posk.se\/hoor\/#primaryimage"},"thumbnailUrl":"https:\/\/www.posk.se\/hoor\/wp-content\/uploads\/sites\/107\/2021\/08\/hemsida-alt-scaled.jpg","datePublished":"2016-07-20T10:08:52+00:00","dateModified":"2024-07-13T10:56:19+00:00","breadcrumb":{"@id":"https:\/\/www.posk.se\/hoor\/#breadcrumb"},"inLanguage":"sv-SE","potentialAction":[{"@type":"ReadAction","target":["https:\/\/www.posk.se\/hoor\/"]}]},{"@type":"ImageObject","inLanguage":"sv-SE","@id":"https:\/\/www.posk.se\/hoor\/#primaryimage","url":"https:\/\/www.posk.se\/hoor\/wp-content\/uploads\/sites\/107\/2021\/08\/hemsida-alt-scaled.jpg","contentUrl":"https:\/\/www.posk.se\/hoor\/wp-content\/uploads\/sites\/107\/2021\/08\/hemsida-alt-scaled.jpg","width":2560,"height":1005},{"@type":"BreadcrumbList","@id":"https:\/\/www.posk.se\/hoor\/#breadcrumb","itemListElement":[{"@type":"ListItem","position":1,"name":"Hem","item":"https:\/\/www.posk.se\/hoor\/"},{"@type":"ListItem","position":2,"name":"H\u00f6\u00f6r"}]},{"@type":"WebSite","@id":"https:\/\/www.posk.se\/hoor\/#website","url":"https:\/\/www.posk.se\/hoor\/","name":"H\u00f6\u00f6r","description":"POSK-grupp i Lunds stift","potentialAction":[{"@type":"SearchAction","target":{"@type":"EntryPoint","urlTemplate":"https:\/\/www.posk.se\/hoor\/?s={search_term_string}"},"query-input":{"@type":"PropertyValueSpecification","valueRequired":true,"valueName":"search_term_string"}}],"inLanguage":"sv-SE"}]}},"_links":{"self":[{"href":"https:\/\/www.posk.se\/hoor\/wp-json\/wp\/v2\/pages\/20","targetHints":{"allow":["GET"]}}],"collection":[{"href":"https:\/\/www.posk.se\/hoor\/wp-json\/wp\/v2\/pages"}],"about":[{"href":"https:\/\/www.posk.se\/hoor\/wp-json\/wp\/v2\/types\/page"}],"author":[{"embeddable":true,"href":"https:\/\/www.posk.se\/hoor\/wp-json\/wp\/v2\/users\/1"}],"replies":[{"embeddable":true,"href":"https:\/\/www.posk.se\/hoor\/wp-json\/wp\/v2\/comments?post=20"}],"version-history":[{"count":172,"href":"https:\/\/www.posk.se\/hoor\/wp-json\/wp\/v2\/pages\/20\/revisions"}],"predecessor-version":[{"id":810,"href":"https:\/\/www.posk.se\/hoor\/wp-json\/wp\/v2\/pages\/20\/revisions\/810"}],"wp:featuredmedia":[{"embeddable":true,"href":"https:\/\/www.posk.se\/hoor\/wp-json\/wp\/v2\/media\/759"}],"wp:attachment":[{"href":"https:\/\/www.posk.se\/hoor\/wp-json\/wp\/v2\/media?parent=20"}],"curies":[{"name":"wp","href":"https:\/\/api.w.org\/{rel}","templated":true}]}}