{"id":719,"date":"2018-01-13T18:47:40","date_gmt":"2018-01-13T17:47:40","guid":{"rendered":"https:\/\/www.posk.se\/goteborgsstift\/?page_id=719"},"modified":"2018-01-13T18:47:40","modified_gmt":"2018-01-13T17:47:40","slug":"kyrkoval-2013","status":"publish","type":"page","link":"https:\/\/www.posk.se\/goteborgsstift\/kyrkoval-2013\/","title":{"rendered":"Kyrkoval 2013"},"content":{"rendered":"<p><strong>L\u00e4s v\u00e5rt valprogram f\u00f6r mandatperioden 2014 \u2013 2017 h\u00e4r:<br \/>\n<\/strong><a href=\"https:\/\/www.posk.se\/goteborgsstift\/wp-content\/uploads\/sites\/5\/2016\/06\/2013-_program_posk_gbg_stift.pdf\">2013-_program_posk_gbg_stift<\/a>. Vik i mitten p\u00e5 l\u00e4ngden.<\/p>\n<p>L\u00e4s resultat h\u00e4r: <a href=\"https:\/\/www.posk.se\/goteborgsstift\/wp-content\/uploads\/sites\/5\/2016\/06\/gbg-stifts-fortroendevalda-2017.pdf\">gbg-stifts-fortroendevalda-2017<\/a><\/p>\n<p>&nbsp;<\/p>\n","protected":false},"excerpt":{"rendered":"<p>L\u00e4s v\u00e5rt valprogram f\u00f6r mandatperioden 2014 \u2013 2017 h\u00e4r: 2013-_program_posk_gbg_stift. Vik i mitten p\u00e5 l\u00e4ngden. L\u00e4s resultat h\u00e4r: gbg-stifts-fortroendevalda-2017 &nbsp;<\/p>\n","protected":false},"author":97,"featured_media":0,"parent":0,"menu_order":4,"comment_status":"closed","ping_status":"closed","template":"page-templates\/page-sidebar-left.php","meta":{"_acf_changed":false,"footnotes":""},"class_list":["post-719","page","type-page","status-publish","hentry"],"acf":[],"yoast_head":"<!-- This site is optimized with the Yoast SEO plugin v24.9 - https:\/\/yoast.com\/wordpress\/plugins\/seo\/ -->\n<title>Kyrkoval 2013 - STIFTSF\u00d6RENING G\u00f6teborg<\/title>\n<meta name=\"robots\" content=\"index, follow, max-snippet:-1, max-image-preview:large, max-video-preview:-1\" \/>\n<link rel=\"canonical\" href=\"https:\/\/www.posk.se\/goteborgsstift\/kyrkoval-2013\/\" \/>\n<meta property=\"og:locale\" content=\"sv_SE\" \/>\n<meta property=\"og:type\" content=\"article\" \/>\n<meta property=\"og:title\" content=\"Kyrkoval 2013 - STIFTSF\u00d6RENING G\u00f6teborg\" \/>\n<meta property=\"og:description\" content=\"L\u00e4s v\u00e5rt valprogram f\u00f6r mandatperioden 2014 \u2013 2017 h\u00e4r: 2013-_program_posk_gbg_stift. Vik i mitten p\u00e5 l\u00e4ngden. L\u00e4s resultat h\u00e4r: gbg-stifts-fortroendevalda-2017 &nbsp;\" \/>\n<meta property=\"og:url\" content=\"https:\/\/www.posk.se\/goteborgsstift\/kyrkoval-2013\/\" \/>\n<meta property=\"og:site_name\" content=\"STIFTSF\u00d6RENING G\u00f6teborg\" \/>\n<meta name=\"twitter:card\" content=\"summary_large_image\" \/>\n<script type=\"application\/ld+json\" class=\"yoast-schema-graph\">{\"@context\":\"https:\/\/schema.org\",\"@graph\":[{\"@type\":\"WebPage\",\"@id\":\"https:\/\/www.posk.se\/goteborgsstift\/kyrkoval-2013\/\",\"url\":\"https:\/\/www.posk.se\/goteborgsstift\/kyrkoval-2013\/\",\"name\":\"Kyrkoval 2013 - STIFTSF\u00d6RENING G\u00f6teborg\",\"isPartOf\":{\"@id\":\"https:\/\/www.posk.se\/goteborgsstift\/#website\"},\"datePublished\":\"2018-01-13T17:47:40+00:00\",\"breadcrumb\":{\"@id\":\"https:\/\/www.posk.se\/goteborgsstift\/kyrkoval-2013\/#breadcrumb\"},\"inLanguage\":\"sv-SE\",\"potentialAction\":[{\"@type\":\"ReadAction\",\"target\":[\"https:\/\/www.posk.se\/goteborgsstift\/kyrkoval-2013\/\"]}]},{\"@type\":\"BreadcrumbList\",\"@id\":\"https:\/\/www.posk.se\/goteborgsstift\/kyrkoval-2013\/#breadcrumb\",\"itemListElement\":[{\"@type\":\"ListItem\",\"position\":1,\"name\":\"Hem\",\"item\":\"https:\/\/www.posk.se\/goteborgsstift\/\"},{\"@type\":\"ListItem\",\"position\":2,\"name\":\"Kyrkoval 2013\"}]},{\"@type\":\"WebSite\",\"@id\":\"https:\/\/www.posk.se\/goteborgsstift\/#website\",\"url\":\"https:\/\/www.posk.se\/goteborgsstift\/\",\"name\":\"STIFTSF\u00d6RENING G\u00f6teborg\",\"description\":\"Stiftsf\u00f6reningen f\u00f6r POSK i G\u00f6teborgs stift\",\"potentialAction\":[{\"@type\":\"SearchAction\",\"target\":{\"@type\":\"EntryPoint\",\"urlTemplate\":\"https:\/\/www.posk.se\/goteborgsstift\/?s={search_term_string}\"},\"query-input\":{\"@type\":\"PropertyValueSpecification\",\"valueRequired\":true,\"valueName\":\"search_term_string\"}}],\"inLanguage\":\"sv-SE\"}]}<\/script>\n<!-- \/ Yoast SEO plugin. -->","yoast_head_json":{"title":"Kyrkoval 2013 - STIFTSF\u00d6RENING G\u00f6teborg","robots":{"index":"index","follow":"follow","max-snippet":"max-snippet:-1","max-image-preview":"max-image-preview:large","max-video-preview":"max-video-preview:-1"},"canonical":"https:\/\/www.posk.se\/goteborgsstift\/kyrkoval-2013\/","og_locale":"sv_SE","og_type":"article","og_title":"Kyrkoval 2013 - STIFTSF\u00d6RENING G\u00f6teborg","og_description":"L\u00e4s v\u00e5rt valprogram f\u00f6r mandatperioden 2014 \u2013 2017 h\u00e4r: 2013-_program_posk_gbg_stift. Vik i mitten p\u00e5 l\u00e4ngden. L\u00e4s resultat h\u00e4r: gbg-stifts-fortroendevalda-2017 &nbsp;","og_url":"https:\/\/www.posk.se\/goteborgsstift\/kyrkoval-2013\/","og_site_name":"STIFTSF\u00d6RENING G\u00f6teborg","twitter_card":"summary_large_image","schema":{"@context":"https:\/\/schema.org","@graph":[{"@type":"WebPage","@id":"https:\/\/www.posk.se\/goteborgsstift\/kyrkoval-2013\/","url":"https:\/\/www.posk.se\/goteborgsstift\/kyrkoval-2013\/","name":"Kyrkoval 2013 - STIFTSF\u00d6RENING G\u00f6teborg","isPartOf":{"@id":"https:\/\/www.posk.se\/goteborgsstift\/#website"},"datePublished":"2018-01-13T17:47:40+00:00","breadcrumb":{"@id":"https:\/\/www.posk.se\/goteborgsstift\/kyrkoval-2013\/#breadcrumb"},"inLanguage":"sv-SE","potentialAction":[{"@type":"ReadAction","target":["https:\/\/www.posk.se\/goteborgsstift\/kyrkoval-2013\/"]}]},{"@type":"BreadcrumbList","@id":"https:\/\/www.posk.se\/goteborgsstift\/kyrkoval-2013\/#breadcrumb","itemListElement":[{"@type":"ListItem","position":1,"name":"Hem","item":"https:\/\/www.posk.se\/goteborgsstift\/"},{"@type":"ListItem","position":2,"name":"Kyrkoval 2013"}]},{"@type":"WebSite","@id":"https:\/\/www.posk.se\/goteborgsstift\/#website","url":"https:\/\/www.posk.se\/goteborgsstift\/","name":"STIFTSF\u00d6RENING G\u00f6teborg","description":"Stiftsf\u00f6reningen f\u00f6r POSK i G\u00f6teborgs stift","potentialAction":[{"@type":"SearchAction","target":{"@type":"EntryPoint","urlTemplate":"https:\/\/www.posk.se\/goteborgsstift\/?s={search_term_string}"},"query-input":{"@type":"PropertyValueSpecification","valueRequired":true,"valueName":"search_term_string"}}],"inLanguage":"sv-SE"}]}},"_links":{"self":[{"href":"https:\/\/www.posk.se\/goteborgsstift\/wp-json\/wp\/v2\/pages\/719","targetHints":{"allow":["GET"]}}],"collection":[{"href":"https:\/\/www.posk.se\/goteborgsstift\/wp-json\/wp\/v2\/pages"}],"about":[{"href":"https:\/\/www.posk.se\/goteborgsstift\/wp-json\/wp\/v2\/types\/page"}],"author":[{"embeddable":true,"href":"https:\/\/www.posk.se\/goteborgsstift\/wp-json\/wp\/v2\/users\/97"}],"replies":[{"embeddable":true,"href":"https:\/\/www.posk.se\/goteborgsstift\/wp-json\/wp\/v2\/comments?post=719"}],"version-history":[{"count":3,"href":"https:\/\/www.posk.se\/goteborgsstift\/wp-json\/wp\/v2\/pages\/719\/revisions"}],"predecessor-version":[{"id":722,"href":"https:\/\/www.posk.se\/goteborgsstift\/wp-json\/wp\/v2\/pages\/719\/revisions\/722"}],"wp:attachment":[{"href":"https:\/\/www.posk.se\/goteborgsstift\/wp-json\/wp\/v2\/media?parent=719"}],"curies":[{"name":"wp","href":"https:\/\/api.w.org\/{rel}","templated":true}]}}