{"id":295,"date":"2021-09-07T22:11:12","date_gmt":"2021-09-07T20:11:12","guid":{"rendered":"https:\/\/www.posk.se\/goteborgs-domkyrkopastorat\/?page_id=295"},"modified":"2021-09-07T22:12:19","modified_gmt":"2021-09-07T20:12:19","slug":"posk-aktuell-debatt","status":"publish","type":"page","link":"https:\/\/www.posk.se\/goteborgs-domkyrkopastorat\/posk-aktuell-debatt\/","title":{"rendered":"POSK &#8211; aktuell debatt"},"content":{"rendered":"<h4>Klicka <a href=\"https:\/\/www.posk.se\/blogg\/\">H\u00c4R<\/a> f\u00f6r att komma till POSK:s blogg med m\u00e5nga intressanta, aktuella inl\u00e4gg!<\/h4>\n","protected":false},"excerpt":{"rendered":"<p>Klicka H\u00c4R f\u00f6r att komma till POSK:s blogg med m\u00e5nga intressanta, aktuella inl\u00e4gg!<\/p>\n","protected":false},"author":662,"featured_media":0,"parent":0,"menu_order":0,"comment_status":"closed","ping_status":"closed","template":"page-templates\/page-sidebar-left.php","meta":{"_acf_changed":false,"footnotes":""},"class_list":["post-295","page","type-page","status-publish","hentry"],"acf":[],"yoast_head":"<!-- This site is optimized with the Yoast SEO plugin v24.9 - https:\/\/yoast.com\/wordpress\/plugins\/seo\/ -->\n<title>POSK - aktuell debatt - G\u00f6teborgs domkyrkopastorat<\/title>\n<meta name=\"robots\" content=\"index, follow, max-snippet:-1, max-image-preview:large, max-video-preview:-1\" \/>\n<link rel=\"canonical\" href=\"https:\/\/www.posk.se\/goteborgs-domkyrkopastorat\/posk-aktuell-debatt\/\" \/>\n<meta property=\"og:locale\" content=\"sv_SE\" \/>\n<meta property=\"og:type\" content=\"article\" \/>\n<meta property=\"og:title\" content=\"POSK - aktuell debatt - G\u00f6teborgs domkyrkopastorat\" \/>\n<meta property=\"og:description\" content=\"Klicka H\u00c4R f\u00f6r att komma till POSK:s blogg med m\u00e5nga intressanta, aktuella inl\u00e4gg!\" \/>\n<meta property=\"og:url\" content=\"https:\/\/www.posk.se\/goteborgs-domkyrkopastorat\/posk-aktuell-debatt\/\" \/>\n<meta property=\"og:site_name\" content=\"G\u00f6teborgs domkyrkopastorat\" \/>\n<meta property=\"article:modified_time\" content=\"2021-09-07T20:12:19+00:00\" \/>\n<meta name=\"twitter:card\" content=\"summary_large_image\" \/>\n<meta name=\"twitter:label1\" content=\"Ber\u00e4knad l\u00e4stid\" \/>\n\t<meta name=\"twitter:data1\" content=\"1 minut\" \/>\n<script type=\"application\/ld+json\" class=\"yoast-schema-graph\">{\"@context\":\"https:\/\/schema.org\",\"@graph\":[{\"@type\":\"WebPage\",\"@id\":\"https:\/\/www.posk.se\/goteborgs-domkyrkopastorat\/posk-aktuell-debatt\/\",\"url\":\"https:\/\/www.posk.se\/goteborgs-domkyrkopastorat\/posk-aktuell-debatt\/\",\"name\":\"POSK - aktuell debatt - G\u00f6teborgs domkyrkopastorat\",\"isPartOf\":{\"@id\":\"https:\/\/www.posk.se\/goteborgs-domkyrkopastorat\/#website\"},\"datePublished\":\"2021-09-07T20:11:12+00:00\",\"dateModified\":\"2021-09-07T20:12:19+00:00\",\"breadcrumb\":{\"@id\":\"https:\/\/www.posk.se\/goteborgs-domkyrkopastorat\/posk-aktuell-debatt\/#breadcrumb\"},\"inLanguage\":\"sv-SE\",\"potentialAction\":[{\"@type\":\"ReadAction\",\"target\":[\"https:\/\/www.posk.se\/goteborgs-domkyrkopastorat\/posk-aktuell-debatt\/\"]}]},{\"@type\":\"BreadcrumbList\",\"@id\":\"https:\/\/www.posk.se\/goteborgs-domkyrkopastorat\/posk-aktuell-debatt\/#breadcrumb\",\"itemListElement\":[{\"@type\":\"ListItem\",\"position\":1,\"name\":\"Hem\",\"item\":\"https:\/\/www.posk.se\/goteborgs-domkyrkopastorat\/\"},{\"@type\":\"ListItem\",\"position\":2,\"name\":\"POSK &#8211; aktuell debatt\"}]},{\"@type\":\"WebSite\",\"@id\":\"https:\/\/www.posk.se\/goteborgs-domkyrkopastorat\/#website\",\"url\":\"https:\/\/www.posk.se\/goteborgs-domkyrkopastorat\/\",\"name\":\"G\u00f6teborgs domkyrkopastorat\",\"description\":\"POSK-grupp i G\u00f6teborgs stift\",\"potentialAction\":[{\"@type\":\"SearchAction\",\"target\":{\"@type\":\"EntryPoint\",\"urlTemplate\":\"https:\/\/www.posk.se\/goteborgs-domkyrkopastorat\/?s={search_term_string}\"},\"query-input\":{\"@type\":\"PropertyValueSpecification\",\"valueRequired\":true,\"valueName\":\"search_term_string\"}}],\"inLanguage\":\"sv-SE\"}]}<\/script>\n<!-- \/ Yoast SEO plugin. -->","yoast_head_json":{"title":"POSK - aktuell debatt - G\u00f6teborgs domkyrkopastorat","robots":{"index":"index","follow":"follow","max-snippet":"max-snippet:-1","max-image-preview":"max-image-preview:large","max-video-preview":"max-video-preview:-1"},"canonical":"https:\/\/www.posk.se\/goteborgs-domkyrkopastorat\/posk-aktuell-debatt\/","og_locale":"sv_SE","og_type":"article","og_title":"POSK - aktuell debatt - G\u00f6teborgs domkyrkopastorat","og_description":"Klicka H\u00c4R f\u00f6r att komma till POSK:s blogg med m\u00e5nga intressanta, aktuella inl\u00e4gg!","og_url":"https:\/\/www.posk.se\/goteborgs-domkyrkopastorat\/posk-aktuell-debatt\/","og_site_name":"G\u00f6teborgs domkyrkopastorat","article_modified_time":"2021-09-07T20:12:19+00:00","twitter_card":"summary_large_image","twitter_misc":{"Ber\u00e4knad l\u00e4stid":"1 minut"},"schema":{"@context":"https:\/\/schema.org","@graph":[{"@type":"WebPage","@id":"https:\/\/www.posk.se\/goteborgs-domkyrkopastorat\/posk-aktuell-debatt\/","url":"https:\/\/www.posk.se\/goteborgs-domkyrkopastorat\/posk-aktuell-debatt\/","name":"POSK - aktuell debatt - G\u00f6teborgs domkyrkopastorat","isPartOf":{"@id":"https:\/\/www.posk.se\/goteborgs-domkyrkopastorat\/#website"},"datePublished":"2021-09-07T20:11:12+00:00","dateModified":"2021-09-07T20:12:19+00:00","breadcrumb":{"@id":"https:\/\/www.posk.se\/goteborgs-domkyrkopastorat\/posk-aktuell-debatt\/#breadcrumb"},"inLanguage":"sv-SE","potentialAction":[{"@type":"ReadAction","target":["https:\/\/www.posk.se\/goteborgs-domkyrkopastorat\/posk-aktuell-debatt\/"]}]},{"@type":"BreadcrumbList","@id":"https:\/\/www.posk.se\/goteborgs-domkyrkopastorat\/posk-aktuell-debatt\/#breadcrumb","itemListElement":[{"@type":"ListItem","position":1,"name":"Hem","item":"https:\/\/www.posk.se\/goteborgs-domkyrkopastorat\/"},{"@type":"ListItem","position":2,"name":"POSK &#8211; aktuell debatt"}]},{"@type":"WebSite","@id":"https:\/\/www.posk.se\/goteborgs-domkyrkopastorat\/#website","url":"https:\/\/www.posk.se\/goteborgs-domkyrkopastorat\/","name":"G\u00f6teborgs domkyrkopastorat","description":"POSK-grupp i G\u00f6teborgs stift","potentialAction":[{"@type":"SearchAction","target":{"@type":"EntryPoint","urlTemplate":"https:\/\/www.posk.se\/goteborgs-domkyrkopastorat\/?s={search_term_string}"},"query-input":{"@type":"PropertyValueSpecification","valueRequired":true,"valueName":"search_term_string"}}],"inLanguage":"sv-SE"}]}},"_links":{"self":[{"href":"https:\/\/www.posk.se\/goteborgs-domkyrkopastorat\/wp-json\/wp\/v2\/pages\/295","targetHints":{"allow":["GET"]}}],"collection":[{"href":"https:\/\/www.posk.se\/goteborgs-domkyrkopastorat\/wp-json\/wp\/v2\/pages"}],"about":[{"href":"https:\/\/www.posk.se\/goteborgs-domkyrkopastorat\/wp-json\/wp\/v2\/types\/page"}],"author":[{"embeddable":true,"href":"https:\/\/www.posk.se\/goteborgs-domkyrkopastorat\/wp-json\/wp\/v2\/users\/662"}],"replies":[{"embeddable":true,"href":"https:\/\/www.posk.se\/goteborgs-domkyrkopastorat\/wp-json\/wp\/v2\/comments?post=295"}],"version-history":[{"count":3,"href":"https:\/\/www.posk.se\/goteborgs-domkyrkopastorat\/wp-json\/wp\/v2\/pages\/295\/revisions"}],"predecessor-version":[{"id":298,"href":"https:\/\/www.posk.se\/goteborgs-domkyrkopastorat\/wp-json\/wp\/v2\/pages\/295\/revisions\/298"}],"wp:attachment":[{"href":"https:\/\/www.posk.se\/goteborgs-domkyrkopastorat\/wp-json\/wp\/v2\/media?parent=295"}],"curies":[{"name":"wp","href":"https:\/\/api.w.org\/{rel}","templated":true}]}}