{"id":378,"date":"2025-09-10T00:23:04","date_gmt":"2025-09-09T22:23:04","guid":{"rendered":"https:\/\/www.posk.se\/gavle\/?page_id=378"},"modified":"2025-09-10T00:23:04","modified_gmt":"2025-09-09T22:23:04","slug":"tema-2025-skogen","status":"publish","type":"page","link":"https:\/\/www.posk.se\/gavle\/teman\/tema-2025-skogen\/","title":{"rendered":"Tema 2025: Skogen"},"content":{"rendered":"<h3>Sju tankar om skogen<\/h3>\n<p><img loading=\"lazy\" decoding=\"async\" class=\"alignnone size-medium wp-image-370\" src=\"https:\/\/www.posk.se\/gavle\/wp-content\/uploads\/sites\/170\/2025\/09\/skogen2025-1-225x300.jpg\" alt=\"\" width=\"225\" height=\"300\" srcset=\"https:\/\/www.posk.se\/gavle\/wp-content\/uploads\/sites\/170\/2025\/09\/skogen2025-1-225x300.jpg 225w, https:\/\/www.posk.se\/gavle\/wp-content\/uploads\/sites\/170\/2025\/09\/skogen2025-1-330x440.jpg 330w, https:\/\/www.posk.se\/gavle\/wp-content\/uploads\/sites\/170\/2025\/09\/skogen2025-1-rotated.jpg 480w\" sizes=\"auto, (max-width: 225px) 100vw, 225px\" \/><\/p>\n<p>1.<\/p>\n<p>Det har blivit uppenbart f\u00f6r allt fler, att det r\u00e5der klimatn\u00f6dl\u00e4ge p\u00e5 jorden.<\/p>\n<p>Att inte t\u00e4nka om och g\u00f6ra stora f\u00f6r\u00e4ndringar \u00e4r inget m\u00f6jligt alternativ, om vi vill f\u00f6rs\u00f6ka r\u00e4dda planeten.<\/p>\n<p>Det h\u00e4r g\u00e4ller b\u00e5de f\u00f6r \u00f6verstatliga organisationer som FN och EU, f\u00f6r regeringar, f\u00f6r f\u00f6retag och f\u00f6r enskilda.<\/p>\n<p>Skogen \u00e4r en viktig del i den omst\u00e4llning som m\u00e5ste g\u00f6ras i Sverige.<\/p>\n<p>Skogen fungerar som kols\u00e4nka och kan minska f\u00f6ljderna av utsl\u00e4pp.<\/p>\n<p>&nbsp;<\/p>\n<p>Vi \u00e4r POSK, Partipolitiskt Obundna i Svenska kyrkan, i G\u00e4vle.<\/p>\n<p><img loading=\"lazy\" decoding=\"async\" class=\"alignnone size-medium wp-image-371\" src=\"https:\/\/www.posk.se\/gavle\/wp-content\/uploads\/sites\/170\/2025\/09\/skogen2025-2-300x225.jpg\" alt=\"\" width=\"300\" height=\"225\" srcset=\"https:\/\/www.posk.se\/gavle\/wp-content\/uploads\/sites\/170\/2025\/09\/skogen2025-2-300x225.jpg 300w, https:\/\/www.posk.se\/gavle\/wp-content\/uploads\/sites\/170\/2025\/09\/skogen2025-2-330x248.jpg 330w, https:\/\/www.posk.se\/gavle\/wp-content\/uploads\/sites\/170\/2025\/09\/skogen2025-2.jpg 640w\" sizes=\"auto, (max-width: 300px) 100vw, 300px\" \/><\/p>\n<p>2.<\/p>\n<p>Svenska kyrkan har mycket skog, men det varierar mycket mellan olika delar av landet.<\/p>\n<p>En hel del av denna skog f\u00f6rvaltas av de tretton stiften, men det \u00e4r Svenska kyrkan p\u00e5 nationell niv\u00e5 som har ansvaret.<\/p>\n<p>En utredning har presenterats med en kartl\u00e4ggning av stiftens skogsf\u00f6rvaltning.<\/p>\n<p>F\u00f6rslag till f\u00f6r\u00e4ndringar av skogsf\u00f6rvaltningen ska beslutas vid h\u00f6stens kyrkom\u00f6te.<\/p>\n<p>H\u00e4r po\u00e4ngteras Svenska kyrkans ansvar och m\u00f6jligheter att vara ett f\u00f6red\u00f6me f\u00f6r skogsf\u00f6rvaltningen i landet.<\/p>\n<p>&nbsp;<\/p>\n<p>Partipolitiskt Obundna i Svenska kyrkan (POSK) i G\u00e4vle har skickat in ett remissvar p\u00e5 utredningen.<\/p>\n<p>Vi \u00e4r mycket positiva till utredningens f\u00f6rslag och st\u00f6der dem.<\/p>\n<p><img loading=\"lazy\" decoding=\"async\" class=\"alignnone size-medium wp-image-372\" src=\"https:\/\/www.posk.se\/gavle\/wp-content\/uploads\/sites\/170\/2025\/09\/skogen2025-3-225x300.jpg\" alt=\"\" width=\"225\" height=\"300\" srcset=\"https:\/\/www.posk.se\/gavle\/wp-content\/uploads\/sites\/170\/2025\/09\/skogen2025-3-225x300.jpg 225w, https:\/\/www.posk.se\/gavle\/wp-content\/uploads\/sites\/170\/2025\/09\/skogen2025-3-330x440.jpg 330w, https:\/\/www.posk.se\/gavle\/wp-content\/uploads\/sites\/170\/2025\/09\/skogen2025-3-rotated.jpg 480w\" sizes=\"auto, (max-width: 225px) 100vw, 225px\" \/><\/p>\n<p>3.<\/p>\n<p>Som kyrka ser vi att skogen ocks\u00e5 har andliga v\u00e4rden.<\/p>\n<p>F\u00f6r m\u00e5nga m\u00e4nniskor i Sverige \u00e4r skogen en plats f\u00f6r rekreation (\u00e5terskapande) och \u00e5terh\u00e4mtning; reflexion och kanske b\u00f6n.<\/p>\n<p>Skogen \u00e4r viktig f\u00f6r s\u00e5 m\u00e5nga av oss.<\/p>\n<p>Det h\u00e4r har inte minst religionshistorikern David Thurfjell forskat och skrivit om.<\/p>\n<p>Svenska kyrkans skogar ska f\u00f6rvaltas utifr\u00e5n krav p\u00e5 andlig h\u00e5llbarhet liksom utifr\u00e5n ekologisk, social och ekonomisk s\u00e5dan.<\/p>\n<p>Fram till nu \u00e4r ekonomiska motiv viktigast \u00e4ven i stiftens f\u00f6rvaltning av skogen.<\/p>\n<p>&nbsp;<\/p>\n<p>POSK i G\u00e4vle menar att s\u00e5 h\u00e4r kan det inte forts\u00e4tta.<\/p>\n<p>Svenska kyrkan m\u00e5ste visa hopp, tro och handlingskraft i sin skogsf\u00f6rvaltning.<\/p>\n<p><img loading=\"lazy\" decoding=\"async\" class=\"alignnone size-medium wp-image-373\" src=\"https:\/\/www.posk.se\/gavle\/wp-content\/uploads\/sites\/170\/2025\/09\/skogen2025-4-300x200.jpg\" alt=\"\" width=\"300\" height=\"200\" srcset=\"https:\/\/www.posk.se\/gavle\/wp-content\/uploads\/sites\/170\/2025\/09\/skogen2025-4-300x200.jpg 300w, https:\/\/www.posk.se\/gavle\/wp-content\/uploads\/sites\/170\/2025\/09\/skogen2025-4-330x220.jpg 330w, https:\/\/www.posk.se\/gavle\/wp-content\/uploads\/sites\/170\/2025\/09\/skogen2025-4.jpg 640w\" sizes=\"auto, (max-width: 300px) 100vw, 300px\" \/><\/p>\n<p>4.<\/p>\n<p>Engagemanget f\u00f6r att ta ett tydligare ansvar f\u00f6r milj\u00f6n \u00e4r inte nytt i Svenska kyrkan.<\/p>\n<p>Biskopsbreven fr\u00e5n 2014 och 2019 uttrycker det tydligt.<\/p>\n<p>Svenska kyrkans dokument F\u00e4rdplan f\u00f6r klimatet som beslutades av kyrkom\u00f6tet 2019 ger tydliga och m\u00e4tbara m\u00e5l: Svenska kyrkan ska vara klimatneutralt 2030.<\/p>\n<p>Svenska kyrkans ungdomsorganisationer har i decennier varit en tydlig r\u00f6st f\u00f6r milj\u00f6engagemanget.<\/p>\n<p>Act Svenska kyrkan har tydligt milj\u00f6m\u00e5l f\u00f6r sitt globala arbete: Utveckling inom planetens gr\u00e4nser.<\/p>\n<p>Svenska kyrkan har deltagit i de globala klimatm\u00f6tena, fr\u00e5n Rio 1992 till Dubai 2023.<\/p>\n<p>&nbsp;<\/p>\n<p>Vi \u00e4r POSK, Partipolitiskt Obundna i Svenska kyrkan, i G\u00e4vle.<\/p>\n<p><img loading=\"lazy\" decoding=\"async\" class=\"alignnone size-medium wp-image-374\" src=\"https:\/\/www.posk.se\/gavle\/wp-content\/uploads\/sites\/170\/2025\/09\/skogen2025-5-225x300.jpg\" alt=\"\" width=\"225\" height=\"300\" srcset=\"https:\/\/www.posk.se\/gavle\/wp-content\/uploads\/sites\/170\/2025\/09\/skogen2025-5-225x300.jpg 225w, https:\/\/www.posk.se\/gavle\/wp-content\/uploads\/sites\/170\/2025\/09\/skogen2025-5-330x440.jpg 330w, https:\/\/www.posk.se\/gavle\/wp-content\/uploads\/sites\/170\/2025\/09\/skogen2025-5-rotated.jpg 480w\" sizes=\"auto, (max-width: 225px) 100vw, 225px\" \/><\/p>\n<p>5.<\/p>\n<p>Engagemanget f\u00f6r milj\u00f6n \u00e4r en del av kyrkornas arbete \u00f6ver jorden.<\/p>\n<p>Lutherska v\u00e4rldsf\u00f6rbundet, Kyrkornas v\u00e4rldsr\u00e5d liksom p\u00e5ve Fransiskus\u00b4 brev om milj\u00f6n g\u00e5r alla i samma riktning:<\/p>\n<p>Som enskilda kristna och som kyrkor har vi ett ansvar och en f\u00f6rm\u00e5ga att ta ett tydligt ansvar f\u00f6r den planet som Gud har gett oss uppdraget att f\u00f6rvalta med klokhet och med k\u00e4rlek.<\/p>\n<p>&nbsp;<\/p>\n<p>I m\u00e5nga f\u00f6rsamlingar finns lokala milj\u00f6grupper.<\/p>\n<p>Ett stort antal av dessa har l\u00e4mnat remissvar p\u00e5 skogsutredningen och st\u00f6tt f\u00f6rslagen.<\/p>\n<p>Ibland har man velat g\u00e5 l\u00e4ngre \u00e4n de f\u00f6rslag som utredningen presenterar.<\/p>\n<p>M\u00e5nga f\u00f6rsamlingar i Svenska kyrkan \u00e4r milj\u00f6certifierade, bl a G\u00e4vle f\u00f6rsamling.<\/p>\n<p>Inspiration f\u00f6r m\u00e5nga \u00e4r Franciskus fr\u00e5n Assisi, som levde p\u00e5 1200-talet.<\/p>\n<p>&nbsp;<\/p>\n<p>Vi \u00e4r POSK, Partipolitiskt Obundna i Svenska kyrkan, i G\u00e4vle.<\/p>\n<p><img loading=\"lazy\" decoding=\"async\" class=\"alignnone size-medium wp-image-375\" src=\"https:\/\/www.posk.se\/gavle\/wp-content\/uploads\/sites\/170\/2025\/09\/skogen2025-6-300x225.jpg\" alt=\"\" width=\"300\" height=\"225\" srcset=\"https:\/\/www.posk.se\/gavle\/wp-content\/uploads\/sites\/170\/2025\/09\/skogen2025-6-300x225.jpg 300w, https:\/\/www.posk.se\/gavle\/wp-content\/uploads\/sites\/170\/2025\/09\/skogen2025-6-330x248.jpg 330w, https:\/\/www.posk.se\/gavle\/wp-content\/uploads\/sites\/170\/2025\/09\/skogen2025-6.jpg 640w\" sizes=\"auto, (max-width: 300px) 100vw, 300px\" \/><\/p>\n<p>6.<\/p>\n<p>Skogen som Svenska kyrkans stift f\u00f6rvaltar m\u00e5ste f\u00e5 v\u00e4xa under en l\u00e4ngre tid.<\/p>\n<p>D\u00e5 hinner tr\u00e4d och mark ta upp kol och bidra till minskningen av utsl\u00e4pp.<\/p>\n<p>D\u00e5 \u00f6kar ocks\u00e5 kvalit\u00e9n p\u00e5 det timmer som avverkas.<\/p>\n<p>D\u00e5 \u00f6kar det sociala v\u00e4rdet f\u00f6r alla som vill vistas i skogen.<\/p>\n<p>Skogsavverkning med kalhyggen m\u00e5ste minska rej\u00e4lt och mer skogsmark skyddas.<\/p>\n<p>Kyrkans skogar ska inte bara vara produktionsytor f\u00f6r r\u00e5varor till skogsindustrin.<\/p>\n<p>&nbsp;<\/p>\n<p>Inkomsterna kommer v\u00e4l att minska p\u00e5 kort sikt.<\/p>\n<p>Det har vi r\u00e5d med.<\/p>\n<p>Det gick bra f\u00f6r snart 25 \u00e5r sen, n\u00e4r Svenska kyrkan beslutade att bara placera i fonder som f\u00f6ljer etiska och h\u00e5llbara krav och det varnades f\u00f6r s\u00e4mre ekonomi.<\/p>\n<p>Det handlar om trov\u00e4rdighet och n\u00f6dv\u00e4ndig omst\u00e4llning.<\/p>\n<p>&nbsp;<\/p>\n<p>Vi \u00e4r POSK, Partipolitiskt Obundna i Svenska kyrkan, i G\u00e4vle.<\/p>\n<p><img loading=\"lazy\" decoding=\"async\" class=\"alignnone size-medium wp-image-376\" src=\"https:\/\/www.posk.se\/gavle\/wp-content\/uploads\/sites\/170\/2025\/09\/skogen2025-7-300x225.jpg\" alt=\"\" width=\"300\" height=\"225\" srcset=\"https:\/\/www.posk.se\/gavle\/wp-content\/uploads\/sites\/170\/2025\/09\/skogen2025-7-300x225.jpg 300w, https:\/\/www.posk.se\/gavle\/wp-content\/uploads\/sites\/170\/2025\/09\/skogen2025-7-330x248.jpg 330w, https:\/\/www.posk.se\/gavle\/wp-content\/uploads\/sites\/170\/2025\/09\/skogen2025-7.jpg 640w\" sizes=\"auto, (max-width: 300px) 100vw, 300px\" \/><\/p>\n<p>7.<\/p>\n<p>Vi som kristna \u00e4r kallade att ta ansvar f\u00f6r skapelsen. Det inkluderar skogen.<\/p>\n<p>Svenska kyrkan kan g\u00e5 f\u00f6re och bli f\u00f6rebild f\u00f6r andra skogs\u00e4gare i landet.<\/p>\n<p>Stiften f\u00f6rvaltar skogen enligt de regler som nu finns i kyrkoordningen och i milj\u00f6lagstiftning i EU och nationellt och \u00e4r ofta milj\u00f6certifierade.<\/p>\n<p>Ibland g\u00f6r stiften dessutom mer \u00e4n vad som kr\u00e4vs och pr\u00f6var nya och b\u00e4ttre arbetss\u00e4tt.<\/p>\n<p>&nbsp;<\/p>\n<p>Men visst kan Svenska kyrkan \u00e4nnu b\u00e4ttre.<\/p>\n<p>Det menar vi i POSK i G\u00e4vle.<\/p>\n<p>Kyrkoordningen m\u00e5ste \u00e4ndras s\u00e5 att kraven h\u00f6js rej\u00e4lt.<\/p>\n<p>33% av Svenska kyrkans skog borde f\u00f6rvaltas med skonsamma och naturn\u00e4ra metoder.<\/p>\n<p>Minst 20% borde sparas f\u00f6r att skydda biologisk m\u00e5ngfald och f\u00f6r klimat\u00e5tg\u00e4rder som kolinlagring.<\/p>\n<p>Det handlar om att v\u00e4rna den jord som Gud \u00e4lskar.<\/p>\n<p>Det handlar om framtiden f\u00f6r barnen och de unga.<\/p>\n<p>Och om deras barnbarns framtid.<\/p>\n<p>&nbsp;<\/p>\n<p>Vi \u00e4r POSK, Partipolitiskt Obundna i Svenska kyrkan, i G\u00e4vle.<\/p>\n","protected":false},"excerpt":{"rendered":"<p>Sju tankar om skogen 1. Det har blivit uppenbart f\u00f6r allt fler, att det r\u00e5der klimatn\u00f6dl\u00e4ge p\u00e5 jorden. Att inte t\u00e4nka om och g\u00f6ra stora f\u00f6r\u00e4ndringar \u00e4r inget m\u00f6jligt alternativ, om vi vill f\u00f6rs\u00f6ka r\u00e4dda planeten. Det h\u00e4r g\u00e4ller b\u00e5de f\u00f6r \u00f6verstatliga organisationer som FN och EU, f\u00f6r regeringar, f\u00f6r f\u00f6retag och f\u00f6r enskilda. Skogen [&hellip;]<\/p>\n","protected":false},"author":1391,"featured_media":0,"parent":361,"menu_order":1,"comment_status":"closed","ping_status":"closed","template":"page-templates\/page-sidebar-left.php","meta":{"_acf_changed":false,"footnotes":""},"class_list":["post-378","page","type-page","status-publish","hentry"],"acf":[],"yoast_head":"<!-- This site is optimized with the Yoast SEO plugin v24.9 - https:\/\/yoast.com\/wordpress\/plugins\/seo\/ -->\n<title>Tema 2025: Skogen - G\u00e4vle<\/title>\n<meta name=\"robots\" content=\"index, follow, max-snippet:-1, max-image-preview:large, max-video-preview:-1\" \/>\n<link rel=\"canonical\" href=\"https:\/\/www.posk.se\/gavle\/teman\/tema-2025-skogen\/\" \/>\n<meta property=\"og:locale\" content=\"sv_SE\" \/>\n<meta property=\"og:type\" content=\"article\" \/>\n<meta property=\"og:title\" content=\"Tema 2025: Skogen - G\u00e4vle\" \/>\n<meta property=\"og:description\" content=\"Sju tankar om skogen 1. Det har blivit uppenbart f\u00f6r allt fler, att det r\u00e5der klimatn\u00f6dl\u00e4ge p\u00e5 jorden. Att inte t\u00e4nka om och g\u00f6ra stora f\u00f6r\u00e4ndringar \u00e4r inget m\u00f6jligt alternativ, om vi vill f\u00f6rs\u00f6ka r\u00e4dda planeten. Det h\u00e4r g\u00e4ller b\u00e5de f\u00f6r \u00f6verstatliga organisationer som FN och EU, f\u00f6r regeringar, f\u00f6r f\u00f6retag och f\u00f6r enskilda. Skogen [&hellip;]\" \/>\n<meta property=\"og:url\" content=\"https:\/\/www.posk.se\/gavle\/teman\/tema-2025-skogen\/\" \/>\n<meta property=\"og:site_name\" content=\"G\u00e4vle\" \/>\n<meta property=\"og:image\" content=\"https:\/\/www.posk.se\/gavle\/wp-content\/uploads\/sites\/170\/2025\/09\/skogen2025-1-rotated.jpg\" \/>\n\t<meta property=\"og:image:width\" content=\"480\" \/>\n\t<meta property=\"og:image:height\" content=\"640\" \/>\n\t<meta property=\"og:image:type\" content=\"image\/jpeg\" \/>\n<meta name=\"twitter:card\" content=\"summary_large_image\" \/>\n<meta name=\"twitter:label1\" content=\"Ber\u00e4knad l\u00e4stid\" \/>\n\t<meta name=\"twitter:data1\" content=\"6 minuter\" \/>\n<script type=\"application\/ld+json\" class=\"yoast-schema-graph\">{\"@context\":\"https:\/\/schema.org\",\"@graph\":[{\"@type\":\"WebPage\",\"@id\":\"https:\/\/www.posk.se\/gavle\/teman\/tema-2025-skogen\/\",\"url\":\"https:\/\/www.posk.se\/gavle\/teman\/tema-2025-skogen\/\",\"name\":\"Tema 2025: Skogen - G\u00e4vle\",\"isPartOf\":{\"@id\":\"https:\/\/www.posk.se\/gavle\/#website\"},\"primaryImageOfPage\":{\"@id\":\"https:\/\/www.posk.se\/gavle\/teman\/tema-2025-skogen\/#primaryimage\"},\"image\":{\"@id\":\"https:\/\/www.posk.se\/gavle\/teman\/tema-2025-skogen\/#primaryimage\"},\"thumbnailUrl\":\"https:\/\/www.posk.se\/gavle\/wp-content\/uploads\/sites\/170\/2025\/09\/skogen2025-1-225x300.jpg\",\"datePublished\":\"2025-09-09T22:23:04+00:00\",\"breadcrumb\":{\"@id\":\"https:\/\/www.posk.se\/gavle\/teman\/tema-2025-skogen\/#breadcrumb\"},\"inLanguage\":\"sv-SE\",\"potentialAction\":[{\"@type\":\"ReadAction\",\"target\":[\"https:\/\/www.posk.se\/gavle\/teman\/tema-2025-skogen\/\"]}]},{\"@type\":\"ImageObject\",\"inLanguage\":\"sv-SE\",\"@id\":\"https:\/\/www.posk.se\/gavle\/teman\/tema-2025-skogen\/#primaryimage\",\"url\":\"https:\/\/www.posk.se\/gavle\/wp-content\/uploads\/sites\/170\/2025\/09\/skogen2025-1-rotated.jpg\",\"contentUrl\":\"https:\/\/www.posk.se\/gavle\/wp-content\/uploads\/sites\/170\/2025\/09\/skogen2025-1-rotated.jpg\",\"width\":480,\"height\":640},{\"@type\":\"BreadcrumbList\",\"@id\":\"https:\/\/www.posk.se\/gavle\/teman\/tema-2025-skogen\/#breadcrumb\",\"itemListElement\":[{\"@type\":\"ListItem\",\"position\":1,\"name\":\"Hem\",\"item\":\"https:\/\/www.posk.se\/gavle\/\"},{\"@type\":\"ListItem\",\"position\":2,\"name\":\"Teman\",\"item\":\"https:\/\/www.posk.se\/gavle\/teman\/\"},{\"@type\":\"ListItem\",\"position\":3,\"name\":\"Tema 2025: Skogen\"}]},{\"@type\":\"WebSite\",\"@id\":\"https:\/\/www.posk.se\/gavle\/#website\",\"url\":\"https:\/\/www.posk.se\/gavle\/\",\"name\":\"G\u00e4vle\",\"description\":\"POSK-grupp i Uppsala stift\",\"potentialAction\":[{\"@type\":\"SearchAction\",\"target\":{\"@type\":\"EntryPoint\",\"urlTemplate\":\"https:\/\/www.posk.se\/gavle\/?s={search_term_string}\"},\"query-input\":{\"@type\":\"PropertyValueSpecification\",\"valueRequired\":true,\"valueName\":\"search_term_string\"}}],\"inLanguage\":\"sv-SE\"}]}<\/script>\n<!-- \/ Yoast SEO plugin. -->","yoast_head_json":{"title":"Tema 2025: Skogen - G\u00e4vle","robots":{"index":"index","follow":"follow","max-snippet":"max-snippet:-1","max-image-preview":"max-image-preview:large","max-video-preview":"max-video-preview:-1"},"canonical":"https:\/\/www.posk.se\/gavle\/teman\/tema-2025-skogen\/","og_locale":"sv_SE","og_type":"article","og_title":"Tema 2025: Skogen - G\u00e4vle","og_description":"Sju tankar om skogen 1. Det har blivit uppenbart f\u00f6r allt fler, att det r\u00e5der klimatn\u00f6dl\u00e4ge p\u00e5 jorden. Att inte t\u00e4nka om och g\u00f6ra stora f\u00f6r\u00e4ndringar \u00e4r inget m\u00f6jligt alternativ, om vi vill f\u00f6rs\u00f6ka r\u00e4dda planeten. Det h\u00e4r g\u00e4ller b\u00e5de f\u00f6r \u00f6verstatliga organisationer som FN och EU, f\u00f6r regeringar, f\u00f6r f\u00f6retag och f\u00f6r enskilda. Skogen [&hellip;]","og_url":"https:\/\/www.posk.se\/gavle\/teman\/tema-2025-skogen\/","og_site_name":"G\u00e4vle","og_image":[{"width":480,"height":640,"url":"https:\/\/www.posk.se\/gavle\/wp-content\/uploads\/sites\/170\/2025\/09\/skogen2025-1-rotated.jpg","type":"image\/jpeg"}],"twitter_card":"summary_large_image","twitter_misc":{"Ber\u00e4knad l\u00e4stid":"6 minuter"},"schema":{"@context":"https:\/\/schema.org","@graph":[{"@type":"WebPage","@id":"https:\/\/www.posk.se\/gavle\/teman\/tema-2025-skogen\/","url":"https:\/\/www.posk.se\/gavle\/teman\/tema-2025-skogen\/","name":"Tema 2025: Skogen - G\u00e4vle","isPartOf":{"@id":"https:\/\/www.posk.se\/gavle\/#website"},"primaryImageOfPage":{"@id":"https:\/\/www.posk.se\/gavle\/teman\/tema-2025-skogen\/#primaryimage"},"image":{"@id":"https:\/\/www.posk.se\/gavle\/teman\/tema-2025-skogen\/#primaryimage"},"thumbnailUrl":"https:\/\/www.posk.se\/gavle\/wp-content\/uploads\/sites\/170\/2025\/09\/skogen2025-1-225x300.jpg","datePublished":"2025-09-09T22:23:04+00:00","breadcrumb":{"@id":"https:\/\/www.posk.se\/gavle\/teman\/tema-2025-skogen\/#breadcrumb"},"inLanguage":"sv-SE","potentialAction":[{"@type":"ReadAction","target":["https:\/\/www.posk.se\/gavle\/teman\/tema-2025-skogen\/"]}]},{"@type":"ImageObject","inLanguage":"sv-SE","@id":"https:\/\/www.posk.se\/gavle\/teman\/tema-2025-skogen\/#primaryimage","url":"https:\/\/www.posk.se\/gavle\/wp-content\/uploads\/sites\/170\/2025\/09\/skogen2025-1-rotated.jpg","contentUrl":"https:\/\/www.posk.se\/gavle\/wp-content\/uploads\/sites\/170\/2025\/09\/skogen2025-1-rotated.jpg","width":480,"height":640},{"@type":"BreadcrumbList","@id":"https:\/\/www.posk.se\/gavle\/teman\/tema-2025-skogen\/#breadcrumb","itemListElement":[{"@type":"ListItem","position":1,"name":"Hem","item":"https:\/\/www.posk.se\/gavle\/"},{"@type":"ListItem","position":2,"name":"Teman","item":"https:\/\/www.posk.se\/gavle\/teman\/"},{"@type":"ListItem","position":3,"name":"Tema 2025: Skogen"}]},{"@type":"WebSite","@id":"https:\/\/www.posk.se\/gavle\/#website","url":"https:\/\/www.posk.se\/gavle\/","name":"G\u00e4vle","description":"POSK-grupp i Uppsala stift","potentialAction":[{"@type":"SearchAction","target":{"@type":"EntryPoint","urlTemplate":"https:\/\/www.posk.se\/gavle\/?s={search_term_string}"},"query-input":{"@type":"PropertyValueSpecification","valueRequired":true,"valueName":"search_term_string"}}],"inLanguage":"sv-SE"}]}},"_links":{"self":[{"href":"https:\/\/www.posk.se\/gavle\/wp-json\/wp\/v2\/pages\/378","targetHints":{"allow":["GET"]}}],"collection":[{"href":"https:\/\/www.posk.se\/gavle\/wp-json\/wp\/v2\/pages"}],"about":[{"href":"https:\/\/www.posk.se\/gavle\/wp-json\/wp\/v2\/types\/page"}],"author":[{"embeddable":true,"href":"https:\/\/www.posk.se\/gavle\/wp-json\/wp\/v2\/users\/1391"}],"replies":[{"embeddable":true,"href":"https:\/\/www.posk.se\/gavle\/wp-json\/wp\/v2\/comments?post=378"}],"version-history":[{"count":3,"href":"https:\/\/www.posk.se\/gavle\/wp-json\/wp\/v2\/pages\/378\/revisions"}],"predecessor-version":[{"id":381,"href":"https:\/\/www.posk.se\/gavle\/wp-json\/wp\/v2\/pages\/378\/revisions\/381"}],"up":[{"embeddable":true,"href":"https:\/\/www.posk.se\/gavle\/wp-json\/wp\/v2\/pages\/361"}],"wp:attachment":[{"href":"https:\/\/www.posk.se\/gavle\/wp-json\/wp\/v2\/media?parent=378"}],"curies":[{"name":"wp","href":"https:\/\/api.w.org\/{rel}","templated":true}]}}