{"id":162,"date":"2021-09-01T13:31:51","date_gmt":"2021-09-01T11:31:51","guid":{"rendered":"https:\/\/www.posk.se\/gavle\/?page_id=162"},"modified":"2025-09-20T09:43:30","modified_gmt":"2025-09-20T07:43:30","slug":"lankar","status":"publish","type":"page","link":"https:\/\/www.posk.se\/gavle\/debatt-och-insandare-2\/lankar\/","title":{"rendered":"L\u00e4nkar &#8211; Ins\u00e4ndare &amp; Debatter"},"content":{"rendered":"<h2>2025<\/h2>\n<p><a href=\"https:\/\/www.kyrkanstidning.se\/debatt\/vi-vill-ha-en-modig-och-klimatklok-kyrka\"><strong>Debatt: Vi vill ha en modig och klimatklok kyrka! Kyrkans Tidning<\/strong><\/a><\/p>\n<p><a href=\"https:\/\/etidning.gd.se\/p\/gefle-dagblad\/2025-09-03\/a\/vi-vill-ha-en-modig-och-klimatklok-kyrka\/311\/1988779\/65528213\"><strong>Debatt: Vi vill ha en modig och klimatklok kyrka! GD<\/strong><\/a><\/p>\n<p>&nbsp;<\/p>\n<p class=\"article__title txt-headline txt-headline-4 txt-headline-6--large\"><a href=\"https:\/\/www.arbetarbladet.se\/2025-09-19\/kyrkans-bor-ta-mer-hansyn-i-sitt-skogsbruk\/?shareSource=sharebutton\"><strong><span class=\"prose-title txt-light txt-light-4 txt-light-6--large txt-headline--regular\">Debatt: Kyrkans b\u00f6r ta mer h\u00e4nsyn i sitt skogsbruk<\/span><\/strong><\/a><\/p>\n<p>&nbsp;<\/p>\n<p><a href=\"https:\/\/www.kyrkanstidning.se\/debatt\/vi-ar-stolta-over-svenska-kyrkan\"><strong>Vi \u00e4r stolta \u00f6ver Svenska kyrkan!<\/strong><\/a><\/p>\n<p>&nbsp;<\/p>\n<p><a href=\"https:\/\/www.svd.se\/a\/25rgXv\/kyrkovalet-handlar-om-granser-skriver-mats-rimborg-posk\"><strong>Debatt: Kyrkovalet handlar om gr\u00e4nser<\/strong><\/a><\/p>\n<p>&nbsp;<\/p>\n<p><a href=\"https:\/\/www.gd.se\/artikel\/elmer-sveriges-yngsta-kandidat-i-kyrkovalet-vill-gora-skillnad\/\"><strong>Elmer \u2013 Sveriges yngsta kandidat i kyrkovalet: \u201dVill g\u00f6ra skillnad\u201d<\/strong><\/a><\/p>\n<p>&nbsp;<\/p>\n<p class=\"article__title txt-headline txt-headline-4 txt-headline-6--large\"><a href=\"https:\/\/www.arbetarbladet.se\/2025-09-07\/kyrkovalet-narmar-sig\/?shareSource=sharebutton\"><strong><span class=\"prose-title txt-light txt-light-4 txt-light-6--large txt-headline--regular\">Kyrkovalet n\u00e4rmar sig<\/span><\/strong><\/a><\/p>\n<h2>2021<\/h2>\n<p><a href=\"https:\/\/www.arbetarbladet.se\/artikel\/debatt-hog-tid-att-kyrkan-blir-fri-fran-partipolitiken\"><strong>Debatt: H\u00f6g tid att kyrkan blir fri fr\u00e5n partipolitiken<\/strong><\/a><\/p>\n<p>&nbsp;<\/p>\n<p><a href=\"https:\/\/www.altinget.se\/civilsamhalle\/artikel\/partierna-skadar-svenska-kyrkan\"><strong>Partierna skadar Svenska kyrkan<\/strong><\/a><\/p>\n<p>&nbsp;<\/p>\n<p><a href=\"https:\/\/www.gd.se\/artikel\/debatt-vi-ar-kristna-och-socialdemokrater?referrer=app\"><strong>Debatt: Vi \u00e4r kristna och socialdemokrater!<\/strong><\/a><\/p>\n<p>Svar: <a href=\"https:\/\/www.gd.se\/artikel\/debatt-debattartikeln-haller-sig-pa-en-saklig-niva?referrer=app\"><strong>Debatt: Debattartikeln h\u00e5ller sig p\u00e5 en saklig niv\u00e5<\/strong><\/a><\/p>\n<p>&nbsp;<\/p>\n","protected":false},"excerpt":{"rendered":"<p>2025 Debatt: Vi vill ha en modig och klimatklok kyrka! Kyrkans Tidning Debatt: Vi vill ha en modig och klimatklok kyrka! GD &nbsp; Debatt: Kyrkans b\u00f6r ta mer h\u00e4nsyn i sitt skogsbruk &nbsp; Vi \u00e4r stolta \u00f6ver Svenska kyrkan! &nbsp; Debatt: Kyrkovalet handlar om gr\u00e4nser &nbsp; Elmer \u2013 Sveriges yngsta kandidat i kyrkovalet: \u201dVill g\u00f6ra [&hellip;]<\/p>\n","protected":false},"author":1391,"featured_media":0,"parent":58,"menu_order":0,"comment_status":"closed","ping_status":"closed","template":"page-templates\/page-sidebar-left.php","meta":{"_acf_changed":false,"footnotes":""},"class_list":["post-162","page","type-page","status-publish","hentry"],"acf":[],"yoast_head":"<!-- This site is optimized with the Yoast SEO plugin v24.9 - https:\/\/yoast.com\/wordpress\/plugins\/seo\/ -->\n<title>L\u00e4nkar - Ins\u00e4ndare &amp; Debatter - G\u00e4vle<\/title>\n<meta name=\"robots\" content=\"index, follow, max-snippet:-1, max-image-preview:large, max-video-preview:-1\" \/>\n<link rel=\"canonical\" href=\"https:\/\/www.posk.se\/gavle\/debatt-och-insandare-2\/lankar\/\" \/>\n<meta property=\"og:locale\" content=\"sv_SE\" \/>\n<meta property=\"og:type\" content=\"article\" \/>\n<meta property=\"og:title\" content=\"L\u00e4nkar - Ins\u00e4ndare &amp; Debatter - G\u00e4vle\" \/>\n<meta property=\"og:description\" content=\"2025 Debatt: Vi vill ha en modig och klimatklok kyrka! Kyrkans Tidning Debatt: Vi vill ha en modig och klimatklok kyrka! GD &nbsp; Debatt: Kyrkans b\u00f6r ta mer h\u00e4nsyn i sitt skogsbruk &nbsp; Vi \u00e4r stolta \u00f6ver Svenska kyrkan! &nbsp; Debatt: Kyrkovalet handlar om gr\u00e4nser &nbsp; Elmer \u2013 Sveriges yngsta kandidat i kyrkovalet: \u201dVill g\u00f6ra [&hellip;]\" \/>\n<meta property=\"og:url\" content=\"https:\/\/www.posk.se\/gavle\/debatt-och-insandare-2\/lankar\/\" \/>\n<meta property=\"og:site_name\" content=\"G\u00e4vle\" \/>\n<meta property=\"article:modified_time\" content=\"2025-09-20T07:43:30+00:00\" \/>\n<meta name=\"twitter:card\" content=\"summary_large_image\" \/>\n<meta name=\"twitter:label1\" content=\"Ber\u00e4knad l\u00e4stid\" \/>\n\t<meta name=\"twitter:data1\" content=\"1 minut\" \/>\n<script type=\"application\/ld+json\" class=\"yoast-schema-graph\">{\"@context\":\"https:\/\/schema.org\",\"@graph\":[{\"@type\":\"WebPage\",\"@id\":\"https:\/\/www.posk.se\/gavle\/debatt-och-insandare-2\/lankar\/\",\"url\":\"https:\/\/www.posk.se\/gavle\/debatt-och-insandare-2\/lankar\/\",\"name\":\"L\u00e4nkar - Ins\u00e4ndare &amp; Debatter - G\u00e4vle\",\"isPartOf\":{\"@id\":\"https:\/\/www.posk.se\/gavle\/#website\"},\"datePublished\":\"2021-09-01T11:31:51+00:00\",\"dateModified\":\"2025-09-20T07:43:30+00:00\",\"breadcrumb\":{\"@id\":\"https:\/\/www.posk.se\/gavle\/debatt-och-insandare-2\/lankar\/#breadcrumb\"},\"inLanguage\":\"sv-SE\",\"potentialAction\":[{\"@type\":\"ReadAction\",\"target\":[\"https:\/\/www.posk.se\/gavle\/debatt-och-insandare-2\/lankar\/\"]}]},{\"@type\":\"BreadcrumbList\",\"@id\":\"https:\/\/www.posk.se\/gavle\/debatt-och-insandare-2\/lankar\/#breadcrumb\",\"itemListElement\":[{\"@type\":\"ListItem\",\"position\":1,\"name\":\"Hem\",\"item\":\"https:\/\/www.posk.se\/gavle\/\"},{\"@type\":\"ListItem\",\"position\":2,\"name\":\"Debatt och ins\u00e4ndare\",\"item\":\"https:\/\/www.posk.se\/gavle\/debatt-och-insandare-2\/\"},{\"@type\":\"ListItem\",\"position\":3,\"name\":\"L\u00e4nkar &#8211; Ins\u00e4ndare &amp; Debatter\"}]},{\"@type\":\"WebSite\",\"@id\":\"https:\/\/www.posk.se\/gavle\/#website\",\"url\":\"https:\/\/www.posk.se\/gavle\/\",\"name\":\"G\u00e4vle\",\"description\":\"POSK-grupp i Uppsala stift\",\"potentialAction\":[{\"@type\":\"SearchAction\",\"target\":{\"@type\":\"EntryPoint\",\"urlTemplate\":\"https:\/\/www.posk.se\/gavle\/?s={search_term_string}\"},\"query-input\":{\"@type\":\"PropertyValueSpecification\",\"valueRequired\":true,\"valueName\":\"search_term_string\"}}],\"inLanguage\":\"sv-SE\"}]}<\/script>\n<!-- \/ Yoast SEO plugin. -->","yoast_head_json":{"title":"L\u00e4nkar - Ins\u00e4ndare &amp; Debatter - G\u00e4vle","robots":{"index":"index","follow":"follow","max-snippet":"max-snippet:-1","max-image-preview":"max-image-preview:large","max-video-preview":"max-video-preview:-1"},"canonical":"https:\/\/www.posk.se\/gavle\/debatt-och-insandare-2\/lankar\/","og_locale":"sv_SE","og_type":"article","og_title":"L\u00e4nkar - Ins\u00e4ndare &amp; Debatter - G\u00e4vle","og_description":"2025 Debatt: Vi vill ha en modig och klimatklok kyrka! Kyrkans Tidning Debatt: Vi vill ha en modig och klimatklok kyrka! GD &nbsp; Debatt: Kyrkans b\u00f6r ta mer h\u00e4nsyn i sitt skogsbruk &nbsp; Vi \u00e4r stolta \u00f6ver Svenska kyrkan! &nbsp; Debatt: Kyrkovalet handlar om gr\u00e4nser &nbsp; Elmer \u2013 Sveriges yngsta kandidat i kyrkovalet: \u201dVill g\u00f6ra [&hellip;]","og_url":"https:\/\/www.posk.se\/gavle\/debatt-och-insandare-2\/lankar\/","og_site_name":"G\u00e4vle","article_modified_time":"2025-09-20T07:43:30+00:00","twitter_card":"summary_large_image","twitter_misc":{"Ber\u00e4knad l\u00e4stid":"1 minut"},"schema":{"@context":"https:\/\/schema.org","@graph":[{"@type":"WebPage","@id":"https:\/\/www.posk.se\/gavle\/debatt-och-insandare-2\/lankar\/","url":"https:\/\/www.posk.se\/gavle\/debatt-och-insandare-2\/lankar\/","name":"L\u00e4nkar - Ins\u00e4ndare &amp; Debatter - G\u00e4vle","isPartOf":{"@id":"https:\/\/www.posk.se\/gavle\/#website"},"datePublished":"2021-09-01T11:31:51+00:00","dateModified":"2025-09-20T07:43:30+00:00","breadcrumb":{"@id":"https:\/\/www.posk.se\/gavle\/debatt-och-insandare-2\/lankar\/#breadcrumb"},"inLanguage":"sv-SE","potentialAction":[{"@type":"ReadAction","target":["https:\/\/www.posk.se\/gavle\/debatt-och-insandare-2\/lankar\/"]}]},{"@type":"BreadcrumbList","@id":"https:\/\/www.posk.se\/gavle\/debatt-och-insandare-2\/lankar\/#breadcrumb","itemListElement":[{"@type":"ListItem","position":1,"name":"Hem","item":"https:\/\/www.posk.se\/gavle\/"},{"@type":"ListItem","position":2,"name":"Debatt och ins\u00e4ndare","item":"https:\/\/www.posk.se\/gavle\/debatt-och-insandare-2\/"},{"@type":"ListItem","position":3,"name":"L\u00e4nkar &#8211; Ins\u00e4ndare &amp; Debatter"}]},{"@type":"WebSite","@id":"https:\/\/www.posk.se\/gavle\/#website","url":"https:\/\/www.posk.se\/gavle\/","name":"G\u00e4vle","description":"POSK-grupp i Uppsala stift","potentialAction":[{"@type":"SearchAction","target":{"@type":"EntryPoint","urlTemplate":"https:\/\/www.posk.se\/gavle\/?s={search_term_string}"},"query-input":{"@type":"PropertyValueSpecification","valueRequired":true,"valueName":"search_term_string"}}],"inLanguage":"sv-SE"}]}},"_links":{"self":[{"href":"https:\/\/www.posk.se\/gavle\/wp-json\/wp\/v2\/pages\/162","targetHints":{"allow":["GET"]}}],"collection":[{"href":"https:\/\/www.posk.se\/gavle\/wp-json\/wp\/v2\/pages"}],"about":[{"href":"https:\/\/www.posk.se\/gavle\/wp-json\/wp\/v2\/types\/page"}],"author":[{"embeddable":true,"href":"https:\/\/www.posk.se\/gavle\/wp-json\/wp\/v2\/users\/1391"}],"replies":[{"embeddable":true,"href":"https:\/\/www.posk.se\/gavle\/wp-json\/wp\/v2\/comments?post=162"}],"version-history":[{"count":12,"href":"https:\/\/www.posk.se\/gavle\/wp-json\/wp\/v2\/pages\/162\/revisions"}],"predecessor-version":[{"id":415,"href":"https:\/\/www.posk.se\/gavle\/wp-json\/wp\/v2\/pages\/162\/revisions\/415"}],"up":[{"embeddable":true,"href":"https:\/\/www.posk.se\/gavle\/wp-json\/wp\/v2\/pages\/58"}],"wp:attachment":[{"href":"https:\/\/www.posk.se\/gavle\/wp-json\/wp\/v2\/media?parent=162"}],"curies":[{"name":"wp","href":"https:\/\/api.w.org\/{rel}","templated":true}]}}

Länkar &#8211; Insändare &amp; Debatter

<h2>2025</h2>
<p><a href="https://www.kyrkanstidning.se/debatt/vi-vill-ha-en-modig-och-klimatklok-kyrka"><strong>Debatt: Vi vill ha en modig och klimatklok kyrka! Kyrkans Tidning</strong></a></p>
<p><a href="https://etidning.gd.se/p/gefle-dagblad/2025-09-03/a/vi-vill-ha-en-modig-och-klimatklok-kyrka/311/1988779/65528213"><strong>Debatt: Vi vill ha en modig och klimatklok kyrka! GD</strong></a></p>
<p>&nbsp;</p>
<p class="article__title txt-headline txt-headline-4 txt-headline-6--large"><a href="https://www.arbetarbladet.se/2025-09-19/kyrkans-bor-ta-mer-hansyn-i-sitt-skogsbruk/?shareSource=sharebutton"><strong><span class="prose-title txt-light txt-light-4 txt-light-6--large txt-headline--regular">Debatt: Kyrkans bör ta mer hänsyn i sitt skogsbruk</span></strong></a></p>
<p>&nbsp;</p>
<p><a href="https://www.kyrkanstidning.se/debatt/vi-ar-stolta-over-svenska-kyrkan"><strong>Vi är stolta över Svenska kyrkan!</strong></a></p>
<p>&nbsp;</p>
<p><a href="https://www.svd.se/a/25rgXv/kyrkovalet-handlar-om-granser-skriver-mats-rimborg-posk"><strong>Debatt: Kyrkovalet handlar om gränser</strong></a></p>
<p>&nbsp;</p>
<p><a href="https://www.gd.se/artikel/elmer-sveriges-yngsta-kandidat-i-kyrkovalet-vill-gora-skillnad/"><strong>Elmer – Sveriges yngsta kandidat i kyrkovalet: ”Vill göra skillnad”</strong></a></p>
<p>&nbsp;</p>
<p class="article__title txt-headline txt-headline-4 txt-headline-6--large"><a href="https://www.arbetarbladet.se/2025-09-07/kyrkovalet-narmar-sig/?shareSource=sharebutton"><strong><span class="prose-title txt-light txt-light-4 txt-light-6--large txt-headline--regular">Kyrkovalet närmar sig</span></strong></a></p>
<h2>2021</h2>
<p><a href="https://www.arbetarbladet.se/artikel/debatt-hog-tid-att-kyrkan-blir-fri-fran-partipolitiken"><strong>Debatt: Hög tid att kyrkan blir fri från partipolitiken</strong></a></p>
<p>&nbsp;</p>
<p><a href="https://www.altinget.se/civilsamhalle/artikel/partierna-skadar-svenska-kyrkan"><strong>Partierna skadar Svenska kyrkan</strong></a></p>
<p>&nbsp;</p>
<p><a href="https://www.gd.se/artikel/debatt-vi-ar-kristna-och-socialdemokrater?referrer=app"><strong>Debatt: Vi är kristna och socialdemokrater!</strong></a></p>
<p>Svar: <a href="https://www.gd.se/artikel/debatt-debattartikeln-haller-sig-pa-en-saklig-niva?referrer=app"><strong>Debatt: Debattartikeln håller sig på en saklig nivå</strong></a></p>
<p>&nbsp;</p>

<p>2025 Debatt: Vi vill ha en modig och klimatklok kyrka! Kyrkans Tidning Debatt: Vi vill ha en modig och klimatklok kyrka! GD &nbsp; Debatt: Kyrkans bör ta mer hänsyn i sitt skogsbruk &nbsp; Vi är stolta över Svenska kyrkan! &nbsp; Debatt: Kyrkovalet handlar om gränser &nbsp; Elmer – Sveriges yngsta kandidat i kyrkovalet: ”Vill göra [&hellip;]</p>

<!-- This site is optimized with the Yoast SEO plugin v24.9 - https://yoast.com/wordpress/plugins/seo/ -->
<title>Länkar - Insändare &amp; Debatter - Gävle</title>
<meta name="robots" content="index, follow, max-snippet:-1, max-image-preview:large, max-video-preview:-1" />
<link rel="canonical" href="https://www.posk.se/gavle/debatt-och-insandare-2/lankar/" />
<meta property="og:locale" content="sv_SE" />
<meta property="og:type" content="article" />
<meta property="og:title" content="Länkar - Insändare &amp; Debatter - Gävle" />
<meta property="og:description" content="2025 Debatt: Vi vill ha en modig och klimatklok kyrka! Kyrkans Tidning Debatt: Vi vill ha en modig och klimatklok kyrka! GD &nbsp; Debatt: Kyrkans bör ta mer hänsyn i sitt skogsbruk &nbsp; Vi är stolta över Svenska kyrkan! &nbsp; Debatt: Kyrkovalet handlar om gränser &nbsp; Elmer – Sveriges yngsta kandidat i kyrkovalet: ”Vill göra [&hellip;]" />
<meta property="og:url" content="https://www.posk.se/gavle/debatt-och-insandare-2/lankar/" />
<meta property="og:site_name" content="Gävle" />
<meta property="article:modified_time" content="2025-09-20T07:43:30+00:00" />
<meta name="twitter:card" content="summary_large_image" />
<meta name="twitter:label1" content="Beräknad lästid" />
	<meta name="twitter:data1" content="1 minut" />
<script type="application/ld+json" class="yoast-schema-graph">{"@context":"https://schema.org","@graph":[{"@type":"WebPage","@id":"https://www.posk.se/gavle/debatt-och-insandare-2/lankar/","url":"https://www.posk.se/gavle/debatt-och-insandare-2/lankar/","name":"Länkar - Insändare &amp; Debatter - Gävle","isPartOf":{"@id":"https://www.posk.se/gavle/#website"},"datePublished":"2021-09-01T11:31:51+00:00","dateModified":"2025-09-20T07:43:30+00:00","breadcrumb":{"@id":"https://www.posk.se/gavle/debatt-och-insandare-2/lankar/#breadcrumb"},"inLanguage":"sv-SE","potentialAction":[{"@type":"ReadAction","target":["https://www.posk.se/gavle/debatt-och-insandare-2/lankar/"]}]},{"@type":"BreadcrumbList","@id":"https://www.posk.se/gavle/debatt-och-insandare-2/lankar/#breadcrumb","itemListElement":[{"@type":"ListItem","position":1,"name":"Hem","item":"https://www.posk.se/gavle/"},{"@type":"ListItem","position":2,"name":"Debatt och insändare","item":"https://www.posk.se/gavle/debatt-och-insandare-2/"},{"@type":"ListItem","position":3,"name":"Länkar &#8211; Insändare &amp; Debatter"}]},{"@type":"WebSite","@id":"https://www.posk.se/gavle/#website","url":"https://www.posk.se/gavle/","name":"Gävle","description":"POSK-grupp i Uppsala stift","potentialAction":[{"@type":"SearchAction","target":{"@type":"EntryPoint","urlTemplate":"https://www.posk.se/gavle/?s={search_term_string}"},"query-input":{"@type":"PropertyValueSpecification","valueRequired":true,"valueName":"search_term_string"}}],"inLanguage":"sv-SE"}]}</script>
<!-- / Yoast SEO plugin. -->

Länkar - Insändare &amp; Debatter - Gävle

2025 Debatt: Vi vill ha en modig och klimatklok kyrka! Kyrkans Tidning Debatt: Vi vill ha en modig och klimatklok kyrka! GD &nbsp; Debatt: Kyrkans bör ta mer hänsyn i sitt skogsbruk &nbsp; Vi är stolta över Svenska kyrkan! &nbsp; Debatt: Kyrkovalet handlar om gränser &nbsp; Elmer – Sveriges yngsta kandidat i kyrkovalet: ”Vill göra [&hellip;]

Gävle

Debatt och insändare
