{"id":20,"date":"2016-07-20T00:10:37","date_gmt":"2016-07-19T22:10:37","guid":{"rendered":"https:\/\/www.posk.se\/folkungabygden\/?page_id=20"},"modified":"2025-10-15T16:23:56","modified_gmt":"2025-10-15T14:23:56","slug":"startsidan","status":"publish","type":"page","link":"https:\/\/www.posk.se\/folkungabygden\/","title":{"rendered":"Folkungabygden"},"content":{"rendered":"<h3>V\u00e4lkommen till sidan f\u00f6r<br \/>\nPOSK i Folkungabygdens pastorat!<\/h3>\n<hr \/>\n<p><em><strong><img loading=\"lazy\" decoding=\"async\" class=\"alignright wp-image-877 size-medium\" src=\"https:\/\/www.posk.se\/folkungabygden\/wp-content\/uploads\/sites\/69\/2024\/11\/img-5040-300x221.png\" alt=\"\" width=\"300\" height=\"221\" srcset=\"https:\/\/www.posk.se\/folkungabygden\/wp-content\/uploads\/sites\/69\/2024\/11\/img-5040-300x221.png 300w, https:\/\/www.posk.se\/folkungabygden\/wp-content\/uploads\/sites\/69\/2024\/11\/img-5040-768x566.png 768w, https:\/\/www.posk.se\/folkungabygden\/wp-content\/uploads\/sites\/69\/2024\/11\/img-5040-330x243.png 330w, https:\/\/www.posk.se\/folkungabygden\/wp-content\/uploads\/sites\/69\/2024\/11\/img-5040.png 1024w\" sizes=\"auto, (max-width: 300px) 100vw, 300px\" \/><\/strong><\/em><strong>F\u00f6r kontakt med POSK i Folkungabygdens pastorat:<\/strong><\/p>\n<p>Leif Larsson, ordf\u00f6rande,<br \/>\n0142-172 93, 070-609 69 65,<br \/>\nleif.sonia@telia.com<\/p>\n<p>Kristina Selvin, sekreterare,<br \/>\n070-243 46 86<br \/>\nkristina.selvin@gmail.com<\/p>\n<p>Johanna Garde, kass\u00f6r<br \/>\n073-077 64 48<br \/>\njohanna.garde@outlook.com<\/p>\n<p><strong><em>Sociala medier<\/em><\/strong><br \/>\n<em>&gt; <a href=\"https:\/\/www.facebook.com\/poskfolkungabygden\" target=\"_blank\" rel=\"noopener noreferrer\">Facebook<\/a> <\/em><\/p>\n<p>&nbsp;<\/p>\n<hr \/>\n<p><em>\u2013 Bild \u00f6verst: R\u00f6ks kyrka med R\u00f6kstenen.<\/em><\/p>\n","protected":false},"excerpt":{"rendered":"<p>V\u00e4lkommen till sidan f\u00f6r POSK i Folkungabygdens pastorat! F\u00f6r kontakt med POSK i Folkungabygdens pastorat: Leif Larsson, ordf\u00f6rande, 0142-172 93, 070-609 69 65, leif.sonia@telia.com Kristina Selvin, sekreterare, 070-243 46 86 kristina.selvin@gmail.com Johanna Garde, kass\u00f6r 073-077 64 48 johanna.garde@outlook.com Sociala medier &gt; Facebook &nbsp; \u2013 Bild \u00f6verst: R\u00f6ks kyrka med R\u00f6kstenen.<\/p>\n","protected":false},"author":1,"featured_media":1261,"parent":0,"menu_order":0,"comment_status":"closed","ping_status":"closed","template":"page-templates\/page-sidebar-left.php","meta":{"_acf_changed":false,"footnotes":""},"class_list":["post-20","page","type-page","status-publish","has-post-thumbnail","hentry"],"acf":[],"yoast_head":"<!-- This site is optimized with the Yoast SEO plugin v24.9 - https:\/\/yoast.com\/wordpress\/plugins\/seo\/ -->\n<title>POSK i Folkungabygdens pastorat<\/title>\n<meta name=\"description\" content=\"R\u00f6sta p\u00e5 POSK i Folkungabygdens pastorat f\u00f6r: En kyrka fri fr\u00e5n partipolitik. En kyrka med fokus p\u00e5 diakonal omsorg. En kyrka med levande f\u00f6rsamlingar.\" \/>\n<meta name=\"robots\" content=\"index, follow, max-snippet:-1, max-image-preview:large, max-video-preview:-1\" \/>\n<link rel=\"canonical\" href=\"https:\/\/www.posk.se\/folkungabygden\/\" \/>\n<meta property=\"og:locale\" content=\"sv_SE\" \/>\n<meta property=\"og:type\" content=\"article\" \/>\n<meta property=\"og:title\" content=\"POSK i Folkungabygdens pastorat\" \/>\n<meta property=\"og:description\" content=\"R\u00f6sta p\u00e5 POSK i Folkungabygdens pastorat f\u00f6r: En kyrka fri fr\u00e5n partipolitik. En kyrka med fokus p\u00e5 diakonal omsorg. En kyrka med levande f\u00f6rsamlingar.\" \/>\n<meta property=\"og:url\" content=\"https:\/\/www.posk.se\/folkungabygden\/\" \/>\n<meta property=\"og:site_name\" content=\"Folkungabygden\" \/>\n<meta property=\"article:modified_time\" content=\"2025-10-15T14:23:56+00:00\" \/>\n<meta property=\"og:image\" content=\"https:\/\/www.posk.se\/folkungabygden\/wp-content\/uploads\/sites\/69\/2025\/09\/img-9773-1024x390.png\" \/>\n\t<meta property=\"og:image:width\" content=\"1024\" \/>\n\t<meta property=\"og:image:height\" content=\"390\" \/>\n\t<meta property=\"og:image:type\" content=\"image\/png\" \/>\n<meta name=\"twitter:card\" content=\"summary_large_image\" \/>\n<meta name=\"twitter:label1\" content=\"Ber\u00e4knad l\u00e4stid\" \/>\n\t<meta name=\"twitter:data1\" content=\"1 minut\" \/>\n<script type=\"application\/ld+json\" class=\"yoast-schema-graph\">{\"@context\":\"https:\/\/schema.org\",\"@graph\":[{\"@type\":\"WebPage\",\"@id\":\"https:\/\/www.posk.se\/folkungabygden\/\",\"url\":\"https:\/\/www.posk.se\/folkungabygden\/\",\"name\":\"POSK i Folkungabygdens pastorat\",\"isPartOf\":{\"@id\":\"https:\/\/www.posk.se\/folkungabygden\/#website\"},\"primaryImageOfPage\":{\"@id\":\"https:\/\/www.posk.se\/folkungabygden\/#primaryimage\"},\"image\":{\"@id\":\"https:\/\/www.posk.se\/folkungabygden\/#primaryimage\"},\"thumbnailUrl\":\"https:\/\/www.posk.se\/folkungabygden\/wp-content\/uploads\/sites\/69\/2025\/09\/img-9773.png\",\"datePublished\":\"2016-07-19T22:10:37+00:00\",\"dateModified\":\"2025-10-15T14:23:56+00:00\",\"description\":\"R\u00f6sta p\u00e5 POSK i Folkungabygdens pastorat f\u00f6r: En kyrka fri fr\u00e5n partipolitik. En kyrka med fokus p\u00e5 diakonal omsorg. En kyrka med levande f\u00f6rsamlingar.\",\"breadcrumb\":{\"@id\":\"https:\/\/www.posk.se\/folkungabygden\/#breadcrumb\"},\"inLanguage\":\"sv-SE\",\"potentialAction\":[{\"@type\":\"ReadAction\",\"target\":[\"https:\/\/www.posk.se\/folkungabygden\/\"]}]},{\"@type\":\"ImageObject\",\"inLanguage\":\"sv-SE\",\"@id\":\"https:\/\/www.posk.se\/folkungabygden\/#primaryimage\",\"url\":\"https:\/\/www.posk.se\/folkungabygden\/wp-content\/uploads\/sites\/69\/2025\/09\/img-9773.png\",\"contentUrl\":\"https:\/\/www.posk.se\/folkungabygden\/wp-content\/uploads\/sites\/69\/2025\/09\/img-9773.png\",\"width\":3417,\"height\":1300},{\"@type\":\"BreadcrumbList\",\"@id\":\"https:\/\/www.posk.se\/folkungabygden\/#breadcrumb\",\"itemListElement\":[{\"@type\":\"ListItem\",\"position\":1,\"name\":\"Hem\",\"item\":\"https:\/\/www.posk.se\/folkungabygden\/\"},{\"@type\":\"ListItem\",\"position\":2,\"name\":\"Folkungabygden\"}]},{\"@type\":\"WebSite\",\"@id\":\"https:\/\/www.posk.se\/folkungabygden\/#website\",\"url\":\"https:\/\/www.posk.se\/folkungabygden\/\",\"name\":\"Folkungabygden\",\"description\":\"POSK-grupp i Link\u00f6pings stift\",\"potentialAction\":[{\"@type\":\"SearchAction\",\"target\":{\"@type\":\"EntryPoint\",\"urlTemplate\":\"https:\/\/www.posk.se\/folkungabygden\/?s={search_term_string}\"},\"query-input\":{\"@type\":\"PropertyValueSpecification\",\"valueRequired\":true,\"valueName\":\"search_term_string\"}}],\"inLanguage\":\"sv-SE\"}]}<\/script>\n<!-- \/ Yoast SEO plugin. -->","yoast_head_json":{"title":"POSK i Folkungabygdens pastorat","description":"R\u00f6sta p\u00e5 POSK i Folkungabygdens pastorat f\u00f6r: En kyrka fri fr\u00e5n partipolitik. En kyrka med fokus p\u00e5 diakonal omsorg. En kyrka med levande f\u00f6rsamlingar.","robots":{"index":"index","follow":"follow","max-snippet":"max-snippet:-1","max-image-preview":"max-image-preview:large","max-video-preview":"max-video-preview:-1"},"canonical":"https:\/\/www.posk.se\/folkungabygden\/","og_locale":"sv_SE","og_type":"article","og_title":"POSK i Folkungabygdens pastorat","og_description":"R\u00f6sta p\u00e5 POSK i Folkungabygdens pastorat f\u00f6r: En kyrka fri fr\u00e5n partipolitik. En kyrka med fokus p\u00e5 diakonal omsorg. En kyrka med levande f\u00f6rsamlingar.","og_url":"https:\/\/www.posk.se\/folkungabygden\/","og_site_name":"Folkungabygden","article_modified_time":"2025-10-15T14:23:56+00:00","og_image":[{"width":1024,"height":390,"url":"https:\/\/www.posk.se\/folkungabygden\/wp-content\/uploads\/sites\/69\/2025\/09\/img-9773-1024x390.png","type":"image\/png"}],"twitter_card":"summary_large_image","twitter_misc":{"Ber\u00e4knad l\u00e4stid":"1 minut"},"schema":{"@context":"https:\/\/schema.org","@graph":[{"@type":"WebPage","@id":"https:\/\/www.posk.se\/folkungabygden\/","url":"https:\/\/www.posk.se\/folkungabygden\/","name":"POSK i Folkungabygdens pastorat","isPartOf":{"@id":"https:\/\/www.posk.se\/folkungabygden\/#website"},"primaryImageOfPage":{"@id":"https:\/\/www.posk.se\/folkungabygden\/#primaryimage"},"image":{"@id":"https:\/\/www.posk.se\/folkungabygden\/#primaryimage"},"thumbnailUrl":"https:\/\/www.posk.se\/folkungabygden\/wp-content\/uploads\/sites\/69\/2025\/09\/img-9773.png","datePublished":"2016-07-19T22:10:37+00:00","dateModified":"2025-10-15T14:23:56+00:00","description":"R\u00f6sta p\u00e5 POSK i Folkungabygdens pastorat f\u00f6r: En kyrka fri fr\u00e5n partipolitik. En kyrka med fokus p\u00e5 diakonal omsorg. En kyrka med levande f\u00f6rsamlingar.","breadcrumb":{"@id":"https:\/\/www.posk.se\/folkungabygden\/#breadcrumb"},"inLanguage":"sv-SE","potentialAction":[{"@type":"ReadAction","target":["https:\/\/www.posk.se\/folkungabygden\/"]}]},{"@type":"ImageObject","inLanguage":"sv-SE","@id":"https:\/\/www.posk.se\/folkungabygden\/#primaryimage","url":"https:\/\/www.posk.se\/folkungabygden\/wp-content\/uploads\/sites\/69\/2025\/09\/img-9773.png","contentUrl":"https:\/\/www.posk.se\/folkungabygden\/wp-content\/uploads\/sites\/69\/2025\/09\/img-9773.png","width":3417,"height":1300},{"@type":"BreadcrumbList","@id":"https:\/\/www.posk.se\/folkungabygden\/#breadcrumb","itemListElement":[{"@type":"ListItem","position":1,"name":"Hem","item":"https:\/\/www.posk.se\/folkungabygden\/"},{"@type":"ListItem","position":2,"name":"Folkungabygden"}]},{"@type":"WebSite","@id":"https:\/\/www.posk.se\/folkungabygden\/#website","url":"https:\/\/www.posk.se\/folkungabygden\/","name":"Folkungabygden","description":"POSK-grupp i Link\u00f6pings stift","potentialAction":[{"@type":"SearchAction","target":{"@type":"EntryPoint","urlTemplate":"https:\/\/www.posk.se\/folkungabygden\/?s={search_term_string}"},"query-input":{"@type":"PropertyValueSpecification","valueRequired":true,"valueName":"search_term_string"}}],"inLanguage":"sv-SE"}]}},"_links":{"self":[{"href":"https:\/\/www.posk.se\/folkungabygden\/wp-json\/wp\/v2\/pages\/20","targetHints":{"allow":["GET"]}}],"collection":[{"href":"https:\/\/www.posk.se\/folkungabygden\/wp-json\/wp\/v2\/pages"}],"about":[{"href":"https:\/\/www.posk.se\/folkungabygden\/wp-json\/wp\/v2\/types\/page"}],"author":[{"embeddable":true,"href":"https:\/\/www.posk.se\/folkungabygden\/wp-json\/wp\/v2\/users\/1"}],"replies":[{"embeddable":true,"href":"https:\/\/www.posk.se\/folkungabygden\/wp-json\/wp\/v2\/comments?post=20"}],"version-history":[{"count":57,"href":"https:\/\/www.posk.se\/folkungabygden\/wp-json\/wp\/v2\/pages\/20\/revisions"}],"predecessor-version":[{"id":1297,"href":"https:\/\/www.posk.se\/folkungabygden\/wp-json\/wp\/v2\/pages\/20\/revisions\/1297"}],"wp:featuredmedia":[{"embeddable":true,"href":"https:\/\/www.posk.se\/folkungabygden\/wp-json\/wp\/v2\/media\/1261"}],"wp:attachment":[{"href":"https:\/\/www.posk.se\/folkungabygden\/wp-json\/wp\/v2\/media?parent=20"}],"curies":[{"name":"wp","href":"https:\/\/api.w.org\/{rel}","templated":true}]}}

<h3>Välkommen till sidan för<br />
POSK i Folkungabygdens pastorat!</h3>
<hr />
<p><em><strong><img loading="lazy" decoding="async" class="alignright wp-image-877 size-medium" src="https://www.posk.se/folkungabygden/wp-content/uploads/sites/69/2024/11/img-5040-300x221.png" alt="" width="300" height="221" srcset="https://www.posk.se/folkungabygden/wp-content/uploads/sites/69/2024/11/img-5040-300x221.png 300w, https://www.posk.se/folkungabygden/wp-content/uploads/sites/69/2024/11/img-5040-768x566.png 768w, https://www.posk.se/folkungabygden/wp-content/uploads/sites/69/2024/11/img-5040-330x243.png 330w, https://www.posk.se/folkungabygden/wp-content/uploads/sites/69/2024/11/img-5040.png 1024w" sizes="auto, (max-width: 300px) 100vw, 300px" /></strong></em><strong>För kontakt med POSK i Folkungabygdens pastorat:</strong></p>
<p>Leif Larsson, ordförande,<br />
0142-172 93, 070-609 69 65,<br />
leif.sonia@telia.com</p>
<p>Kristina Selvin, sekreterare,<br />
070-243 46 86<br />
kristina.selvin@gmail.com</p>
<p>Johanna Garde, kassör<br />
073-077 64 48<br />
johanna.garde@outlook.com</p>
<p><strong><em>Sociala medier</em></strong><br />
<em>&gt; <a href="https://www.facebook.com/poskfolkungabygden" target="_blank" rel="noopener noreferrer">Facebook</a> </em></p>
<p>&nbsp;</p>
<hr />
<p><em>– Bild överst: Röks kyrka med Rökstenen.</em></p>

<p>Välkommen till sidan för POSK i Folkungabygdens pastorat! För kontakt med POSK i Folkungabygdens pastorat: Leif Larsson, ordförande, 0142-172 93, 070-609 69 65, leif.sonia@telia.com Kristina Selvin, sekreterare, 070-243 46 86 kristina.selvin@gmail.com Johanna Garde, kassör 073-077 64 48 johanna.garde@outlook.com Sociala medier &gt; Facebook &nbsp; – Bild överst: Röks kyrka med Rökstenen.</p>

<!-- This site is optimized with the Yoast SEO plugin v24.9 - https://yoast.com/wordpress/plugins/seo/ -->
<title>POSK i Folkungabygdens pastorat</title>
<meta name="description" content="Rösta på POSK i Folkungabygdens pastorat för: En kyrka fri från partipolitik. En kyrka med fokus på diakonal omsorg. En kyrka med levande församlingar." />
<meta name="robots" content="index, follow, max-snippet:-1, max-image-preview:large, max-video-preview:-1" />
<link rel="canonical" href="https://www.posk.se/folkungabygden/" />
<meta property="og:locale" content="sv_SE" />
<meta property="og:type" content="article" />
<meta property="og:title" content="POSK i Folkungabygdens pastorat" />
<meta property="og:description" content="Rösta på POSK i Folkungabygdens pastorat för: En kyrka fri från partipolitik. En kyrka med fokus på diakonal omsorg. En kyrka med levande församlingar." />
<meta property="og:url" content="https://www.posk.se/folkungabygden/" />
<meta property="og:site_name" content="Folkungabygden" />
<meta property="article:modified_time" content="2025-10-15T14:23:56+00:00" />
<meta property="og:image" content="https://www.posk.se/folkungabygden/wp-content/uploads/sites/69/2025/09/img-9773-1024x390.png" />
	<meta property="og:image:width" content="1024" />
	<meta property="og:image:height" content="390" />
	<meta property="og:image:type" content="image/png" />
<meta name="twitter:card" content="summary_large_image" />
<meta name="twitter:label1" content="Beräknad lästid" />
	<meta name="twitter:data1" content="1 minut" />
<script type="application/ld+json" class="yoast-schema-graph">{"@context":"https://schema.org","@graph":[{"@type":"WebPage","@id":"https://www.posk.se/folkungabygden/","url":"https://www.posk.se/folkungabygden/","name":"POSK i Folkungabygdens pastorat","isPartOf":{"@id":"https://www.posk.se/folkungabygden/#website"},"primaryImageOfPage":{"@id":"https://www.posk.se/folkungabygden/#primaryimage"},"image":{"@id":"https://www.posk.se/folkungabygden/#primaryimage"},"thumbnailUrl":"https://www.posk.se/folkungabygden/wp-content/uploads/sites/69/2025/09/img-9773.png","datePublished":"2016-07-19T22:10:37+00:00","dateModified":"2025-10-15T14:23:56+00:00","description":"Rösta på POSK i Folkungabygdens pastorat för: En kyrka fri från partipolitik. En kyrka med fokus på diakonal omsorg. En kyrka med levande församlingar.","breadcrumb":{"@id":"https://www.posk.se/folkungabygden/#breadcrumb"},"inLanguage":"sv-SE","potentialAction":[{"@type":"ReadAction","target":["https://www.posk.se/folkungabygden/"]}]},{"@type":"ImageObject","inLanguage":"sv-SE","@id":"https://www.posk.se/folkungabygden/#primaryimage","url":"https://www.posk.se/folkungabygden/wp-content/uploads/sites/69/2025/09/img-9773.png","contentUrl":"https://www.posk.se/folkungabygden/wp-content/uploads/sites/69/2025/09/img-9773.png","width":3417,"height":1300},{"@type":"BreadcrumbList","@id":"https://www.posk.se/folkungabygden/#breadcrumb","itemListElement":[{"@type":"ListItem","position":1,"name":"Hem","item":"https://www.posk.se/folkungabygden/"},{"@type":"ListItem","position":2,"name":"Folkungabygden"}]},{"@type":"WebSite","@id":"https://www.posk.se/folkungabygden/#website","url":"https://www.posk.se/folkungabygden/","name":"Folkungabygden","description":"POSK-grupp i Linköpings stift","potentialAction":[{"@type":"SearchAction","target":{"@type":"EntryPoint","urlTemplate":"https://www.posk.se/folkungabygden/?s={search_term_string}"},"query-input":{"@type":"PropertyValueSpecification","valueRequired":true,"valueName":"search_term_string"}}],"inLanguage":"sv-SE"}]}</script>
<!-- / Yoast SEO plugin. -->

Rösta på POSK i Folkungabygdens pastorat för: En kyrka fri från partipolitik. En kyrka med fokus på diakonal omsorg. En kyrka med levande församlingar.

POSK-grupp i Linköpings stift
