{"id":1264,"date":"2025-10-15T15:50:43","date_gmt":"2025-10-15T13:50:43","guid":{"rendered":"https:\/\/www.posk.se\/folkungabygden\/?page_id=1264"},"modified":"2025-10-15T16:25:28","modified_gmt":"2025-10-15T14:25:28","slug":"fortroendevalda-2026-2029","status":"publish","type":"page","link":"https:\/\/www.posk.se\/folkungabygden\/fortroendevalda-2026-2029\/","title":{"rendered":"F\u00f6rtroendevalda 2026-2029"},"content":{"rendered":"<p><b>Kyrkofullm\u00e4ktige<\/b><br \/>\n<em>Ordinarie ledam\u00f6ter<\/em><br \/>\nJohanna Garde [<a href=\"https:\/\/www.posk.se\/folkungabygden\/kandidatpresentationer\/johanna-garde-2\/\">&gt;<\/a>]<br \/>\nMattias St\u00e5hlberg [<a href=\"https:\/\/www.posk.se\/folkungabygden\/kandidatpresentationer\/mattias-stahlberg\/\">&gt;<\/a>]<br \/>\nKristina Selvin [<a href=\"https:\/\/www.posk.se\/folkungabygden\/kandidatpresentationer\/kristina-selvin\/\">&gt;<\/a>]<br \/>\nLeif Larsson [<a href=\"https:\/\/www.posk.se\/folkungabygden\/kandidatpresentationer\/leif-larsson\/\">&gt;<\/a>]<br \/>\nIngrid Nor\u00e9n [<a href=\"https:\/\/www.posk.se\/folkungabygden\/kandidatpresentationer\/ingrid-noren\/\">&gt;<\/a>]<br \/>\nHelena Kagebeck<br \/>\nAnna Trosell [<a href=\"https:\/\/www.posk.se\/folkungabygden\/kandidatpresentationer\/anna-trosell\/\">&gt;<\/a>]<br \/>\nUlla Fornell<br \/>\n\u00c5ke Nilsson [<a href=\"https:\/\/www.posk.se\/folkungabygden\/kandidatpresentationer\/ake-nilsson\/\">&gt;<\/a>]<br \/>\nTommy Petersson<br \/>\nAnette L\u00f6nn<br \/>\nChristina Kyn\u00e4s [<a href=\"https:\/\/www.posk.se\/folkungabygden\/kandidatpresentationer\/christina-fredman-kynas\/\">&gt;<\/a>]<br \/>\nEva Cederholm [<a href=\"https:\/\/www.posk.se\/folkungabygden\/kandidatpresentationer\/eva-cederholm\/\">&gt;<\/a>]<br \/>\nAnders Montelius [<a href=\"https:\/\/www.posk.se\/folkungabygden\/kandidatpresentationer\/anders-montelius\/\">&gt;<\/a>]<br \/>\nLena Bruz\u00e6us [<a href=\"https:\/\/www.posk.se\/folkungabygden\/kandidatpresentationer\/lena-bruzaeus\/\">&gt;<\/a>]<br \/>\nIrene Karlsson<\/p>\n<p><em>Ers\u00e4ttare<\/em><br \/>\n1. Irma Carlsson<br \/>\n.<br \/>\nK\u00e4lla: <a href=\"https:\/\/kyrkoval.svenskakyrkan.se\/Valresultat2025\/slutg\/Visning\/Resultat\/Forsamling.aspx?StiftID=3&amp;ValomradeId=12733&amp;ValtypId=7\" target=\"_blank\" rel=\"noopener\">Valresultat<\/a> (<em>kyrkoval.svenskakyrkan.se<\/em>)<\/p>\n<hr \/>\n<p style=\"text-align: right\">Verktyg f\u00f6r ber\u00e4kning av indirekta val<br \/>\n<a href=\"https:\/\/www.svenskakyrkan.se\/valwebben\/indirekta-val\" target=\"_blank\" rel=\"noopener\">L\u00e4s mer<\/a> {<a href=\"https:\/\/webapp.svenskakyrkan.se\/miscapp\/v1\/client\/indirektaval\/#\/?stiftId=1\" target=\"_blank\" rel=\"noopener\">Verktyget<\/a>}<\/p>\n","protected":false},"excerpt":{"rendered":"<p>Kyrkofullm\u00e4ktige Ordinarie ledam\u00f6ter Johanna Garde [&gt;] Mattias St\u00e5hlberg [&gt;] Kristina Selvin [&gt;] Leif Larsson [&gt;] Ingrid Nor\u00e9n [&gt;] Helena Kagebeck Anna Trosell [&gt;] Ulla Fornell \u00c5ke Nilsson [&gt;] Tommy Petersson Anette L\u00f6nn Christina Kyn\u00e4s [&gt;] Eva Cederholm [&gt;] Anders Montelius [&gt;] Lena Bruz\u00e6us [&gt;] Irene Karlsson Ers\u00e4ttare 1. Irma Carlsson . K\u00e4lla: Valresultat (kyrkoval.svenskakyrkan.se) Verktyg [&hellip;]<\/p>\n","protected":false},"author":104,"featured_media":1022,"parent":0,"menu_order":1,"comment_status":"closed","ping_status":"closed","template":"page-templates\/page-sidebar-left.php","meta":{"_acf_changed":false,"footnotes":""},"class_list":["post-1264","page","type-page","status-publish","has-post-thumbnail","hentry"],"acf":[],"yoast_head":"<!-- This site is optimized with the Yoast SEO plugin v24.9 - https:\/\/yoast.com\/wordpress\/plugins\/seo\/ -->\n<title>F\u00f6rtroendevalda 2026-2029 - Folkungabygden<\/title>\n<meta name=\"robots\" content=\"index, follow, max-snippet:-1, max-image-preview:large, max-video-preview:-1\" \/>\n<link rel=\"canonical\" href=\"https:\/\/www.posk.se\/folkungabygden\/fortroendevalda-2026-2029\/\" \/>\n<meta property=\"og:locale\" content=\"sv_SE\" \/>\n<meta property=\"og:type\" content=\"article\" \/>\n<meta property=\"og:title\" content=\"F\u00f6rtroendevalda 2026-2029 - Folkungabygden\" \/>\n<meta property=\"og:description\" content=\"Kyrkofullm\u00e4ktige Ordinarie ledam\u00f6ter Johanna Garde [&gt;] Mattias St\u00e5hlberg [&gt;] Kristina Selvin [&gt;] Leif Larsson [&gt;] Ingrid Nor\u00e9n [&gt;] Helena Kagebeck Anna Trosell [&gt;] Ulla Fornell \u00c5ke Nilsson [&gt;] Tommy Petersson Anette L\u00f6nn Christina Kyn\u00e4s [&gt;] Eva Cederholm [&gt;] Anders Montelius [&gt;] Lena Bruz\u00e6us [&gt;] Irene Karlsson Ers\u00e4ttare 1. Irma Carlsson . K\u00e4lla: Valresultat (kyrkoval.svenskakyrkan.se) Verktyg [&hellip;]\" \/>\n<meta property=\"og:url\" content=\"https:\/\/www.posk.se\/folkungabygden\/fortroendevalda-2026-2029\/\" \/>\n<meta property=\"og:site_name\" content=\"Folkungabygden\" \/>\n<meta property=\"article:modified_time\" content=\"2025-10-15T14:25:28+00:00\" \/>\n<meta property=\"og:image\" content=\"https:\/\/www.posk.se\/folkungabygden\/wp-content\/uploads\/sites\/69\/2025\/05\/del-av-posk-gruppen-rotated.jpeg\" \/>\n\t<meta property=\"og:image:width\" content=\"2016\" \/>\n\t<meta property=\"og:image:height\" content=\"1512\" \/>\n\t<meta property=\"og:image:type\" content=\"image\/jpeg\" \/>\n<meta name=\"twitter:card\" content=\"summary_large_image\" \/>\n<meta name=\"twitter:label1\" content=\"Ber\u00e4knad l\u00e4stid\" \/>\n\t<meta name=\"twitter:data1\" content=\"1 minut\" \/>\n<script type=\"application\/ld+json\" class=\"yoast-schema-graph\">{\"@context\":\"https:\/\/schema.org\",\"@graph\":[{\"@type\":\"WebPage\",\"@id\":\"https:\/\/www.posk.se\/folkungabygden\/fortroendevalda-2026-2029\/\",\"url\":\"https:\/\/www.posk.se\/folkungabygden\/fortroendevalda-2026-2029\/\",\"name\":\"F\u00f6rtroendevalda 2026-2029 - Folkungabygden\",\"isPartOf\":{\"@id\":\"https:\/\/www.posk.se\/folkungabygden\/#website\"},\"primaryImageOfPage\":{\"@id\":\"https:\/\/www.posk.se\/folkungabygden\/fortroendevalda-2026-2029\/#primaryimage\"},\"image\":{\"@id\":\"https:\/\/www.posk.se\/folkungabygden\/fortroendevalda-2026-2029\/#primaryimage\"},\"thumbnailUrl\":\"https:\/\/www.posk.se\/folkungabygden\/wp-content\/uploads\/sites\/69\/2025\/05\/del-av-posk-gruppen-rotated.jpeg\",\"datePublished\":\"2025-10-15T13:50:43+00:00\",\"dateModified\":\"2025-10-15T14:25:28+00:00\",\"breadcrumb\":{\"@id\":\"https:\/\/www.posk.se\/folkungabygden\/fortroendevalda-2026-2029\/#breadcrumb\"},\"inLanguage\":\"sv-SE\",\"potentialAction\":[{\"@type\":\"ReadAction\",\"target\":[\"https:\/\/www.posk.se\/folkungabygden\/fortroendevalda-2026-2029\/\"]}]},{\"@type\":\"ImageObject\",\"inLanguage\":\"sv-SE\",\"@id\":\"https:\/\/www.posk.se\/folkungabygden\/fortroendevalda-2026-2029\/#primaryimage\",\"url\":\"https:\/\/www.posk.se\/folkungabygden\/wp-content\/uploads\/sites\/69\/2025\/05\/del-av-posk-gruppen-rotated.jpeg\",\"contentUrl\":\"https:\/\/www.posk.se\/folkungabygden\/wp-content\/uploads\/sites\/69\/2025\/05\/del-av-posk-gruppen-rotated.jpeg\",\"width\":2016,\"height\":1512},{\"@type\":\"BreadcrumbList\",\"@id\":\"https:\/\/www.posk.se\/folkungabygden\/fortroendevalda-2026-2029\/#breadcrumb\",\"itemListElement\":[{\"@type\":\"ListItem\",\"position\":1,\"name\":\"Hem\",\"item\":\"https:\/\/www.posk.se\/folkungabygden\/\"},{\"@type\":\"ListItem\",\"position\":2,\"name\":\"F\u00f6rtroendevalda 2026-2029\"}]},{\"@type\":\"WebSite\",\"@id\":\"https:\/\/www.posk.se\/folkungabygden\/#website\",\"url\":\"https:\/\/www.posk.se\/folkungabygden\/\",\"name\":\"Folkungabygden\",\"description\":\"POSK-grupp i Link\u00f6pings stift\",\"potentialAction\":[{\"@type\":\"SearchAction\",\"target\":{\"@type\":\"EntryPoint\",\"urlTemplate\":\"https:\/\/www.posk.se\/folkungabygden\/?s={search_term_string}\"},\"query-input\":{\"@type\":\"PropertyValueSpecification\",\"valueRequired\":true,\"valueName\":\"search_term_string\"}}],\"inLanguage\":\"sv-SE\"}]}<\/script>\n<!-- \/ Yoast SEO plugin. -->","yoast_head_json":{"title":"F\u00f6rtroendevalda 2026-2029 - Folkungabygden","robots":{"index":"index","follow":"follow","max-snippet":"max-snippet:-1","max-image-preview":"max-image-preview:large","max-video-preview":"max-video-preview:-1"},"canonical":"https:\/\/www.posk.se\/folkungabygden\/fortroendevalda-2026-2029\/","og_locale":"sv_SE","og_type":"article","og_title":"F\u00f6rtroendevalda 2026-2029 - Folkungabygden","og_description":"Kyrkofullm\u00e4ktige Ordinarie ledam\u00f6ter Johanna Garde [&gt;] Mattias St\u00e5hlberg [&gt;] Kristina Selvin [&gt;] Leif Larsson [&gt;] Ingrid Nor\u00e9n [&gt;] Helena Kagebeck Anna Trosell [&gt;] Ulla Fornell \u00c5ke Nilsson [&gt;] Tommy Petersson Anette L\u00f6nn Christina Kyn\u00e4s [&gt;] Eva Cederholm [&gt;] Anders Montelius [&gt;] Lena Bruz\u00e6us [&gt;] Irene Karlsson Ers\u00e4ttare 1. Irma Carlsson . K\u00e4lla: Valresultat (kyrkoval.svenskakyrkan.se) Verktyg [&hellip;]","og_url":"https:\/\/www.posk.se\/folkungabygden\/fortroendevalda-2026-2029\/","og_site_name":"Folkungabygden","article_modified_time":"2025-10-15T14:25:28+00:00","og_image":[{"width":2016,"height":1512,"url":"https:\/\/www.posk.se\/folkungabygden\/wp-content\/uploads\/sites\/69\/2025\/05\/del-av-posk-gruppen-rotated.jpeg","type":"image\/jpeg"}],"twitter_card":"summary_large_image","twitter_misc":{"Ber\u00e4knad l\u00e4stid":"1 minut"},"schema":{"@context":"https:\/\/schema.org","@graph":[{"@type":"WebPage","@id":"https:\/\/www.posk.se\/folkungabygden\/fortroendevalda-2026-2029\/","url":"https:\/\/www.posk.se\/folkungabygden\/fortroendevalda-2026-2029\/","name":"F\u00f6rtroendevalda 2026-2029 - Folkungabygden","isPartOf":{"@id":"https:\/\/www.posk.se\/folkungabygden\/#website"},"primaryImageOfPage":{"@id":"https:\/\/www.posk.se\/folkungabygden\/fortroendevalda-2026-2029\/#primaryimage"},"image":{"@id":"https:\/\/www.posk.se\/folkungabygden\/fortroendevalda-2026-2029\/#primaryimage"},"thumbnailUrl":"https:\/\/www.posk.se\/folkungabygden\/wp-content\/uploads\/sites\/69\/2025\/05\/del-av-posk-gruppen-rotated.jpeg","datePublished":"2025-10-15T13:50:43+00:00","dateModified":"2025-10-15T14:25:28+00:00","breadcrumb":{"@id":"https:\/\/www.posk.se\/folkungabygden\/fortroendevalda-2026-2029\/#breadcrumb"},"inLanguage":"sv-SE","potentialAction":[{"@type":"ReadAction","target":["https:\/\/www.posk.se\/folkungabygden\/fortroendevalda-2026-2029\/"]}]},{"@type":"ImageObject","inLanguage":"sv-SE","@id":"https:\/\/www.posk.se\/folkungabygden\/fortroendevalda-2026-2029\/#primaryimage","url":"https:\/\/www.posk.se\/folkungabygden\/wp-content\/uploads\/sites\/69\/2025\/05\/del-av-posk-gruppen-rotated.jpeg","contentUrl":"https:\/\/www.posk.se\/folkungabygden\/wp-content\/uploads\/sites\/69\/2025\/05\/del-av-posk-gruppen-rotated.jpeg","width":2016,"height":1512},{"@type":"BreadcrumbList","@id":"https:\/\/www.posk.se\/folkungabygden\/fortroendevalda-2026-2029\/#breadcrumb","itemListElement":[{"@type":"ListItem","position":1,"name":"Hem","item":"https:\/\/www.posk.se\/folkungabygden\/"},{"@type":"ListItem","position":2,"name":"F\u00f6rtroendevalda 2026-2029"}]},{"@type":"WebSite","@id":"https:\/\/www.posk.se\/folkungabygden\/#website","url":"https:\/\/www.posk.se\/folkungabygden\/","name":"Folkungabygden","description":"POSK-grupp i Link\u00f6pings stift","potentialAction":[{"@type":"SearchAction","target":{"@type":"EntryPoint","urlTemplate":"https:\/\/www.posk.se\/folkungabygden\/?s={search_term_string}"},"query-input":{"@type":"PropertyValueSpecification","valueRequired":true,"valueName":"search_term_string"}}],"inLanguage":"sv-SE"}]}},"_links":{"self":[{"href":"https:\/\/www.posk.se\/folkungabygden\/wp-json\/wp\/v2\/pages\/1264","targetHints":{"allow":["GET"]}}],"collection":[{"href":"https:\/\/www.posk.se\/folkungabygden\/wp-json\/wp\/v2\/pages"}],"about":[{"href":"https:\/\/www.posk.se\/folkungabygden\/wp-json\/wp\/v2\/types\/page"}],"author":[{"embeddable":true,"href":"https:\/\/www.posk.se\/folkungabygden\/wp-json\/wp\/v2\/users\/104"}],"replies":[{"embeddable":true,"href":"https:\/\/www.posk.se\/folkungabygden\/wp-json\/wp\/v2\/comments?post=1264"}],"version-history":[{"count":30,"href":"https:\/\/www.posk.se\/folkungabygden\/wp-json\/wp\/v2\/pages\/1264\/revisions"}],"predecessor-version":[{"id":1298,"href":"https:\/\/www.posk.se\/folkungabygden\/wp-json\/wp\/v2\/pages\/1264\/revisions\/1298"}],"wp:featuredmedia":[{"embeddable":true,"href":"https:\/\/www.posk.se\/folkungabygden\/wp-json\/wp\/v2\/media\/1022"}],"wp:attachment":[{"href":"https:\/\/www.posk.se\/folkungabygden\/wp-json\/wp\/v2\/media?parent=1264"}],"curies":[{"name":"wp","href":"https:\/\/api.w.org\/{rel}","templated":true}]}}

Förtroendevalda 2026-2029

<p><b>Kyrkofullmäktige</b><br />
<em>Ordinarie ledamöter</em><br />
Johanna Garde [<a href="https://www.posk.se/folkungabygden/kandidatpresentationer/johanna-garde-2/">&gt;</a>]<br />
Mattias Ståhlberg [<a href="https://www.posk.se/folkungabygden/kandidatpresentationer/mattias-stahlberg/">&gt;</a>]<br />
Kristina Selvin [<a href="https://www.posk.se/folkungabygden/kandidatpresentationer/kristina-selvin/">&gt;</a>]<br />
Leif Larsson [<a href="https://www.posk.se/folkungabygden/kandidatpresentationer/leif-larsson/">&gt;</a>]<br />
Ingrid Norén [<a href="https://www.posk.se/folkungabygden/kandidatpresentationer/ingrid-noren/">&gt;</a>]<br />
Helena Kagebeck<br />
Anna Trosell [<a href="https://www.posk.se/folkungabygden/kandidatpresentationer/anna-trosell/">&gt;</a>]<br />
Ulla Fornell<br />
Åke Nilsson [<a href="https://www.posk.se/folkungabygden/kandidatpresentationer/ake-nilsson/">&gt;</a>]<br />
Tommy Petersson<br />
Anette Lönn<br />
Christina Kynäs [<a href="https://www.posk.se/folkungabygden/kandidatpresentationer/christina-fredman-kynas/">&gt;</a>]<br />
Eva Cederholm [<a href="https://www.posk.se/folkungabygden/kandidatpresentationer/eva-cederholm/">&gt;</a>]<br />
Anders Montelius [<a href="https://www.posk.se/folkungabygden/kandidatpresentationer/anders-montelius/">&gt;</a>]<br />
Lena Bruzæus [<a href="https://www.posk.se/folkungabygden/kandidatpresentationer/lena-bruzaeus/">&gt;</a>]<br />
Irene Karlsson</p>
<p><em>Ersättare</em><br />
1. Irma Carlsson<br />
.<br />
Källa: <a href="https://kyrkoval.svenskakyrkan.se/Valresultat2025/slutg/Visning/Resultat/Forsamling.aspx?StiftID=3&amp;ValomradeId=12733&amp;ValtypId=7" target="_blank" rel="noopener">Valresultat</a> (<em>kyrkoval.svenskakyrkan.se</em>)</p>
<hr />
<p style="text-align: right">Verktyg för beräkning av indirekta val<br />
<a href="https://www.svenskakyrkan.se/valwebben/indirekta-val" target="_blank" rel="noopener">Läs mer</a> {<a href="https://webapp.svenskakyrkan.se/miscapp/v1/client/indirektaval/#/?stiftId=1" target="_blank" rel="noopener">Verktyget</a>}</p>

<p>Kyrkofullmäktige Ordinarie ledamöter Johanna Garde [&gt;] Mattias Ståhlberg [&gt;] Kristina Selvin [&gt;] Leif Larsson [&gt;] Ingrid Norén [&gt;] Helena Kagebeck Anna Trosell [&gt;] Ulla Fornell Åke Nilsson [&gt;] Tommy Petersson Anette Lönn Christina Kynäs [&gt;] Eva Cederholm [&gt;] Anders Montelius [&gt;] Lena Bruzæus [&gt;] Irene Karlsson Ersättare 1. Irma Carlsson . Källa: Valresultat (kyrkoval.svenskakyrkan.se) Verktyg [&hellip;]</p>

<!-- This site is optimized with the Yoast SEO plugin v24.9 - https://yoast.com/wordpress/plugins/seo/ -->
<title>Förtroendevalda 2026-2029 - Folkungabygden</title>
<meta name="robots" content="index, follow, max-snippet:-1, max-image-preview:large, max-video-preview:-1" />
<link rel="canonical" href="https://www.posk.se/folkungabygden/fortroendevalda-2026-2029/" />
<meta property="og:locale" content="sv_SE" />
<meta property="og:type" content="article" />
<meta property="og:title" content="Förtroendevalda 2026-2029 - Folkungabygden" />
<meta property="og:description" content="Kyrkofullmäktige Ordinarie ledamöter Johanna Garde [&gt;] Mattias Ståhlberg [&gt;] Kristina Selvin [&gt;] Leif Larsson [&gt;] Ingrid Norén [&gt;] Helena Kagebeck Anna Trosell [&gt;] Ulla Fornell Åke Nilsson [&gt;] Tommy Petersson Anette Lönn Christina Kynäs [&gt;] Eva Cederholm [&gt;] Anders Montelius [&gt;] Lena Bruzæus [&gt;] Irene Karlsson Ersättare 1. Irma Carlsson . Källa: Valresultat (kyrkoval.svenskakyrkan.se) Verktyg [&hellip;]" />
<meta property="og:url" content="https://www.posk.se/folkungabygden/fortroendevalda-2026-2029/" />
<meta property="og:site_name" content="Folkungabygden" />
<meta property="article:modified_time" content="2025-10-15T14:25:28+00:00" />
<meta property="og:image" content="https://www.posk.se/folkungabygden/wp-content/uploads/sites/69/2025/05/del-av-posk-gruppen-rotated.jpeg" />
	<meta property="og:image:width" content="2016" />
	<meta property="og:image:height" content="1512" />
	<meta property="og:image:type" content="image/jpeg" />
<meta name="twitter:card" content="summary_large_image" />
<meta name="twitter:label1" content="Beräknad lästid" />
	<meta name="twitter:data1" content="1 minut" />
<script type="application/ld+json" class="yoast-schema-graph">{"@context":"https://schema.org","@graph":[{"@type":"WebPage","@id":"https://www.posk.se/folkungabygden/fortroendevalda-2026-2029/","url":"https://www.posk.se/folkungabygden/fortroendevalda-2026-2029/","name":"Förtroendevalda 2026-2029 - Folkungabygden","isPartOf":{"@id":"https://www.posk.se/folkungabygden/#website"},"primaryImageOfPage":{"@id":"https://www.posk.se/folkungabygden/fortroendevalda-2026-2029/#primaryimage"},"image":{"@id":"https://www.posk.se/folkungabygden/fortroendevalda-2026-2029/#primaryimage"},"thumbnailUrl":"https://www.posk.se/folkungabygden/wp-content/uploads/sites/69/2025/05/del-av-posk-gruppen-rotated.jpeg","datePublished":"2025-10-15T13:50:43+00:00","dateModified":"2025-10-15T14:25:28+00:00","breadcrumb":{"@id":"https://www.posk.se/folkungabygden/fortroendevalda-2026-2029/#breadcrumb"},"inLanguage":"sv-SE","potentialAction":[{"@type":"ReadAction","target":["https://www.posk.se/folkungabygden/fortroendevalda-2026-2029/"]}]},{"@type":"ImageObject","inLanguage":"sv-SE","@id":"https://www.posk.se/folkungabygden/fortroendevalda-2026-2029/#primaryimage","url":"https://www.posk.se/folkungabygden/wp-content/uploads/sites/69/2025/05/del-av-posk-gruppen-rotated.jpeg","contentUrl":"https://www.posk.se/folkungabygden/wp-content/uploads/sites/69/2025/05/del-av-posk-gruppen-rotated.jpeg","width":2016,"height":1512},{"@type":"BreadcrumbList","@id":"https://www.posk.se/folkungabygden/fortroendevalda-2026-2029/#breadcrumb","itemListElement":[{"@type":"ListItem","position":1,"name":"Hem","item":"https://www.posk.se/folkungabygden/"},{"@type":"ListItem","position":2,"name":"Förtroendevalda 2026-2029"}]},{"@type":"WebSite","@id":"https://www.posk.se/folkungabygden/#website","url":"https://www.posk.se/folkungabygden/","name":"Folkungabygden","description":"POSK-grupp i Linköpings stift","potentialAction":[{"@type":"SearchAction","target":{"@type":"EntryPoint","urlTemplate":"https://www.posk.se/folkungabygden/?s={search_term_string}"},"query-input":{"@type":"PropertyValueSpecification","valueRequired":true,"valueName":"search_term_string"}}],"inLanguage":"sv-SE"}]}</script>
<!-- / Yoast SEO plugin. -->

Förtroendevalda 2026-2029 - Folkungabygden

Kyrkofullmäktige Ordinarie ledamöter Johanna Garde [&gt;] Mattias Ståhlberg [&gt;] Kristina Selvin [&gt;] Leif Larsson [&gt;] Ingrid Norén [&gt;] Helena Kagebeck Anna Trosell [&gt;] Ulla Fornell Åke Nilsson [&gt;] Tommy Petersson Anette Lönn Christina Kynäs [&gt;] Eva Cederholm [&gt;] Anders Montelius [&gt;] Lena Bruzæus [&gt;] Irene Karlsson Ersättare 1. Irma Carlsson . Källa: Valresultat (kyrkoval.svenskakyrkan.se) Verktyg [&hellip;]

POSK-grupp i Linköpings stift
