{"id":1082,"date":"2025-05-30T15:25:47","date_gmt":"2025-05-30T13:25:47","guid":{"rendered":"https:\/\/www.posk.se\/folkungabygden\/?page_id=1082"},"modified":"2025-05-30T15:34:45","modified_gmt":"2025-05-30T13:34:45","slug":"om-oss","status":"publish","type":"page","link":"https:\/\/www.posk.se\/folkungabygden\/om-oss\/","title":{"rendered":"Om oss"},"content":{"rendered":"<p><em>H\u00e4r \u00e4r vi en stark r\u00f6st f\u00f6r en kyrka fri fr\u00e5n partipolitik, d\u00e4r engagemanget i kyrkan ist\u00e4llet f\u00e5r styra.<\/em><\/p>\n<p>\u2013 <em>Vi tror p\u00e5 tillv\u00e4xt och en ny generation i Svenska kyrkan. Du kan vara med och p\u00e5verka!<\/em><\/p>\n<p><i>\u2013 Vi har id\u00e9erna f\u00f6r framtiden och vill leda utvecklingen i riktning mot en kyrka som rymmer m\u00e5ngfald och pr\u00e4glas av respekt.<\/i><\/p>\n<p>Om du \u00e4r intresserad av att veta mer om POSK och dyl., s\u00e5 h\u00f6r g\u00e4rna av dig till oss f\u00f6r mer information.<\/p>\n<p>Kontakta oss | <a href=\"https:\/\/www.posk.se\/folkungabygden\/medlemskap\/\">Bli medlem<\/a> .<\/p>\n<p>Leif Larsson, ordf\u00f6rande,<br \/>\n<a href=\"tel:0142-172 93\">0142-172 93<\/a>, <a href=\"tel:070-609 69 65\">070-609 69 65<\/a>,<br \/>\nleif.sonia@telia.com<\/p>\n<p>Kristina Selvin, sekreterare,<br \/>\n<a href=\"tel:070-243 46 86\">070-243 46 86<\/a><br \/>\nkristina.selvin@gmail.com<\/p>\n","protected":false},"excerpt":{"rendered":"<p>H\u00e4r \u00e4r vi en stark r\u00f6st f\u00f6r en kyrka fri fr\u00e5n partipolitik, d\u00e4r engagemanget i kyrkan ist\u00e4llet f\u00e5r styra. \u2013 Vi tror p\u00e5 tillv\u00e4xt och en ny generation i Svenska kyrkan. Du kan vara med och p\u00e5verka! \u2013 Vi har id\u00e9erna f\u00f6r framtiden och vill leda utvecklingen i riktning mot en kyrka som rymmer m\u00e5ngfald [&hellip;]<\/p>\n","protected":false},"author":104,"featured_media":741,"parent":0,"menu_order":3,"comment_status":"closed","ping_status":"closed","template":"page-templates\/page-sidebar-left.php","meta":{"_acf_changed":false,"footnotes":""},"class_list":["post-1082","page","type-page","status-publish","has-post-thumbnail","hentry"],"acf":[],"yoast_head":"<!-- This site is optimized with the Yoast SEO plugin v24.9 - https:\/\/yoast.com\/wordpress\/plugins\/seo\/ -->\n<title>Om oss - Folkungabygden<\/title>\n<meta name=\"robots\" content=\"index, follow, max-snippet:-1, max-image-preview:large, max-video-preview:-1\" \/>\n<link rel=\"canonical\" href=\"https:\/\/www.posk.se\/folkungabygden\/om-oss\/\" \/>\n<meta property=\"og:locale\" content=\"sv_SE\" \/>\n<meta property=\"og:type\" content=\"article\" \/>\n<meta property=\"og:title\" content=\"Om oss - Folkungabygden\" \/>\n<meta property=\"og:description\" content=\"H\u00e4r \u00e4r vi en stark r\u00f6st f\u00f6r en kyrka fri fr\u00e5n partipolitik, d\u00e4r engagemanget i kyrkan ist\u00e4llet f\u00e5r styra. \u2013 Vi tror p\u00e5 tillv\u00e4xt och en ny generation i Svenska kyrkan. Du kan vara med och p\u00e5verka! \u2013 Vi har id\u00e9erna f\u00f6r framtiden och vill leda utvecklingen i riktning mot en kyrka som rymmer m\u00e5ngfald [&hellip;]\" \/>\n<meta property=\"og:url\" content=\"https:\/\/www.posk.se\/folkungabygden\/om-oss\/\" \/>\n<meta property=\"og:site_name\" content=\"Folkungabygden\" \/>\n<meta property=\"article:modified_time\" content=\"2025-05-30T13:34:45+00:00\" \/>\n<meta property=\"og:image\" content=\"https:\/\/www.posk.se\/folkungabygden\/wp-content\/uploads\/sites\/69\/2021\/09\/b64347b1-6bd2-4fb1-8bd8-01cf5a22f963.jpeg\" \/>\n\t<meta property=\"og:image:width\" content=\"2016\" \/>\n\t<meta property=\"og:image:height\" content=\"1512\" \/>\n\t<meta property=\"og:image:type\" content=\"image\/jpeg\" \/>\n<meta name=\"twitter:card\" content=\"summary_large_image\" \/>\n<meta name=\"twitter:label1\" content=\"Ber\u00e4knad l\u00e4stid\" \/>\n\t<meta name=\"twitter:data1\" content=\"1 minut\" \/>\n<script type=\"application\/ld+json\" class=\"yoast-schema-graph\">{\"@context\":\"https:\/\/schema.org\",\"@graph\":[{\"@type\":\"WebPage\",\"@id\":\"https:\/\/www.posk.se\/folkungabygden\/om-oss\/\",\"url\":\"https:\/\/www.posk.se\/folkungabygden\/om-oss\/\",\"name\":\"Om oss - Folkungabygden\",\"isPartOf\":{\"@id\":\"https:\/\/www.posk.se\/folkungabygden\/#website\"},\"primaryImageOfPage\":{\"@id\":\"https:\/\/www.posk.se\/folkungabygden\/om-oss\/#primaryimage\"},\"image\":{\"@id\":\"https:\/\/www.posk.se\/folkungabygden\/om-oss\/#primaryimage\"},\"thumbnailUrl\":\"https:\/\/www.posk.se\/folkungabygden\/wp-content\/uploads\/sites\/69\/2021\/09\/b64347b1-6bd2-4fb1-8bd8-01cf5a22f963.jpeg\",\"datePublished\":\"2025-05-30T13:25:47+00:00\",\"dateModified\":\"2025-05-30T13:34:45+00:00\",\"breadcrumb\":{\"@id\":\"https:\/\/www.posk.se\/folkungabygden\/om-oss\/#breadcrumb\"},\"inLanguage\":\"sv-SE\",\"potentialAction\":[{\"@type\":\"ReadAction\",\"target\":[\"https:\/\/www.posk.se\/folkungabygden\/om-oss\/\"]}]},{\"@type\":\"ImageObject\",\"inLanguage\":\"sv-SE\",\"@id\":\"https:\/\/www.posk.se\/folkungabygden\/om-oss\/#primaryimage\",\"url\":\"https:\/\/www.posk.se\/folkungabygden\/wp-content\/uploads\/sites\/69\/2021\/09\/b64347b1-6bd2-4fb1-8bd8-01cf5a22f963.jpeg\",\"contentUrl\":\"https:\/\/www.posk.se\/folkungabygden\/wp-content\/uploads\/sites\/69\/2021\/09\/b64347b1-6bd2-4fb1-8bd8-01cf5a22f963.jpeg\",\"width\":2016,\"height\":1512},{\"@type\":\"BreadcrumbList\",\"@id\":\"https:\/\/www.posk.se\/folkungabygden\/om-oss\/#breadcrumb\",\"itemListElement\":[{\"@type\":\"ListItem\",\"position\":1,\"name\":\"Hem\",\"item\":\"https:\/\/www.posk.se\/folkungabygden\/\"},{\"@type\":\"ListItem\",\"position\":2,\"name\":\"Om oss\"}]},{\"@type\":\"WebSite\",\"@id\":\"https:\/\/www.posk.se\/folkungabygden\/#website\",\"url\":\"https:\/\/www.posk.se\/folkungabygden\/\",\"name\":\"Folkungabygden\",\"description\":\"POSK-grupp i Link\u00f6pings stift\",\"potentialAction\":[{\"@type\":\"SearchAction\",\"target\":{\"@type\":\"EntryPoint\",\"urlTemplate\":\"https:\/\/www.posk.se\/folkungabygden\/?s={search_term_string}\"},\"query-input\":{\"@type\":\"PropertyValueSpecification\",\"valueRequired\":true,\"valueName\":\"search_term_string\"}}],\"inLanguage\":\"sv-SE\"}]}<\/script>\n<!-- \/ Yoast SEO plugin. -->","yoast_head_json":{"title":"Om oss - Folkungabygden","robots":{"index":"index","follow":"follow","max-snippet":"max-snippet:-1","max-image-preview":"max-image-preview:large","max-video-preview":"max-video-preview:-1"},"canonical":"https:\/\/www.posk.se\/folkungabygden\/om-oss\/","og_locale":"sv_SE","og_type":"article","og_title":"Om oss - Folkungabygden","og_description":"H\u00e4r \u00e4r vi en stark r\u00f6st f\u00f6r en kyrka fri fr\u00e5n partipolitik, d\u00e4r engagemanget i kyrkan ist\u00e4llet f\u00e5r styra. \u2013 Vi tror p\u00e5 tillv\u00e4xt och en ny generation i Svenska kyrkan. Du kan vara med och p\u00e5verka! \u2013 Vi har id\u00e9erna f\u00f6r framtiden och vill leda utvecklingen i riktning mot en kyrka som rymmer m\u00e5ngfald [&hellip;]","og_url":"https:\/\/www.posk.se\/folkungabygden\/om-oss\/","og_site_name":"Folkungabygden","article_modified_time":"2025-05-30T13:34:45+00:00","og_image":[{"width":2016,"height":1512,"url":"https:\/\/www.posk.se\/folkungabygden\/wp-content\/uploads\/sites\/69\/2021\/09\/b64347b1-6bd2-4fb1-8bd8-01cf5a22f963.jpeg","type":"image\/jpeg"}],"twitter_card":"summary_large_image","twitter_misc":{"Ber\u00e4knad l\u00e4stid":"1 minut"},"schema":{"@context":"https:\/\/schema.org","@graph":[{"@type":"WebPage","@id":"https:\/\/www.posk.se\/folkungabygden\/om-oss\/","url":"https:\/\/www.posk.se\/folkungabygden\/om-oss\/","name":"Om oss - Folkungabygden","isPartOf":{"@id":"https:\/\/www.posk.se\/folkungabygden\/#website"},"primaryImageOfPage":{"@id":"https:\/\/www.posk.se\/folkungabygden\/om-oss\/#primaryimage"},"image":{"@id":"https:\/\/www.posk.se\/folkungabygden\/om-oss\/#primaryimage"},"thumbnailUrl":"https:\/\/www.posk.se\/folkungabygden\/wp-content\/uploads\/sites\/69\/2021\/09\/b64347b1-6bd2-4fb1-8bd8-01cf5a22f963.jpeg","datePublished":"2025-05-30T13:25:47+00:00","dateModified":"2025-05-30T13:34:45+00:00","breadcrumb":{"@id":"https:\/\/www.posk.se\/folkungabygden\/om-oss\/#breadcrumb"},"inLanguage":"sv-SE","potentialAction":[{"@type":"ReadAction","target":["https:\/\/www.posk.se\/folkungabygden\/om-oss\/"]}]},{"@type":"ImageObject","inLanguage":"sv-SE","@id":"https:\/\/www.posk.se\/folkungabygden\/om-oss\/#primaryimage","url":"https:\/\/www.posk.se\/folkungabygden\/wp-content\/uploads\/sites\/69\/2021\/09\/b64347b1-6bd2-4fb1-8bd8-01cf5a22f963.jpeg","contentUrl":"https:\/\/www.posk.se\/folkungabygden\/wp-content\/uploads\/sites\/69\/2021\/09\/b64347b1-6bd2-4fb1-8bd8-01cf5a22f963.jpeg","width":2016,"height":1512},{"@type":"BreadcrumbList","@id":"https:\/\/www.posk.se\/folkungabygden\/om-oss\/#breadcrumb","itemListElement":[{"@type":"ListItem","position":1,"name":"Hem","item":"https:\/\/www.posk.se\/folkungabygden\/"},{"@type":"ListItem","position":2,"name":"Om oss"}]},{"@type":"WebSite","@id":"https:\/\/www.posk.se\/folkungabygden\/#website","url":"https:\/\/www.posk.se\/folkungabygden\/","name":"Folkungabygden","description":"POSK-grupp i Link\u00f6pings stift","potentialAction":[{"@type":"SearchAction","target":{"@type":"EntryPoint","urlTemplate":"https:\/\/www.posk.se\/folkungabygden\/?s={search_term_string}"},"query-input":{"@type":"PropertyValueSpecification","valueRequired":true,"valueName":"search_term_string"}}],"inLanguage":"sv-SE"}]}},"_links":{"self":[{"href":"https:\/\/www.posk.se\/folkungabygden\/wp-json\/wp\/v2\/pages\/1082","targetHints":{"allow":["GET"]}}],"collection":[{"href":"https:\/\/www.posk.se\/folkungabygden\/wp-json\/wp\/v2\/pages"}],"about":[{"href":"https:\/\/www.posk.se\/folkungabygden\/wp-json\/wp\/v2\/types\/page"}],"author":[{"embeddable":true,"href":"https:\/\/www.posk.se\/folkungabygden\/wp-json\/wp\/v2\/users\/104"}],"replies":[{"embeddable":true,"href":"https:\/\/www.posk.se\/folkungabygden\/wp-json\/wp\/v2\/comments?post=1082"}],"version-history":[{"count":7,"href":"https:\/\/www.posk.se\/folkungabygden\/wp-json\/wp\/v2\/pages\/1082\/revisions"}],"predecessor-version":[{"id":1089,"href":"https:\/\/www.posk.se\/folkungabygden\/wp-json\/wp\/v2\/pages\/1082\/revisions\/1089"}],"wp:featuredmedia":[{"embeddable":true,"href":"https:\/\/www.posk.se\/folkungabygden\/wp-json\/wp\/v2\/media\/741"}],"wp:attachment":[{"href":"https:\/\/www.posk.se\/folkungabygden\/wp-json\/wp\/v2\/media?parent=1082"}],"curies":[{"name":"wp","href":"https:\/\/api.w.org\/{rel}","templated":true}]}}

<p><em>Här är vi en stark röst för en kyrka fri från partipolitik, där engagemanget i kyrkan istället får styra.</em></p>
<p>– <em>Vi tror på tillväxt och en ny generation i Svenska kyrkan. Du kan vara med och påverka!</em></p>
<p><i>– Vi har idéerna för framtiden och vill leda utvecklingen i riktning mot en kyrka som rymmer mångfald och präglas av respekt.</i></p>
<p>Om du är intresserad av att veta mer om POSK och dyl., så hör gärna av dig till oss för mer information.</p>
<p>Kontakta oss | <a href="https://www.posk.se/folkungabygden/medlemskap/">Bli medlem</a> .</p>
<p>Leif Larsson, ordförande,<br />
<a href="tel:0142-172 93">0142-172 93</a>, <a href="tel:070-609 69 65">070-609 69 65</a>,<br />
leif.sonia@telia.com</p>
<p>Kristina Selvin, sekreterare,<br />
<a href="tel:070-243 46 86">070-243 46 86</a><br />
kristina.selvin@gmail.com</p>

<p>Här är vi en stark röst för en kyrka fri från partipolitik, där engagemanget i kyrkan istället får styra. – Vi tror på tillväxt och en ny generation i Svenska kyrkan. Du kan vara med och påverka! – Vi har idéerna för framtiden och vill leda utvecklingen i riktning mot en kyrka som rymmer mångfald [&hellip;]</p>

<!-- This site is optimized with the Yoast SEO plugin v24.9 - https://yoast.com/wordpress/plugins/seo/ -->
<title>Om oss - Folkungabygden</title>
<meta name="robots" content="index, follow, max-snippet:-1, max-image-preview:large, max-video-preview:-1" />
<link rel="canonical" href="https://www.posk.se/folkungabygden/om-oss/" />
<meta property="og:locale" content="sv_SE" />
<meta property="og:type" content="article" />
<meta property="og:title" content="Om oss - Folkungabygden" />
<meta property="og:description" content="Här är vi en stark röst för en kyrka fri från partipolitik, där engagemanget i kyrkan istället får styra. – Vi tror på tillväxt och en ny generation i Svenska kyrkan. Du kan vara med och påverka! – Vi har idéerna för framtiden och vill leda utvecklingen i riktning mot en kyrka som rymmer mångfald [&hellip;]" />
<meta property="og:url" content="https://www.posk.se/folkungabygden/om-oss/" />
<meta property="og:site_name" content="Folkungabygden" />
<meta property="article:modified_time" content="2025-05-30T13:34:45+00:00" />
<meta property="og:image" content="https://www.posk.se/folkungabygden/wp-content/uploads/sites/69/2021/09/b64347b1-6bd2-4fb1-8bd8-01cf5a22f963.jpeg" />
	<meta property="og:image:width" content="2016" />
	<meta property="og:image:height" content="1512" />
	<meta property="og:image:type" content="image/jpeg" />
<meta name="twitter:card" content="summary_large_image" />
<meta name="twitter:label1" content="Beräknad lästid" />
	<meta name="twitter:data1" content="1 minut" />
<script type="application/ld+json" class="yoast-schema-graph">{"@context":"https://schema.org","@graph":[{"@type":"WebPage","@id":"https://www.posk.se/folkungabygden/om-oss/","url":"https://www.posk.se/folkungabygden/om-oss/","name":"Om oss - Folkungabygden","isPartOf":{"@id":"https://www.posk.se/folkungabygden/#website"},"primaryImageOfPage":{"@id":"https://www.posk.se/folkungabygden/om-oss/#primaryimage"},"image":{"@id":"https://www.posk.se/folkungabygden/om-oss/#primaryimage"},"thumbnailUrl":"https://www.posk.se/folkungabygden/wp-content/uploads/sites/69/2021/09/b64347b1-6bd2-4fb1-8bd8-01cf5a22f963.jpeg","datePublished":"2025-05-30T13:25:47+00:00","dateModified":"2025-05-30T13:34:45+00:00","breadcrumb":{"@id":"https://www.posk.se/folkungabygden/om-oss/#breadcrumb"},"inLanguage":"sv-SE","potentialAction":[{"@type":"ReadAction","target":["https://www.posk.se/folkungabygden/om-oss/"]}]},{"@type":"ImageObject","inLanguage":"sv-SE","@id":"https://www.posk.se/folkungabygden/om-oss/#primaryimage","url":"https://www.posk.se/folkungabygden/wp-content/uploads/sites/69/2021/09/b64347b1-6bd2-4fb1-8bd8-01cf5a22f963.jpeg","contentUrl":"https://www.posk.se/folkungabygden/wp-content/uploads/sites/69/2021/09/b64347b1-6bd2-4fb1-8bd8-01cf5a22f963.jpeg","width":2016,"height":1512},{"@type":"BreadcrumbList","@id":"https://www.posk.se/folkungabygden/om-oss/#breadcrumb","itemListElement":[{"@type":"ListItem","position":1,"name":"Hem","item":"https://www.posk.se/folkungabygden/"},{"@type":"ListItem","position":2,"name":"Om oss"}]},{"@type":"WebSite","@id":"https://www.posk.se/folkungabygden/#website","url":"https://www.posk.se/folkungabygden/","name":"Folkungabygden","description":"POSK-grupp i Linköpings stift","potentialAction":[{"@type":"SearchAction","target":{"@type":"EntryPoint","urlTemplate":"https://www.posk.se/folkungabygden/?s={search_term_string}"},"query-input":{"@type":"PropertyValueSpecification","valueRequired":true,"valueName":"search_term_string"}}],"inLanguage":"sv-SE"}]}</script>
<!-- / Yoast SEO plugin. -->

Här är vi en stark röst för en kyrka fri från partipolitik, där engagemanget i kyrkan istället får styra. – Vi tror på tillväxt och en ny generation i Svenska kyrkan. Du kan vara med och påverka! – Vi har idéerna för framtiden och vill leda utvecklingen i riktning mot en kyrka som rymmer mångfald [&hellip;]

POSK-grupp i Linköpings stift
