{"id":721,"date":"2021-09-10T09:20:51","date_gmt":"2021-09-10T07:20:51","guid":{"rendered":"https:\/\/www.posk.se\/folkungabygden\/wp-content\/uploads\/sites\/69\/2021\/09\/ragangen-mellan-tros-och-asiktsgemenskap-corren-10921.pdf"},"modified":"2021-09-10T09:20:51","modified_gmt":"2021-09-10T07:20:51","slug":"ragangen-mellan-tros-och-asiktsgemenskap-corren-10921","status":"inherit","type":"attachment","link":"https:\/\/www.posk.se\/folkungabygden\/om-oss\/motioner\/ragangen-mellan-tros-och-asiktsgemenskap-corren-10921\/","title":{"rendered":"R\u00e5g\u00e5ngen mellan tros-och \u00e5siktsgemenskap-Corren 10.9.21"},"author":1587,"featured_media":0,"comment_status":"closed","ping_status":"closed","template":"","meta":{"_acf_changed":false},"class_list":["post-721","attachment","type-attachment","status-inherit","hentry"],"acf":[],"yoast_head":"<!-- This site is optimized with the Yoast SEO plugin v24.9 - https:\/\/yoast.com\/wordpress\/plugins\/seo\/ -->\n<title>R\u00e5g\u00e5ngen mellan tros-och \u00e5siktsgemenskap-Corren 10.9.21 - Folkungabygden<\/title>\n<meta name=\"robots\" content=\"index, follow, max-snippet:-1, max-image-preview:large, max-video-preview:-1\" \/>\n<link rel=\"canonical\" href=\"https:\/\/www.posk.se\/folkungabygden\/wp-content\/uploads\/sites\/69\/2021\/09\/ragangen-mellan-tros-och-asiktsgemenskap-corren-10921.pdf\" \/>\n<meta property=\"og:locale\" content=\"sv_SE\" \/>\n<meta property=\"og:type\" content=\"article\" \/>\n<meta property=\"og:title\" content=\"R\u00e5g\u00e5ngen mellan tros-och \u00e5siktsgemenskap-Corren 10.9.21 - Folkungabygden\" \/>\n<meta property=\"og:url\" content=\"https:\/\/www.posk.se\/folkungabygden\/wp-content\/uploads\/sites\/69\/2021\/09\/ragangen-mellan-tros-och-asiktsgemenskap-corren-10921.pdf\" \/>\n<meta property=\"og:site_name\" content=\"Folkungabygden\" \/>\n<meta name=\"twitter:card\" content=\"summary_large_image\" \/>\n<script type=\"application\/ld+json\" class=\"yoast-schema-graph\">{\"@context\":\"https:\/\/schema.org\",\"@graph\":[{\"@type\":\"WebPage\",\"@id\":\"https:\/\/www.posk.se\/folkungabygden\/wp-content\/uploads\/sites\/69\/2021\/09\/ragangen-mellan-tros-och-asiktsgemenskap-corren-10921.pdf\",\"url\":\"https:\/\/www.posk.se\/folkungabygden\/wp-content\/uploads\/sites\/69\/2021\/09\/ragangen-mellan-tros-och-asiktsgemenskap-corren-10921.pdf\",\"name\":\"R\u00e5g\u00e5ngen mellan tros-och \u00e5siktsgemenskap-Corren 10.9.21 - Folkungabygden\",\"isPartOf\":{\"@id\":\"https:\/\/www.posk.se\/folkungabygden\/#website\"},\"datePublished\":\"2021-09-10T07:20:51+00:00\",\"breadcrumb\":{\"@id\":\"https:\/\/www.posk.se\/folkungabygden\/wp-content\/uploads\/sites\/69\/2021\/09\/ragangen-mellan-tros-och-asiktsgemenskap-corren-10921.pdf#breadcrumb\"},\"inLanguage\":\"sv-SE\",\"potentialAction\":[{\"@type\":\"ReadAction\",\"target\":[\"https:\/\/www.posk.se\/folkungabygden\/wp-content\/uploads\/sites\/69\/2021\/09\/ragangen-mellan-tros-och-asiktsgemenskap-corren-10921.pdf\"]}]},{\"@type\":\"BreadcrumbList\",\"@id\":\"https:\/\/www.posk.se\/folkungabygden\/wp-content\/uploads\/sites\/69\/2021\/09\/ragangen-mellan-tros-och-asiktsgemenskap-corren-10921.pdf#breadcrumb\",\"itemListElement\":[{\"@type\":\"ListItem\",\"position\":1,\"name\":\"Hem\",\"item\":\"https:\/\/www.posk.se\/folkungabygden\/\"},{\"@type\":\"ListItem\",\"position\":2,\"name\":\"Om oss\",\"item\":\"https:\/\/www.posk.se\/folkungabygden\/om-oss\/\"},{\"@type\":\"ListItem\",\"position\":3,\"name\":\"Debattartiklar\",\"item\":\"https:\/\/www.posk.se\/folkungabygden\/om-oss\/motioner\/\"},{\"@type\":\"ListItem\",\"position\":4,\"name\":\"R\u00e5g\u00e5ngen mellan tros-och \u00e5siktsgemenskap-Corren 10.9.21\"}]},{\"@type\":\"WebSite\",\"@id\":\"https:\/\/www.posk.se\/folkungabygden\/#website\",\"url\":\"https:\/\/www.posk.se\/folkungabygden\/\",\"name\":\"Folkungabygden\",\"description\":\"POSK-grupp i Link\u00f6pings stift\",\"potentialAction\":[{\"@type\":\"SearchAction\",\"target\":{\"@type\":\"EntryPoint\",\"urlTemplate\":\"https:\/\/www.posk.se\/folkungabygden\/?s={search_term_string}\"},\"query-input\":{\"@type\":\"PropertyValueSpecification\",\"valueRequired\":true,\"valueName\":\"search_term_string\"}}],\"inLanguage\":\"sv-SE\"}]}<\/script>\n<!-- \/ Yoast SEO plugin. -->","yoast_head_json":{"title":"R\u00e5g\u00e5ngen mellan tros-och \u00e5siktsgemenskap-Corren 10.9.21 - Folkungabygden","robots":{"index":"index","follow":"follow","max-snippet":"max-snippet:-1","max-image-preview":"max-image-preview:large","max-video-preview":"max-video-preview:-1"},"canonical":"https:\/\/www.posk.se\/folkungabygden\/wp-content\/uploads\/sites\/69\/2021\/09\/ragangen-mellan-tros-och-asiktsgemenskap-corren-10921.pdf","og_locale":"sv_SE","og_type":"article","og_title":"R\u00e5g\u00e5ngen mellan tros-och \u00e5siktsgemenskap-Corren 10.9.21 - Folkungabygden","og_url":"https:\/\/www.posk.se\/folkungabygden\/wp-content\/uploads\/sites\/69\/2021\/09\/ragangen-mellan-tros-och-asiktsgemenskap-corren-10921.pdf","og_site_name":"Folkungabygden","twitter_card":"summary_large_image","schema":{"@context":"https:\/\/schema.org","@graph":[{"@type":"WebPage","@id":"https:\/\/www.posk.se\/folkungabygden\/wp-content\/uploads\/sites\/69\/2021\/09\/ragangen-mellan-tros-och-asiktsgemenskap-corren-10921.pdf","url":"https:\/\/www.posk.se\/folkungabygden\/wp-content\/uploads\/sites\/69\/2021\/09\/ragangen-mellan-tros-och-asiktsgemenskap-corren-10921.pdf","name":"R\u00e5g\u00e5ngen mellan tros-och \u00e5siktsgemenskap-Corren 10.9.21 - Folkungabygden","isPartOf":{"@id":"https:\/\/www.posk.se\/folkungabygden\/#website"},"datePublished":"2021-09-10T07:20:51+00:00","breadcrumb":{"@id":"https:\/\/www.posk.se\/folkungabygden\/wp-content\/uploads\/sites\/69\/2021\/09\/ragangen-mellan-tros-och-asiktsgemenskap-corren-10921.pdf#breadcrumb"},"inLanguage":"sv-SE","potentialAction":[{"@type":"ReadAction","target":["https:\/\/www.posk.se\/folkungabygden\/wp-content\/uploads\/sites\/69\/2021\/09\/ragangen-mellan-tros-och-asiktsgemenskap-corren-10921.pdf"]}]},{"@type":"BreadcrumbList","@id":"https:\/\/www.posk.se\/folkungabygden\/wp-content\/uploads\/sites\/69\/2021\/09\/ragangen-mellan-tros-och-asiktsgemenskap-corren-10921.pdf#breadcrumb","itemListElement":[{"@type":"ListItem","position":1,"name":"Hem","item":"https:\/\/www.posk.se\/folkungabygden\/"},{"@type":"ListItem","position":2,"name":"Om oss","item":"https:\/\/www.posk.se\/folkungabygden\/om-oss\/"},{"@type":"ListItem","position":3,"name":"Debattartiklar","item":"https:\/\/www.posk.se\/folkungabygden\/om-oss\/motioner\/"},{"@type":"ListItem","position":4,"name":"R\u00e5g\u00e5ngen mellan tros-och \u00e5siktsgemenskap-Corren 10.9.21"}]},{"@type":"WebSite","@id":"https:\/\/www.posk.se\/folkungabygden\/#website","url":"https:\/\/www.posk.se\/folkungabygden\/","name":"Folkungabygden","description":"POSK-grupp i Link\u00f6pings stift","potentialAction":[{"@type":"SearchAction","target":{"@type":"EntryPoint","urlTemplate":"https:\/\/www.posk.se\/folkungabygden\/?s={search_term_string}"},"query-input":{"@type":"PropertyValueSpecification","valueRequired":true,"valueName":"search_term_string"}}],"inLanguage":"sv-SE"}]}},"description":{"rendered":"<p class=\"attachment\"><a href='https:\/\/www.posk.se\/folkungabygden\/wp-content\/uploads\/sites\/69\/2021\/09\/ragangen-mellan-tros-och-asiktsgemenskap-corren-10921.pdf'><img loading=\"lazy\" decoding=\"async\" width=\"210\" height=\"300\" src=\"https:\/\/www.posk.se\/folkungabygden\/wp-content\/uploads\/sites\/69\/2021\/09\/ragangen-mellan-tros-och-asiktsgemenskap-corren-10921-pdf-210x300.jpg\" class=\"attachment-medium size-medium\" alt=\"\" \/><\/a><\/p>\n"},"caption":{"rendered":""},"alt_text":"","media_type":"file","mime_type":"application\/pdf","media_details":{"sizes":{"full":{"file":"ragangen-mellan-tros-och-asiktsgemenskap-corren-10921-pdf.jpg","width":1028,"height":1466,"mime_type":"application\/pdf","source_url":"https:\/\/www.posk.se\/folkungabygden\/wp-content\/uploads\/sites\/69\/2021\/09\/ragangen-mellan-tros-och-asiktsgemenskap-corren-10921-pdf.jpg"},"medium":{"file":"ragangen-mellan-tros-och-asiktsgemenskap-corren-10921-pdf-210x300.jpg","width":210,"height":300,"mime_type":"image\/jpeg","source_url":"https:\/\/www.posk.se\/folkungabygden\/wp-content\/uploads\/sites\/69\/2021\/09\/ragangen-mellan-tros-och-asiktsgemenskap-corren-10921-pdf-210x300.jpg"},"large":{"file":"ragangen-mellan-tros-och-asiktsgemenskap-corren-10921-pdf-718x1024.jpg","width":718,"height":1024,"mime_type":"image\/jpeg","source_url":"https:\/\/www.posk.se\/folkungabygden\/wp-content\/uploads\/sites\/69\/2021\/09\/ragangen-mellan-tros-och-asiktsgemenskap-corren-10921-pdf-718x1024.jpg"},"thumbnail":{"file":"ragangen-mellan-tros-och-asiktsgemenskap-corren-10921-pdf-105x150.jpg","width":105,"height":150,"mime_type":"image\/jpeg","source_url":"https:\/\/www.posk.se\/folkungabygden\/wp-content\/uploads\/sites\/69\/2021\/09\/ragangen-mellan-tros-och-asiktsgemenskap-corren-10921-pdf-105x150.jpg"}}},"post":318,"source_url":"https:\/\/www.posk.se\/folkungabygden\/wp-content\/uploads\/sites\/69\/2021\/09\/ragangen-mellan-tros-och-asiktsgemenskap-corren-10921.pdf","_links":{"self":[{"href":"https:\/\/www.posk.se\/folkungabygden\/wp-json\/wp\/v2\/media\/721","targetHints":{"allow":["GET"]}}],"collection":[{"href":"https:\/\/www.posk.se\/folkungabygden\/wp-json\/wp\/v2\/media"}],"about":[{"href":"https:\/\/www.posk.se\/folkungabygden\/wp-json\/wp\/v2\/types\/attachment"}],"author":[{"embeddable":true,"href":"https:\/\/www.posk.se\/folkungabygden\/wp-json\/wp\/v2\/users\/1587"}],"replies":[{"embeddable":true,"href":"https:\/\/www.posk.se\/folkungabygden\/wp-json\/wp\/v2\/comments?post=721"}]}}

Rågången mellan tros-och åsiktsgemenskap-Corren 10.9.21

<!-- This site is optimized with the Yoast SEO plugin v24.9 - https://yoast.com/wordpress/plugins/seo/ -->
<title>Rågången mellan tros-och åsiktsgemenskap-Corren 10.9.21 - Folkungabygden</title>
<meta name="robots" content="index, follow, max-snippet:-1, max-image-preview:large, max-video-preview:-1" />
<link rel="canonical" href="https://www.posk.se/folkungabygden/wp-content/uploads/sites/69/2021/09/ragangen-mellan-tros-och-asiktsgemenskap-corren-10921.pdf" />
<meta property="og:locale" content="sv_SE" />
<meta property="og:type" content="article" />
<meta property="og:title" content="Rågången mellan tros-och åsiktsgemenskap-Corren 10.9.21 - Folkungabygden" />
<meta property="og:url" content="https://www.posk.se/folkungabygden/wp-content/uploads/sites/69/2021/09/ragangen-mellan-tros-och-asiktsgemenskap-corren-10921.pdf" />
<meta property="og:site_name" content="Folkungabygden" />
<meta name="twitter:card" content="summary_large_image" />
<script type="application/ld+json" class="yoast-schema-graph">{"@context":"https://schema.org","@graph":[{"@type":"WebPage","@id":"https://www.posk.se/folkungabygden/wp-content/uploads/sites/69/2021/09/ragangen-mellan-tros-och-asiktsgemenskap-corren-10921.pdf","url":"https://www.posk.se/folkungabygden/wp-content/uploads/sites/69/2021/09/ragangen-mellan-tros-och-asiktsgemenskap-corren-10921.pdf","name":"Rågången mellan tros-och åsiktsgemenskap-Corren 10.9.21 - Folkungabygden","isPartOf":{"@id":"https://www.posk.se/folkungabygden/#website"},"datePublished":"2021-09-10T07:20:51+00:00","breadcrumb":{"@id":"https://www.posk.se/folkungabygden/wp-content/uploads/sites/69/2021/09/ragangen-mellan-tros-och-asiktsgemenskap-corren-10921.pdf#breadcrumb"},"inLanguage":"sv-SE","potentialAction":[{"@type":"ReadAction","target":["https://www.posk.se/folkungabygden/wp-content/uploads/sites/69/2021/09/ragangen-mellan-tros-och-asiktsgemenskap-corren-10921.pdf"]}]},{"@type":"BreadcrumbList","@id":"https://www.posk.se/folkungabygden/wp-content/uploads/sites/69/2021/09/ragangen-mellan-tros-och-asiktsgemenskap-corren-10921.pdf#breadcrumb","itemListElement":[{"@type":"ListItem","position":1,"name":"Hem","item":"https://www.posk.se/folkungabygden/"},{"@type":"ListItem","position":2,"name":"Om oss","item":"https://www.posk.se/folkungabygden/om-oss/"},{"@type":"ListItem","position":3,"name":"Debattartiklar","item":"https://www.posk.se/folkungabygden/om-oss/motioner/"},{"@type":"ListItem","position":4,"name":"Rågången mellan tros-och åsiktsgemenskap-Corren 10.9.21"}]},{"@type":"WebSite","@id":"https://www.posk.se/folkungabygden/#website","url":"https://www.posk.se/folkungabygden/","name":"Folkungabygden","description":"POSK-grupp i Linköpings stift","potentialAction":[{"@type":"SearchAction","target":{"@type":"EntryPoint","urlTemplate":"https://www.posk.se/folkungabygden/?s={search_term_string}"},"query-input":{"@type":"PropertyValueSpecification","valueRequired":true,"valueName":"search_term_string"}}],"inLanguage":"sv-SE"}]}</script>
<!-- / Yoast SEO plugin. -->

Rågången mellan tros-och åsiktsgemenskap-Corren 10.9.21 - Folkungabygden

POSK-grupp i Linköpings stift
