{"id":65,"date":"2025-09-04T11:00:35","date_gmt":"2025-09-04T09:00:35","guid":{"rendered":"https:\/\/www.posk.se\/farsta\/?page_id=65"},"modified":"2025-09-04T17:58:35","modified_gmt":"2025-09-04T15:58:35","slug":"65-2","status":"publish","type":"page","link":"https:\/\/www.posk.se\/farsta\/65-2\/","title":{"rendered":"Lillian Roos Ahlforn"},"content":{"rendered":"<p><img loading=\"lazy\" decoding=\"async\" class=\"size-medium wp-image-66\" src=\"https:\/\/www.posk.se\/farsta\/wp-content\/uploads\/sites\/295\/2025\/09\/20250820-181111-223x300.jpg\" alt=\"\" width=\"223\" height=\"300\" srcset=\"https:\/\/www.posk.se\/farsta\/wp-content\/uploads\/sites\/295\/2025\/09\/20250820-181111-223x300.jpg 223w, https:\/\/www.posk.se\/farsta\/wp-content\/uploads\/sites\/295\/2025\/09\/20250820-181111-763x1024.jpg 763w, https:\/\/www.posk.se\/farsta\/wp-content\/uploads\/sites\/295\/2025\/09\/20250820-181111-768x1031.jpg 768w, https:\/\/www.posk.se\/farsta\/wp-content\/uploads\/sites\/295\/2025\/09\/20250820-181111-1144x1536.jpg 1144w, https:\/\/www.posk.se\/farsta\/wp-content\/uploads\/sites\/295\/2025\/09\/20250820-181111-330x443.jpg 330w, https:\/\/www.posk.se\/farsta\/wp-content\/uploads\/sites\/295\/2025\/09\/20250820-181111.jpg 1168w\" sizes=\"auto, (max-width: 223px) 100vw, 223px\" \/>Lillian Roos Ahlforn<\/p>\n<div dir=\"auto\">Jag \u00e4r pensionerad speciall\u00e4rare med bl.a. m\u00e5nga konst och hantverksintressen.<\/div>\n<p>&nbsp;<\/p>\n<div dir=\"auto\">Har varit aktiv i kyrkans ideella arbete sedan barndomen.<\/div>\n<p>&nbsp;<\/p>\n<div dir=\"auto\">Tidigare var jag ledamot f\u00f6r POSK i Skarpn\u00e4cks f\u00f6rsamling och efter flytt till Farsta engagerad i POSK h\u00e4r.<\/div>\n<p>&nbsp;<\/p>\n<div dir=\"auto\"><\/div>\n<p>&nbsp;<\/p>\n<div dir=\"auto\">F\u00f6r mig \u00e4r kyrkan &#8230;<\/div>\n<p>&nbsp;<\/p>\n<div dir=\"auto\">\u00f7\u00a0 en plats f\u00f6r tro, livsfr\u00e5gor, gemenskap och ideellt arbete.<\/div>\n<div dir=\"auto\">\u00f7\u00a0 en m\u00f6tesplats f\u00f6r alla \u00e5ldrar i livets olika skeden i en orolig v\u00e4rld.<\/div>\n<div dir=\"auto\">\u00f7\u00a0 en \u00f6ppen och v\u00e4lkomnande kyrka d\u00e4r alla f\u00e5r m\u00f6jlighet att dela b\u00e5de gl\u00e4dje, sorg och ansvar.<\/div>\n<p>&nbsp;<\/p>\n<p>&nbsp;<\/p>\n","protected":false},"excerpt":{"rendered":"<p>Lillian Roos Ahlforn Jag \u00e4r pensionerad speciall\u00e4rare med bl.a. m\u00e5nga konst och hantverksintressen. &nbsp; Har varit aktiv i kyrkans ideella arbete sedan barndomen. &nbsp; Tidigare var jag ledamot f\u00f6r POSK i Skarpn\u00e4cks f\u00f6rsamling och efter flytt till Farsta engagerad i POSK h\u00e4r. &nbsp; &nbsp; F\u00f6r mig \u00e4r kyrkan &#8230; &nbsp; \u00f7\u00a0 en plats f\u00f6r tro, [&hellip;]<\/p>\n","protected":false},"author":1968,"featured_media":0,"parent":0,"menu_order":0,"comment_status":"closed","ping_status":"closed","template":"page-templates\/page-sidebar-left.php","meta":{"_acf_changed":false,"footnotes":""},"class_list":["post-65","page","type-page","status-publish","hentry"],"acf":[],"yoast_head":"<!-- This site is optimized with the Yoast SEO plugin v24.9 - https:\/\/yoast.com\/wordpress\/plugins\/seo\/ -->\n<title>Lillian Roos Ahlforn - Farsta<\/title>\n<meta name=\"description\" content=\"Jag \u00e4r pensionerad speciall\u00e4rare med bl.a. m\u00e5nga konst och hantverksintressen.Har varit aktiv i kyrkans ideella arbete sedan barndomen.Tidigare var jag ledamot f\u00f6r POSK i Skarpn\u00e4cks f\u00f6rsamling och efter flytt till Farsta engagerad i POSK h\u00e4r.F\u00f6r mig \u00e4r kyrkan ...\u00f7 en plats f\u00f6r tro, livsfr\u00e5gor, gemenskap och ideellt arbete.\u00f7 en m\u00f6tesplats f\u00f6r alla \u00e5ldrar i livets olika skeden i en orolig v\u00e4rld.\u00f7 en \u00f6ppen och v\u00e4lkomnande kyrka d\u00e4r alla f\u00e5r m\u00f6jlighet att dela b\u00e5de gl\u00e4dje, sorg och ansvar.\" \/>\n<meta name=\"robots\" content=\"index, follow, max-snippet:-1, max-image-preview:large, max-video-preview:-1\" \/>\n<link rel=\"canonical\" href=\"https:\/\/www.posk.se\/farsta\/65-2\/\" \/>\n<meta property=\"og:locale\" content=\"sv_SE\" \/>\n<meta property=\"og:type\" content=\"article\" \/>\n<meta property=\"og:title\" content=\"Lillian Roos Ahlforn - Farsta\" \/>\n<meta property=\"og:description\" content=\"Jag \u00e4r pensionerad speciall\u00e4rare med bl.a. m\u00e5nga konst och hantverksintressen.Har varit aktiv i kyrkans ideella arbete sedan barndomen.Tidigare var jag ledamot f\u00f6r POSK i Skarpn\u00e4cks f\u00f6rsamling och efter flytt till Farsta engagerad i POSK h\u00e4r.F\u00f6r mig \u00e4r kyrkan ...\u00f7 en plats f\u00f6r tro, livsfr\u00e5gor, gemenskap och ideellt arbete.\u00f7 en m\u00f6tesplats f\u00f6r alla \u00e5ldrar i livets olika skeden i en orolig v\u00e4rld.\u00f7 en \u00f6ppen och v\u00e4lkomnande kyrka d\u00e4r alla f\u00e5r m\u00f6jlighet att dela b\u00e5de gl\u00e4dje, sorg och ansvar.\" \/>\n<meta property=\"og:url\" content=\"https:\/\/www.posk.se\/farsta\/65-2\/\" \/>\n<meta property=\"og:site_name\" content=\"Farsta\" \/>\n<meta property=\"article:modified_time\" content=\"2025-09-04T15:58:35+00:00\" \/>\n<meta property=\"og:image\" content=\"https:\/\/www.posk.se\/farsta\/wp-content\/uploads\/sites\/295\/2025\/09\/20250820-181111.jpg\" \/>\n\t<meta property=\"og:image:width\" content=\"1168\" \/>\n\t<meta property=\"og:image:height\" content=\"1568\" \/>\n\t<meta property=\"og:image:type\" content=\"image\/jpeg\" \/>\n<meta name=\"twitter:card\" content=\"summary_large_image\" \/>\n<meta name=\"twitter:label1\" content=\"Ber\u00e4knad l\u00e4stid\" \/>\n\t<meta name=\"twitter:data1\" content=\"1 minut\" \/>\n<script type=\"application\/ld+json\" class=\"yoast-schema-graph\">{\"@context\":\"https:\/\/schema.org\",\"@graph\":[{\"@type\":\"WebPage\",\"@id\":\"https:\/\/www.posk.se\/farsta\/65-2\/\",\"url\":\"https:\/\/www.posk.se\/farsta\/65-2\/\",\"name\":\"Lillian Roos Ahlforn - Farsta\",\"isPartOf\":{\"@id\":\"https:\/\/www.posk.se\/farsta\/#website\"},\"primaryImageOfPage\":{\"@id\":\"https:\/\/www.posk.se\/farsta\/65-2\/#primaryimage\"},\"image\":{\"@id\":\"https:\/\/www.posk.se\/farsta\/65-2\/#primaryimage\"},\"thumbnailUrl\":\"https:\/\/www.posk.se\/farsta\/wp-content\/uploads\/sites\/295\/2025\/09\/20250820-181111-223x300.jpg\",\"datePublished\":\"2025-09-04T09:00:35+00:00\",\"dateModified\":\"2025-09-04T15:58:35+00:00\",\"description\":\"Jag \u00e4r pensionerad speciall\u00e4rare med bl.a. m\u00e5nga konst och hantverksintressen.Har varit aktiv i kyrkans ideella arbete sedan barndomen.Tidigare var jag ledamot f\u00f6r POSK i Skarpn\u00e4cks f\u00f6rsamling och efter flytt till Farsta engagerad i POSK h\u00e4r.F\u00f6r mig \u00e4r kyrkan ...\u00f7 en plats f\u00f6r tro, livsfr\u00e5gor, gemenskap och ideellt arbete.\u00f7 en m\u00f6tesplats f\u00f6r alla \u00e5ldrar i livets olika skeden i en orolig v\u00e4rld.\u00f7 en \u00f6ppen och v\u00e4lkomnande kyrka d\u00e4r alla f\u00e5r m\u00f6jlighet att dela b\u00e5de gl\u00e4dje, sorg och ansvar.\",\"breadcrumb\":{\"@id\":\"https:\/\/www.posk.se\/farsta\/65-2\/#breadcrumb\"},\"inLanguage\":\"sv-SE\",\"potentialAction\":[{\"@type\":\"ReadAction\",\"target\":[\"https:\/\/www.posk.se\/farsta\/65-2\/\"]}]},{\"@type\":\"ImageObject\",\"inLanguage\":\"sv-SE\",\"@id\":\"https:\/\/www.posk.se\/farsta\/65-2\/#primaryimage\",\"url\":\"https:\/\/www.posk.se\/farsta\/wp-content\/uploads\/sites\/295\/2025\/09\/20250820-181111.jpg\",\"contentUrl\":\"https:\/\/www.posk.se\/farsta\/wp-content\/uploads\/sites\/295\/2025\/09\/20250820-181111.jpg\",\"width\":1168,\"height\":1568,\"caption\":\"Lillian Roos Ahlforn\"},{\"@type\":\"BreadcrumbList\",\"@id\":\"https:\/\/www.posk.se\/farsta\/65-2\/#breadcrumb\",\"itemListElement\":[{\"@type\":\"ListItem\",\"position\":1,\"name\":\"Hem\",\"item\":\"https:\/\/www.posk.se\/farsta\/\"},{\"@type\":\"ListItem\",\"position\":2,\"name\":\"Lillian Roos Ahlforn\"}]},{\"@type\":\"WebSite\",\"@id\":\"https:\/\/www.posk.se\/farsta\/#website\",\"url\":\"https:\/\/www.posk.se\/farsta\/\",\"name\":\"Farsta\",\"description\":\"POSK-grupp i Stockholms stift\",\"potentialAction\":[{\"@type\":\"SearchAction\",\"target\":{\"@type\":\"EntryPoint\",\"urlTemplate\":\"https:\/\/www.posk.se\/farsta\/?s={search_term_string}\"},\"query-input\":{\"@type\":\"PropertyValueSpecification\",\"valueRequired\":true,\"valueName\":\"search_term_string\"}}],\"inLanguage\":\"sv-SE\"}]}<\/script>\n<!-- \/ Yoast SEO plugin. -->","yoast_head_json":{"title":"Lillian Roos Ahlforn - Farsta","description":"Jag \u00e4r pensionerad speciall\u00e4rare med bl.a. m\u00e5nga konst och hantverksintressen.Har varit aktiv i kyrkans ideella arbete sedan barndomen.Tidigare var jag ledamot f\u00f6r POSK i Skarpn\u00e4cks f\u00f6rsamling och efter flytt till Farsta engagerad i POSK h\u00e4r.F\u00f6r mig \u00e4r kyrkan ...\u00f7 en plats f\u00f6r tro, livsfr\u00e5gor, gemenskap och ideellt arbete.\u00f7 en m\u00f6tesplats f\u00f6r alla \u00e5ldrar i livets olika skeden i en orolig v\u00e4rld.\u00f7 en \u00f6ppen och v\u00e4lkomnande kyrka d\u00e4r alla f\u00e5r m\u00f6jlighet att dela b\u00e5de gl\u00e4dje, sorg och ansvar.","robots":{"index":"index","follow":"follow","max-snippet":"max-snippet:-1","max-image-preview":"max-image-preview:large","max-video-preview":"max-video-preview:-1"},"canonical":"https:\/\/www.posk.se\/farsta\/65-2\/","og_locale":"sv_SE","og_type":"article","og_title":"Lillian Roos Ahlforn - Farsta","og_description":"Jag \u00e4r pensionerad speciall\u00e4rare med bl.a. m\u00e5nga konst och hantverksintressen.Har varit aktiv i kyrkans ideella arbete sedan barndomen.Tidigare var jag ledamot f\u00f6r POSK i Skarpn\u00e4cks f\u00f6rsamling och efter flytt till Farsta engagerad i POSK h\u00e4r.F\u00f6r mig \u00e4r kyrkan ...\u00f7 en plats f\u00f6r tro, livsfr\u00e5gor, gemenskap och ideellt arbete.\u00f7 en m\u00f6tesplats f\u00f6r alla \u00e5ldrar i livets olika skeden i en orolig v\u00e4rld.\u00f7 en \u00f6ppen och v\u00e4lkomnande kyrka d\u00e4r alla f\u00e5r m\u00f6jlighet att dela b\u00e5de gl\u00e4dje, sorg och ansvar.","og_url":"https:\/\/www.posk.se\/farsta\/65-2\/","og_site_name":"Farsta","article_modified_time":"2025-09-04T15:58:35+00:00","og_image":[{"width":1168,"height":1568,"url":"https:\/\/www.posk.se\/farsta\/wp-content\/uploads\/sites\/295\/2025\/09\/20250820-181111.jpg","type":"image\/jpeg"}],"twitter_card":"summary_large_image","twitter_misc":{"Ber\u00e4knad l\u00e4stid":"1 minut"},"schema":{"@context":"https:\/\/schema.org","@graph":[{"@type":"WebPage","@id":"https:\/\/www.posk.se\/farsta\/65-2\/","url":"https:\/\/www.posk.se\/farsta\/65-2\/","name":"Lillian Roos Ahlforn - Farsta","isPartOf":{"@id":"https:\/\/www.posk.se\/farsta\/#website"},"primaryImageOfPage":{"@id":"https:\/\/www.posk.se\/farsta\/65-2\/#primaryimage"},"image":{"@id":"https:\/\/www.posk.se\/farsta\/65-2\/#primaryimage"},"thumbnailUrl":"https:\/\/www.posk.se\/farsta\/wp-content\/uploads\/sites\/295\/2025\/09\/20250820-181111-223x300.jpg","datePublished":"2025-09-04T09:00:35+00:00","dateModified":"2025-09-04T15:58:35+00:00","description":"Jag \u00e4r pensionerad speciall\u00e4rare med bl.a. m\u00e5nga konst och hantverksintressen.Har varit aktiv i kyrkans ideella arbete sedan barndomen.Tidigare var jag ledamot f\u00f6r POSK i Skarpn\u00e4cks f\u00f6rsamling och efter flytt till Farsta engagerad i POSK h\u00e4r.F\u00f6r mig \u00e4r kyrkan ...\u00f7 en plats f\u00f6r tro, livsfr\u00e5gor, gemenskap och ideellt arbete.\u00f7 en m\u00f6tesplats f\u00f6r alla \u00e5ldrar i livets olika skeden i en orolig v\u00e4rld.\u00f7 en \u00f6ppen och v\u00e4lkomnande kyrka d\u00e4r alla f\u00e5r m\u00f6jlighet att dela b\u00e5de gl\u00e4dje, sorg och ansvar.","breadcrumb":{"@id":"https:\/\/www.posk.se\/farsta\/65-2\/#breadcrumb"},"inLanguage":"sv-SE","potentialAction":[{"@type":"ReadAction","target":["https:\/\/www.posk.se\/farsta\/65-2\/"]}]},{"@type":"ImageObject","inLanguage":"sv-SE","@id":"https:\/\/www.posk.se\/farsta\/65-2\/#primaryimage","url":"https:\/\/www.posk.se\/farsta\/wp-content\/uploads\/sites\/295\/2025\/09\/20250820-181111.jpg","contentUrl":"https:\/\/www.posk.se\/farsta\/wp-content\/uploads\/sites\/295\/2025\/09\/20250820-181111.jpg","width":1168,"height":1568,"caption":"Lillian Roos Ahlforn"},{"@type":"BreadcrumbList","@id":"https:\/\/www.posk.se\/farsta\/65-2\/#breadcrumb","itemListElement":[{"@type":"ListItem","position":1,"name":"Hem","item":"https:\/\/www.posk.se\/farsta\/"},{"@type":"ListItem","position":2,"name":"Lillian Roos Ahlforn"}]},{"@type":"WebSite","@id":"https:\/\/www.posk.se\/farsta\/#website","url":"https:\/\/www.posk.se\/farsta\/","name":"Farsta","description":"POSK-grupp i Stockholms stift","potentialAction":[{"@type":"SearchAction","target":{"@type":"EntryPoint","urlTemplate":"https:\/\/www.posk.se\/farsta\/?s={search_term_string}"},"query-input":{"@type":"PropertyValueSpecification","valueRequired":true,"valueName":"search_term_string"}}],"inLanguage":"sv-SE"}]}},"_links":{"self":[{"href":"https:\/\/www.posk.se\/farsta\/wp-json\/wp\/v2\/pages\/65","targetHints":{"allow":["GET"]}}],"collection":[{"href":"https:\/\/www.posk.se\/farsta\/wp-json\/wp\/v2\/pages"}],"about":[{"href":"https:\/\/www.posk.se\/farsta\/wp-json\/wp\/v2\/types\/page"}],"author":[{"embeddable":true,"href":"https:\/\/www.posk.se\/farsta\/wp-json\/wp\/v2\/users\/1968"}],"replies":[{"embeddable":true,"href":"https:\/\/www.posk.se\/farsta\/wp-json\/wp\/v2\/comments?post=65"}],"version-history":[{"count":10,"href":"https:\/\/www.posk.se\/farsta\/wp-json\/wp\/v2\/pages\/65\/revisions"}],"predecessor-version":[{"id":80,"href":"https:\/\/www.posk.se\/farsta\/wp-json\/wp\/v2\/pages\/65\/revisions\/80"}],"wp:attachment":[{"href":"https:\/\/www.posk.se\/farsta\/wp-json\/wp\/v2\/media?parent=65"}],"curies":[{"name":"wp","href":"https:\/\/api.w.org\/{rel}","templated":true}]}}