{"id":34,"date":"2025-02-13T10:03:41","date_gmt":"2025-02-13T09:03:41","guid":{"rendered":"https:\/\/www.posk.se\/eslov\/?page_id=34"},"modified":"2025-06-10T11:11:32","modified_gmt":"2025-06-10T09:11:32","slug":"kontakta-oss","status":"publish","type":"page","link":"https:\/\/www.posk.se\/eslov\/kontakta-oss\/","title":{"rendered":"Kontakta oss"},"content":{"rendered":"<p>Du n\u00e5r oss p\u00e5 e-post: <a href=\"mailto:tevensson@telia.com\">tevensson@telia.com<\/a><\/p>\n<p>eller telefon till Torvild p\u00e5 070 371 65 36.<\/p>\n<p>Vi finns ocks\u00e5 p\u00e5 <a href=\"https:\/\/www.facebook.com\/PoskEslov\">Facebook<\/a> d\u00e4r du kan kontakta oss d\u00e4r via messenger!<\/p>\n<p>&nbsp;<\/p>\n<p>&nbsp;<\/p>\n","protected":false},"excerpt":{"rendered":"<p>Du n\u00e5r oss p\u00e5 e-post: tevensson@telia.com eller telefon till Torvild p\u00e5 070 371 65 36. Vi finns ocks\u00e5 p\u00e5 Facebook d\u00e4r du kan kontakta oss d\u00e4r via messenger! &nbsp; &nbsp;<\/p>\n","protected":false},"author":1907,"featured_media":0,"parent":0,"menu_order":0,"comment_status":"closed","ping_status":"closed","template":"page-templates\/page-sidebar-left.php","meta":{"_acf_changed":false,"footnotes":""},"class_list":["post-34","page","type-page","status-publish","hentry"],"acf":[],"yoast_head":"<!-- This site is optimized with the Yoast SEO plugin v24.9 - https:\/\/yoast.com\/wordpress\/plugins\/seo\/ -->\n<title>Kontakta oss - Esl\u00f6v<\/title>\n<meta name=\"robots\" content=\"index, follow, max-snippet:-1, max-image-preview:large, max-video-preview:-1\" \/>\n<link rel=\"canonical\" href=\"https:\/\/www.posk.se\/eslov\/kontakta-oss\/\" \/>\n<meta property=\"og:locale\" content=\"sv_SE\" \/>\n<meta property=\"og:type\" content=\"article\" \/>\n<meta property=\"og:title\" content=\"Kontakta oss - Esl\u00f6v\" \/>\n<meta property=\"og:description\" content=\"Du n\u00e5r oss p\u00e5 e-post: tevensson@telia.com eller telefon till Torvild p\u00e5 070 371 65 36. Vi finns ocks\u00e5 p\u00e5 Facebook d\u00e4r du kan kontakta oss d\u00e4r via messenger! &nbsp; &nbsp;\" \/>\n<meta property=\"og:url\" content=\"https:\/\/www.posk.se\/eslov\/kontakta-oss\/\" \/>\n<meta property=\"og:site_name\" content=\"Esl\u00f6v\" \/>\n<meta property=\"article:modified_time\" content=\"2025-06-10T09:11:32+00:00\" \/>\n<meta name=\"twitter:card\" content=\"summary_large_image\" \/>\n<meta name=\"twitter:label1\" content=\"Ber\u00e4knad l\u00e4stid\" \/>\n\t<meta name=\"twitter:data1\" content=\"1 minut\" \/>\n<script type=\"application\/ld+json\" class=\"yoast-schema-graph\">{\"@context\":\"https:\/\/schema.org\",\"@graph\":[{\"@type\":\"WebPage\",\"@id\":\"https:\/\/www.posk.se\/eslov\/kontakta-oss\/\",\"url\":\"https:\/\/www.posk.se\/eslov\/kontakta-oss\/\",\"name\":\"Kontakta oss - Esl\u00f6v\",\"isPartOf\":{\"@id\":\"https:\/\/www.posk.se\/eslov\/#website\"},\"datePublished\":\"2025-02-13T09:03:41+00:00\",\"dateModified\":\"2025-06-10T09:11:32+00:00\",\"breadcrumb\":{\"@id\":\"https:\/\/www.posk.se\/eslov\/kontakta-oss\/#breadcrumb\"},\"inLanguage\":\"sv-SE\",\"potentialAction\":[{\"@type\":\"ReadAction\",\"target\":[\"https:\/\/www.posk.se\/eslov\/kontakta-oss\/\"]}]},{\"@type\":\"BreadcrumbList\",\"@id\":\"https:\/\/www.posk.se\/eslov\/kontakta-oss\/#breadcrumb\",\"itemListElement\":[{\"@type\":\"ListItem\",\"position\":1,\"name\":\"Hem\",\"item\":\"https:\/\/www.posk.se\/eslov\/\"},{\"@type\":\"ListItem\",\"position\":2,\"name\":\"Kontakta oss\"}]},{\"@type\":\"WebSite\",\"@id\":\"https:\/\/www.posk.se\/eslov\/#website\",\"url\":\"https:\/\/www.posk.se\/eslov\/\",\"name\":\"Esl\u00f6v\",\"description\":\"POSK-grupp i Lunds stift\",\"potentialAction\":[{\"@type\":\"SearchAction\",\"target\":{\"@type\":\"EntryPoint\",\"urlTemplate\":\"https:\/\/www.posk.se\/eslov\/?s={search_term_string}\"},\"query-input\":{\"@type\":\"PropertyValueSpecification\",\"valueRequired\":true,\"valueName\":\"search_term_string\"}}],\"inLanguage\":\"sv-SE\"}]}<\/script>\n<!-- \/ Yoast SEO plugin. -->","yoast_head_json":{"title":"Kontakta oss - Esl\u00f6v","robots":{"index":"index","follow":"follow","max-snippet":"max-snippet:-1","max-image-preview":"max-image-preview:large","max-video-preview":"max-video-preview:-1"},"canonical":"https:\/\/www.posk.se\/eslov\/kontakta-oss\/","og_locale":"sv_SE","og_type":"article","og_title":"Kontakta oss - Esl\u00f6v","og_description":"Du n\u00e5r oss p\u00e5 e-post: tevensson@telia.com eller telefon till Torvild p\u00e5 070 371 65 36. Vi finns ocks\u00e5 p\u00e5 Facebook d\u00e4r du kan kontakta oss d\u00e4r via messenger! &nbsp; &nbsp;","og_url":"https:\/\/www.posk.se\/eslov\/kontakta-oss\/","og_site_name":"Esl\u00f6v","article_modified_time":"2025-06-10T09:11:32+00:00","twitter_card":"summary_large_image","twitter_misc":{"Ber\u00e4knad l\u00e4stid":"1 minut"},"schema":{"@context":"https:\/\/schema.org","@graph":[{"@type":"WebPage","@id":"https:\/\/www.posk.se\/eslov\/kontakta-oss\/","url":"https:\/\/www.posk.se\/eslov\/kontakta-oss\/","name":"Kontakta oss - Esl\u00f6v","isPartOf":{"@id":"https:\/\/www.posk.se\/eslov\/#website"},"datePublished":"2025-02-13T09:03:41+00:00","dateModified":"2025-06-10T09:11:32+00:00","breadcrumb":{"@id":"https:\/\/www.posk.se\/eslov\/kontakta-oss\/#breadcrumb"},"inLanguage":"sv-SE","potentialAction":[{"@type":"ReadAction","target":["https:\/\/www.posk.se\/eslov\/kontakta-oss\/"]}]},{"@type":"BreadcrumbList","@id":"https:\/\/www.posk.se\/eslov\/kontakta-oss\/#breadcrumb","itemListElement":[{"@type":"ListItem","position":1,"name":"Hem","item":"https:\/\/www.posk.se\/eslov\/"},{"@type":"ListItem","position":2,"name":"Kontakta oss"}]},{"@type":"WebSite","@id":"https:\/\/www.posk.se\/eslov\/#website","url":"https:\/\/www.posk.se\/eslov\/","name":"Esl\u00f6v","description":"POSK-grupp i Lunds stift","potentialAction":[{"@type":"SearchAction","target":{"@type":"EntryPoint","urlTemplate":"https:\/\/www.posk.se\/eslov\/?s={search_term_string}"},"query-input":{"@type":"PropertyValueSpecification","valueRequired":true,"valueName":"search_term_string"}}],"inLanguage":"sv-SE"}]}},"_links":{"self":[{"href":"https:\/\/www.posk.se\/eslov\/wp-json\/wp\/v2\/pages\/34","targetHints":{"allow":["GET"]}}],"collection":[{"href":"https:\/\/www.posk.se\/eslov\/wp-json\/wp\/v2\/pages"}],"about":[{"href":"https:\/\/www.posk.se\/eslov\/wp-json\/wp\/v2\/types\/page"}],"author":[{"embeddable":true,"href":"https:\/\/www.posk.se\/eslov\/wp-json\/wp\/v2\/users\/1907"}],"replies":[{"embeddable":true,"href":"https:\/\/www.posk.se\/eslov\/wp-json\/wp\/v2\/comments?post=34"}],"version-history":[{"count":10,"href":"https:\/\/www.posk.se\/eslov\/wp-json\/wp\/v2\/pages\/34\/revisions"}],"predecessor-version":[{"id":95,"href":"https:\/\/www.posk.se\/eslov\/wp-json\/wp\/v2\/pages\/34\/revisions\/95"}],"wp:attachment":[{"href":"https:\/\/www.posk.se\/eslov\/wp-json\/wp\/v2\/media?parent=34"}],"curies":[{"name":"wp","href":"https:\/\/api.w.org\/{rel}","templated":true}]}}