{"id":18,"date":"2024-01-22T18:41:21","date_gmt":"2024-01-22T17:41:21","guid":{"rendered":"https:\/\/www.posk.se\/eslov\/?page_id=18"},"modified":"2026-02-18T20:40:38","modified_gmt":"2026-02-18T19:40:38","slug":"pa-gang","status":"publish","type":"page","link":"https:\/\/www.posk.se\/eslov\/pa-gang\/","title":{"rendered":"P\u00e5 g\u00e5ng"},"content":{"rendered":"<p><strong>V\u00e5ra planerade m\u00f6ten 2026<\/strong><\/p>\n<p>m\u00e5ndagen den 23:e februari, kl. 19.00 <strong>\u00c5rsm\u00f6te\u00a0<\/strong>i Stehag<\/p>\n<p>&nbsp;<\/p>\n<p><strong>Anm\u00e4l att du kommer till <a href=\"mailto:tevensson@telia.com\">tevensson@telia.com<\/a><\/strong><\/p>\n<p><strong>f\u00f6r v\u00e4gbeskrivning &#8211; och s\u00e5 att vi kan ordna tillr\u00e4ckligt med fika!<\/strong><\/p>\n<p>&nbsp;<\/p>\n<p>&nbsp;<\/p>\n<p>&nbsp;<\/p>\n<p>&nbsp;<\/p>\n<p>&nbsp;<\/p>\n","protected":false},"excerpt":{"rendered":"<p>V\u00e5ra planerade m\u00f6ten 2026 m\u00e5ndagen den 23:e februari, kl. 19.00 \u00c5rsm\u00f6te\u00a0i Stehag &nbsp; Anm\u00e4l att du kommer till tevensson@telia.com f\u00f6r v\u00e4gbeskrivning &#8211; och s\u00e5 att vi kan ordna tillr\u00e4ckligt med fika! &nbsp; &nbsp; &nbsp; &nbsp; &nbsp;<\/p>\n","protected":false},"author":1907,"featured_media":0,"parent":0,"menu_order":0,"comment_status":"closed","ping_status":"closed","template":"page-templates\/page-sidebar-left.php","meta":{"_acf_changed":false,"footnotes":""},"class_list":["post-18","page","type-page","status-publish","hentry"],"acf":[],"yoast_head":"<!-- This site is optimized with the Yoast SEO plugin v24.9 - https:\/\/yoast.com\/wordpress\/plugins\/seo\/ -->\n<title>P\u00e5 g\u00e5ng - Esl\u00f6v<\/title>\n<meta name=\"robots\" content=\"index, follow, max-snippet:-1, max-image-preview:large, max-video-preview:-1\" \/>\n<link rel=\"canonical\" href=\"https:\/\/www.posk.se\/eslov\/pa-gang\/\" \/>\n<meta property=\"og:locale\" content=\"sv_SE\" \/>\n<meta property=\"og:type\" content=\"article\" \/>\n<meta property=\"og:title\" content=\"P\u00e5 g\u00e5ng - Esl\u00f6v\" \/>\n<meta property=\"og:description\" content=\"V\u00e5ra planerade m\u00f6ten 2026 m\u00e5ndagen den 23:e februari, kl. 19.00 \u00c5rsm\u00f6te\u00a0i Stehag &nbsp; Anm\u00e4l att du kommer till tevensson@telia.com f\u00f6r v\u00e4gbeskrivning &#8211; och s\u00e5 att vi kan ordna tillr\u00e4ckligt med fika! &nbsp; &nbsp; &nbsp; &nbsp; &nbsp;\" \/>\n<meta property=\"og:url\" content=\"https:\/\/www.posk.se\/eslov\/pa-gang\/\" \/>\n<meta property=\"og:site_name\" content=\"Esl\u00f6v\" \/>\n<meta property=\"article:modified_time\" content=\"2026-02-18T19:40:38+00:00\" \/>\n<meta name=\"twitter:card\" content=\"summary_large_image\" \/>\n<meta name=\"twitter:label1\" content=\"Ber\u00e4knad l\u00e4stid\" \/>\n\t<meta name=\"twitter:data1\" content=\"1 minut\" \/>\n<script type=\"application\/ld+json\" class=\"yoast-schema-graph\">{\"@context\":\"https:\/\/schema.org\",\"@graph\":[{\"@type\":\"WebPage\",\"@id\":\"https:\/\/www.posk.se\/eslov\/pa-gang\/\",\"url\":\"https:\/\/www.posk.se\/eslov\/pa-gang\/\",\"name\":\"P\u00e5 g\u00e5ng - Esl\u00f6v\",\"isPartOf\":{\"@id\":\"https:\/\/www.posk.se\/eslov\/#website\"},\"datePublished\":\"2024-01-22T17:41:21+00:00\",\"dateModified\":\"2026-02-18T19:40:38+00:00\",\"breadcrumb\":{\"@id\":\"https:\/\/www.posk.se\/eslov\/pa-gang\/#breadcrumb\"},\"inLanguage\":\"sv-SE\",\"potentialAction\":[{\"@type\":\"ReadAction\",\"target\":[\"https:\/\/www.posk.se\/eslov\/pa-gang\/\"]}]},{\"@type\":\"BreadcrumbList\",\"@id\":\"https:\/\/www.posk.se\/eslov\/pa-gang\/#breadcrumb\",\"itemListElement\":[{\"@type\":\"ListItem\",\"position\":1,\"name\":\"Hem\",\"item\":\"https:\/\/www.posk.se\/eslov\/\"},{\"@type\":\"ListItem\",\"position\":2,\"name\":\"P\u00e5 g\u00e5ng\"}]},{\"@type\":\"WebSite\",\"@id\":\"https:\/\/www.posk.se\/eslov\/#website\",\"url\":\"https:\/\/www.posk.se\/eslov\/\",\"name\":\"Esl\u00f6v\",\"description\":\"POSK-grupp i Lunds stift\",\"potentialAction\":[{\"@type\":\"SearchAction\",\"target\":{\"@type\":\"EntryPoint\",\"urlTemplate\":\"https:\/\/www.posk.se\/eslov\/?s={search_term_string}\"},\"query-input\":{\"@type\":\"PropertyValueSpecification\",\"valueRequired\":true,\"valueName\":\"search_term_string\"}}],\"inLanguage\":\"sv-SE\"}]}<\/script>\n<!-- \/ Yoast SEO plugin. -->","yoast_head_json":{"title":"P\u00e5 g\u00e5ng - Esl\u00f6v","robots":{"index":"index","follow":"follow","max-snippet":"max-snippet:-1","max-image-preview":"max-image-preview:large","max-video-preview":"max-video-preview:-1"},"canonical":"https:\/\/www.posk.se\/eslov\/pa-gang\/","og_locale":"sv_SE","og_type":"article","og_title":"P\u00e5 g\u00e5ng - Esl\u00f6v","og_description":"V\u00e5ra planerade m\u00f6ten 2026 m\u00e5ndagen den 23:e februari, kl. 19.00 \u00c5rsm\u00f6te\u00a0i Stehag &nbsp; Anm\u00e4l att du kommer till tevensson@telia.com f\u00f6r v\u00e4gbeskrivning &#8211; och s\u00e5 att vi kan ordna tillr\u00e4ckligt med fika! &nbsp; &nbsp; &nbsp; &nbsp; &nbsp;","og_url":"https:\/\/www.posk.se\/eslov\/pa-gang\/","og_site_name":"Esl\u00f6v","article_modified_time":"2026-02-18T19:40:38+00:00","twitter_card":"summary_large_image","twitter_misc":{"Ber\u00e4knad l\u00e4stid":"1 minut"},"schema":{"@context":"https:\/\/schema.org","@graph":[{"@type":"WebPage","@id":"https:\/\/www.posk.se\/eslov\/pa-gang\/","url":"https:\/\/www.posk.se\/eslov\/pa-gang\/","name":"P\u00e5 g\u00e5ng - Esl\u00f6v","isPartOf":{"@id":"https:\/\/www.posk.se\/eslov\/#website"},"datePublished":"2024-01-22T17:41:21+00:00","dateModified":"2026-02-18T19:40:38+00:00","breadcrumb":{"@id":"https:\/\/www.posk.se\/eslov\/pa-gang\/#breadcrumb"},"inLanguage":"sv-SE","potentialAction":[{"@type":"ReadAction","target":["https:\/\/www.posk.se\/eslov\/pa-gang\/"]}]},{"@type":"BreadcrumbList","@id":"https:\/\/www.posk.se\/eslov\/pa-gang\/#breadcrumb","itemListElement":[{"@type":"ListItem","position":1,"name":"Hem","item":"https:\/\/www.posk.se\/eslov\/"},{"@type":"ListItem","position":2,"name":"P\u00e5 g\u00e5ng"}]},{"@type":"WebSite","@id":"https:\/\/www.posk.se\/eslov\/#website","url":"https:\/\/www.posk.se\/eslov\/","name":"Esl\u00f6v","description":"POSK-grupp i Lunds stift","potentialAction":[{"@type":"SearchAction","target":{"@type":"EntryPoint","urlTemplate":"https:\/\/www.posk.se\/eslov\/?s={search_term_string}"},"query-input":{"@type":"PropertyValueSpecification","valueRequired":true,"valueName":"search_term_string"}}],"inLanguage":"sv-SE"}]}},"_links":{"self":[{"href":"https:\/\/www.posk.se\/eslov\/wp-json\/wp\/v2\/pages\/18","targetHints":{"allow":["GET"]}}],"collection":[{"href":"https:\/\/www.posk.se\/eslov\/wp-json\/wp\/v2\/pages"}],"about":[{"href":"https:\/\/www.posk.se\/eslov\/wp-json\/wp\/v2\/types\/page"}],"author":[{"embeddable":true,"href":"https:\/\/www.posk.se\/eslov\/wp-json\/wp\/v2\/users\/1907"}],"replies":[{"embeddable":true,"href":"https:\/\/www.posk.se\/eslov\/wp-json\/wp\/v2\/comments?post=18"}],"version-history":[{"count":37,"href":"https:\/\/www.posk.se\/eslov\/wp-json\/wp\/v2\/pages\/18\/revisions"}],"predecessor-version":[{"id":132,"href":"https:\/\/www.posk.se\/eslov\/wp-json\/wp\/v2\/pages\/18\/revisions\/132"}],"wp:attachment":[{"href":"https:\/\/www.posk.se\/eslov\/wp-json\/wp\/v2\/media?parent=18"}],"curies":[{"name":"wp","href":"https:\/\/api.w.org\/{rel}","templated":true}]}}

På gång

<p><strong>Våra planerade möten 2026</strong></p>
<p>måndagen den 23:e februari, kl. 19.00 <strong>Årsmöte </strong>i Stehag</p>
<p>&nbsp;</p>
<p><strong>Anmäl att du kommer till <a href="mailto:tevensson@telia.com">tevensson@telia.com</a></strong></p>
<p><strong>för vägbeskrivning &#8211; och så att vi kan ordna tillräckligt med fika!</strong></p>
<p>&nbsp;</p>
<p>&nbsp;</p>
<p>&nbsp;</p>
<p>&nbsp;</p>
<p>&nbsp;</p>

<p>Våra planerade möten 2026 måndagen den 23:e februari, kl. 19.00 Årsmöte i Stehag &nbsp; Anmäl att du kommer till tevensson@telia.com för vägbeskrivning &#8211; och så att vi kan ordna tillräckligt med fika! &nbsp; &nbsp; &nbsp; &nbsp; &nbsp;</p>

<!-- This site is optimized with the Yoast SEO plugin v24.9 - https://yoast.com/wordpress/plugins/seo/ -->
<title>På gång - Eslöv</title>
<meta name="robots" content="index, follow, max-snippet:-1, max-image-preview:large, max-video-preview:-1" />
<link rel="canonical" href="https://www.posk.se/eslov/pa-gang/" />
<meta property="og:locale" content="sv_SE" />
<meta property="og:type" content="article" />
<meta property="og:title" content="På gång - Eslöv" />
<meta property="og:description" content="Våra planerade möten 2026 måndagen den 23:e februari, kl. 19.00 Årsmöte i Stehag &nbsp; Anmäl att du kommer till tevensson@telia.com för vägbeskrivning &#8211; och så att vi kan ordna tillräckligt med fika! &nbsp; &nbsp; &nbsp; &nbsp; &nbsp;" />
<meta property="og:url" content="https://www.posk.se/eslov/pa-gang/" />
<meta property="og:site_name" content="Eslöv" />
<meta property="article:modified_time" content="2026-02-18T19:40:38+00:00" />
<meta name="twitter:card" content="summary_large_image" />
<meta name="twitter:label1" content="Beräknad lästid" />
	<meta name="twitter:data1" content="1 minut" />
<script type="application/ld+json" class="yoast-schema-graph">{"@context":"https://schema.org","@graph":[{"@type":"WebPage","@id":"https://www.posk.se/eslov/pa-gang/","url":"https://www.posk.se/eslov/pa-gang/","name":"På gång - Eslöv","isPartOf":{"@id":"https://www.posk.se/eslov/#website"},"datePublished":"2024-01-22T17:41:21+00:00","dateModified":"2026-02-18T19:40:38+00:00","breadcrumb":{"@id":"https://www.posk.se/eslov/pa-gang/#breadcrumb"},"inLanguage":"sv-SE","potentialAction":[{"@type":"ReadAction","target":["https://www.posk.se/eslov/pa-gang/"]}]},{"@type":"BreadcrumbList","@id":"https://www.posk.se/eslov/pa-gang/#breadcrumb","itemListElement":[{"@type":"ListItem","position":1,"name":"Hem","item":"https://www.posk.se/eslov/"},{"@type":"ListItem","position":2,"name":"På gång"}]},{"@type":"WebSite","@id":"https://www.posk.se/eslov/#website","url":"https://www.posk.se/eslov/","name":"Eslöv","description":"POSK-grupp i Lunds stift","potentialAction":[{"@type":"SearchAction","target":{"@type":"EntryPoint","urlTemplate":"https://www.posk.se/eslov/?s={search_term_string}"},"query-input":{"@type":"PropertyValueSpecification","valueRequired":true,"valueName":"search_term_string"}}],"inLanguage":"sv-SE"}]}</script>
<!-- / Yoast SEO plugin. -->

På gång - Eslöv

Våra planerade möten 2026 måndagen den 23:e februari, kl. 19.00 Årsmöte i Stehag &nbsp; Anmäl att du kommer till tevensson@telia.com för vägbeskrivning &#8211; och så att vi kan ordna tillräckligt med fika! &nbsp; &nbsp; &nbsp; &nbsp; &nbsp;

Eslöv
