{"id":41,"date":"2017-08-21T15:48:45","date_gmt":"2017-08-21T13:48:45","guid":{"rendered":"https:\/\/www.posk.se\/ekero\/?page_id=41"},"modified":"2026-01-18T20:26:03","modified_gmt":"2026-01-18T19:26:03","slug":"ledamoter-i-kyrkofullmaktige-och-kyrkorad-fran-posk-ekero","status":"publish","type":"page","link":"https:\/\/www.posk.se\/ekero\/ledamoter-i-kyrkofullmaktige-och-kyrkorad-fran-posk-ekero\/","title":{"rendered":"Ledam\u00f6ter i kyrkofullm\u00e4ktige och kyrkor\u00e5d"},"content":{"rendered":"<h2><strong>Valresultat i kyrkovalet 2025<\/strong><\/h2>\n<p><strong>Nomineringsgrupp \/<\/strong><strong>\u00a0Mandat<\/strong><\/p>\n<ul>\n<li>POSK \/ 13<\/li>\n<li>Socialdemokraterna \/ 5<\/li>\n<li>De gr\u00f6na i svenska kyrkan \/ 4<\/li>\n<li>Kyrkans b\u00e4sta \/\u00a0 3<\/li>\n<\/ul>\n<p>&nbsp;<\/p>\n<p><span style=\"color: #0000ff\"><strong>Ledam\u00f6ter fr\u00e5n POSK i Kyrkofullm\u00e4ktige &#8211; <em>(totalt antal mandat \u00e4r 25)<\/em><\/strong><\/span><\/p>\n<table style=\"border-collapse: collapse;width: 100%\" border=\"1\">\n<tbody>\n<tr style=\"height: 21px\">\n<td style=\"width: 513.525px;height: 21px\"><span style=\"color: #000000\"><strong>13 ordinarie ledam\u00f6ter<\/strong><\/span><\/td>\n<td style=\"width: 469.675px;height: 21px\"><span style=\"color: #000000\"><strong>6 ers\u00e4ttare<\/strong><\/span><\/td>\n<\/tr>\n<tr style=\"height: 24px\">\n<td style=\"width: 513.525px;height: 24px\">Marianne Abrahamsson, ordf.<\/td>\n<td style=\"width: 469.675px;height: 24px\">Ann Lagerl\u00f6w<\/td>\n<\/tr>\n<tr style=\"height: 24px\">\n<td style=\"width: 513.525px;height: 24px\">Maria Hegenbart<\/td>\n<td style=\"width: 469.675px;height: 24px\">Barbro Arlinger<\/td>\n<\/tr>\n<tr style=\"height: 24px\">\n<td style=\"width: 513.525px;height: 24px\">Klara Engvall<\/td>\n<td style=\"width: 469.675px;height: 24px\">Anna-Maj Johansson<\/td>\n<\/tr>\n<tr style=\"height: 24px\">\n<td style=\"width: 513.525px;height: 24px\">Christina Glasberg<\/td>\n<td style=\"width: 469.675px;height: 24px\">\u00a0Marie-Louise Svensson<\/td>\n<\/tr>\n<tr style=\"height: 24px\">\n<td style=\"width: 513.525px;height: 24px\">Lena Nordmark<\/td>\n<td style=\"width: 469.675px;height: 24px\">Elisabet Nordstr\u00f6m<\/td>\n<\/tr>\n<tr style=\"height: 24px\">\n<td style=\"width: 513.525px;height: 24px\">Niklas Hegenbart<\/td>\n<td style=\"width: 469.675px;height: 24px\">Jan-Hugo Nihl\u00e9n<\/td>\n<\/tr>\n<tr style=\"height: 24px\">\n<td style=\"width: 513.525px;height: 24px\">Roland Johansson<\/td>\n<td style=\"width: 469.675px;height: 24px\">Monica Wallenius<\/td>\n<\/tr>\n<tr style=\"height: 24px\">\n<td style=\"width: 513.525px;height: 24px\">Lennart Arlinger<\/td>\n<td style=\"width: 469.675px;height: 24px\"><\/td>\n<\/tr>\n<tr style=\"height: 24px\">\n<td style=\"width: 513.525px;height: 24px\">Anita H\u00e4ggmark<\/td>\n<td style=\"width: 469.675px;height: 24px\"><\/td>\n<\/tr>\n<tr style=\"height: 24px\">\n<td style=\"width: 513.525px;height: 24px\">Anne-Monica Larsson<\/td>\n<td style=\"width: 469.675px;height: 24px\"><\/td>\n<\/tr>\n<tr style=\"height: 24px\">\n<td style=\"width: 513.525px;height: 24px\">Anders H\u00e4ggmark<\/td>\n<td style=\"width: 469.675px;height: 24px\"><\/td>\n<\/tr>\n<tr style=\"height: 24px\">\n<td style=\"width: 513.525px;height: 24px\">Eva Dozzi<\/td>\n<td style=\"width: 469.675px;height: 24px\"><\/td>\n<\/tr>\n<tr style=\"height: 24px\">\n<td style=\"width: 513.525px;height: 24px\">Annica Mc Williams<\/td>\n<td style=\"width: 469.675px;height: 24px\"><\/td>\n<\/tr>\n<\/tbody>\n<\/table>\n<p>&nbsp;<\/p>\n<p><span style=\"color: #0000ff\"><strong>Ledam\u00f6ter fr\u00e5n POSK i Kyrkor\u00e5det &#8211; <em>(totalt antal mandat \u00e4r 9\u00a0inklusive kyrkoherden)<\/em><\/strong><\/span><\/p>\n<table style=\"border-collapse: collapse;width: 100%\" border=\"1\">\n<tbody>\n<tr>\n<td style=\"width: 491.6px\"><span style=\"color: #000000\"><strong>5 ordinarie<\/strong><\/span><\/td>\n<td style=\"width: 491.6px\"><span style=\"color: #000000\"><strong>2 ers\u00e4ttare<\/strong><\/span><\/td>\n<\/tr>\n<tr>\n<td style=\"width: 491.6px\">Jan-Hugo Nihl\u00e9n, ordf<\/td>\n<td style=\"width: 491.6px\"><span style=\"color: #000000\">Ann Lagerl\u00f6w<\/span><\/td>\n<\/tr>\n<tr>\n<td style=\"width: 491.6px\">Maria Hegenbart, 2:e vice ordf.<\/td>\n<td style=\"width: 491.6px\"><span style=\"color: #000000\">Lena Nordmark<\/span><\/td>\n<\/tr>\n<tr>\n<td style=\"width: 491.6px\">Marianne Abrahamsson<\/td>\n<td style=\"width: 491.6px\"><span style=\"color: #000000\">\u00a0<\/span><\/td>\n<\/tr>\n<tr>\n<td style=\"width: 491.6px\">Klara Engvall<\/td>\n<td style=\"width: 491.6px\"><span style=\"color: #000000\">\u00a0<\/span><\/td>\n<\/tr>\n<tr>\n<td style=\"width: 491.6px\">Christina Glasberg<\/td>\n<td style=\"width: 491.6px\"><span style=\"color: #000000\">\u00a0<\/span><\/td>\n<\/tr>\n<\/tbody>\n<\/table>\n<p>&nbsp;<\/p>\n","protected":false},"excerpt":{"rendered":"<p>Valresultat i kyrkovalet 2025 Nomineringsgrupp \/\u00a0Mandat POSK \/ 13 Socialdemokraterna \/ 5 De gr\u00f6na i svenska kyrkan \/ 4 Kyrkans b\u00e4sta \/\u00a0 3 &nbsp; Ledam\u00f6ter fr\u00e5n POSK i Kyrkofullm\u00e4ktige &#8211; (totalt antal mandat \u00e4r 25) 13 ordinarie ledam\u00f6ter 6 ers\u00e4ttare Marianne Abrahamsson, ordf. Ann Lagerl\u00f6w Maria Hegenbart Barbro Arlinger Klara Engvall Anna-Maj Johansson Christina Glasberg [&hellip;]<\/p>\n","protected":false},"author":148,"featured_media":0,"parent":0,"menu_order":5,"comment_status":"closed","ping_status":"closed","template":"page-templates\/page-sidebar-left.php","meta":{"_acf_changed":false,"footnotes":""},"class_list":["post-41","page","type-page","status-publish","hentry"],"acf":[],"yoast_head":"<!-- This site is optimized with the Yoast SEO plugin v24.9 - https:\/\/yoast.com\/wordpress\/plugins\/seo\/ -->\n<title>Ledam\u00f6ter i kyrkofullm\u00e4ktige och kyrkor\u00e5d - Eker\u00f6<\/title>\n<meta name=\"robots\" content=\"index, follow, max-snippet:-1, max-image-preview:large, max-video-preview:-1\" \/>\n<link rel=\"canonical\" href=\"https:\/\/www.posk.se\/ekero\/ledamoter-i-kyrkofullmaktige-och-kyrkorad-fran-posk-ekero\/\" \/>\n<meta property=\"og:locale\" content=\"sv_SE\" \/>\n<meta property=\"og:type\" content=\"article\" \/>\n<meta property=\"og:title\" content=\"Ledam\u00f6ter i kyrkofullm\u00e4ktige och kyrkor\u00e5d - Eker\u00f6\" \/>\n<meta property=\"og:description\" content=\"Valresultat i kyrkovalet 2025 Nomineringsgrupp \/\u00a0Mandat POSK \/ 13 Socialdemokraterna \/ 5 De gr\u00f6na i svenska kyrkan \/ 4 Kyrkans b\u00e4sta \/\u00a0 3 &nbsp; Ledam\u00f6ter fr\u00e5n POSK i Kyrkofullm\u00e4ktige &#8211; (totalt antal mandat \u00e4r 25) 13 ordinarie ledam\u00f6ter 6 ers\u00e4ttare Marianne Abrahamsson, ordf. Ann Lagerl\u00f6w Maria Hegenbart Barbro Arlinger Klara Engvall Anna-Maj Johansson Christina Glasberg [&hellip;]\" \/>\n<meta property=\"og:url\" content=\"https:\/\/www.posk.se\/ekero\/ledamoter-i-kyrkofullmaktige-och-kyrkorad-fran-posk-ekero\/\" \/>\n<meta property=\"og:site_name\" content=\"Eker\u00f6\" \/>\n<meta property=\"article:modified_time\" content=\"2026-01-18T19:26:03+00:00\" \/>\n<meta name=\"twitter:card\" content=\"summary_large_image\" \/>\n<meta name=\"twitter:label1\" content=\"Ber\u00e4knad l\u00e4stid\" \/>\n\t<meta name=\"twitter:data1\" content=\"1 minut\" \/>\n<script type=\"application\/ld+json\" class=\"yoast-schema-graph\">{\"@context\":\"https:\/\/schema.org\",\"@graph\":[{\"@type\":\"WebPage\",\"@id\":\"https:\/\/www.posk.se\/ekero\/ledamoter-i-kyrkofullmaktige-och-kyrkorad-fran-posk-ekero\/\",\"url\":\"https:\/\/www.posk.se\/ekero\/ledamoter-i-kyrkofullmaktige-och-kyrkorad-fran-posk-ekero\/\",\"name\":\"Ledam\u00f6ter i kyrkofullm\u00e4ktige och kyrkor\u00e5d - Eker\u00f6\",\"isPartOf\":{\"@id\":\"https:\/\/www.posk.se\/ekero\/#website\"},\"datePublished\":\"2017-08-21T13:48:45+00:00\",\"dateModified\":\"2026-01-18T19:26:03+00:00\",\"breadcrumb\":{\"@id\":\"https:\/\/www.posk.se\/ekero\/ledamoter-i-kyrkofullmaktige-och-kyrkorad-fran-posk-ekero\/#breadcrumb\"},\"inLanguage\":\"sv-SE\",\"potentialAction\":[{\"@type\":\"ReadAction\",\"target\":[\"https:\/\/www.posk.se\/ekero\/ledamoter-i-kyrkofullmaktige-och-kyrkorad-fran-posk-ekero\/\"]}]},{\"@type\":\"BreadcrumbList\",\"@id\":\"https:\/\/www.posk.se\/ekero\/ledamoter-i-kyrkofullmaktige-och-kyrkorad-fran-posk-ekero\/#breadcrumb\",\"itemListElement\":[{\"@type\":\"ListItem\",\"position\":1,\"name\":\"Hem\",\"item\":\"https:\/\/www.posk.se\/ekero\/\"},{\"@type\":\"ListItem\",\"position\":2,\"name\":\"Ledam\u00f6ter i kyrkofullm\u00e4ktige och kyrkor\u00e5d\"}]},{\"@type\":\"WebSite\",\"@id\":\"https:\/\/www.posk.se\/ekero\/#website\",\"url\":\"https:\/\/www.posk.se\/ekero\/\",\"name\":\"Eker\u00f6\",\"description\":\"POSK-grupp i Stockholms stift\",\"potentialAction\":[{\"@type\":\"SearchAction\",\"target\":{\"@type\":\"EntryPoint\",\"urlTemplate\":\"https:\/\/www.posk.se\/ekero\/?s={search_term_string}\"},\"query-input\":{\"@type\":\"PropertyValueSpecification\",\"valueRequired\":true,\"valueName\":\"search_term_string\"}}],\"inLanguage\":\"sv-SE\"}]}<\/script>\n<!-- \/ Yoast SEO plugin. -->","yoast_head_json":{"title":"Ledam\u00f6ter i kyrkofullm\u00e4ktige och kyrkor\u00e5d - Eker\u00f6","robots":{"index":"index","follow":"follow","max-snippet":"max-snippet:-1","max-image-preview":"max-image-preview:large","max-video-preview":"max-video-preview:-1"},"canonical":"https:\/\/www.posk.se\/ekero\/ledamoter-i-kyrkofullmaktige-och-kyrkorad-fran-posk-ekero\/","og_locale":"sv_SE","og_type":"article","og_title":"Ledam\u00f6ter i kyrkofullm\u00e4ktige och kyrkor\u00e5d - Eker\u00f6","og_description":"Valresultat i kyrkovalet 2025 Nomineringsgrupp \/\u00a0Mandat POSK \/ 13 Socialdemokraterna \/ 5 De gr\u00f6na i svenska kyrkan \/ 4 Kyrkans b\u00e4sta \/\u00a0 3 &nbsp; Ledam\u00f6ter fr\u00e5n POSK i Kyrkofullm\u00e4ktige &#8211; (totalt antal mandat \u00e4r 25) 13 ordinarie ledam\u00f6ter 6 ers\u00e4ttare Marianne Abrahamsson, ordf. Ann Lagerl\u00f6w Maria Hegenbart Barbro Arlinger Klara Engvall Anna-Maj Johansson Christina Glasberg [&hellip;]","og_url":"https:\/\/www.posk.se\/ekero\/ledamoter-i-kyrkofullmaktige-och-kyrkorad-fran-posk-ekero\/","og_site_name":"Eker\u00f6","article_modified_time":"2026-01-18T19:26:03+00:00","twitter_card":"summary_large_image","twitter_misc":{"Ber\u00e4knad l\u00e4stid":"1 minut"},"schema":{"@context":"https:\/\/schema.org","@graph":[{"@type":"WebPage","@id":"https:\/\/www.posk.se\/ekero\/ledamoter-i-kyrkofullmaktige-och-kyrkorad-fran-posk-ekero\/","url":"https:\/\/www.posk.se\/ekero\/ledamoter-i-kyrkofullmaktige-och-kyrkorad-fran-posk-ekero\/","name":"Ledam\u00f6ter i kyrkofullm\u00e4ktige och kyrkor\u00e5d - Eker\u00f6","isPartOf":{"@id":"https:\/\/www.posk.se\/ekero\/#website"},"datePublished":"2017-08-21T13:48:45+00:00","dateModified":"2026-01-18T19:26:03+00:00","breadcrumb":{"@id":"https:\/\/www.posk.se\/ekero\/ledamoter-i-kyrkofullmaktige-och-kyrkorad-fran-posk-ekero\/#breadcrumb"},"inLanguage":"sv-SE","potentialAction":[{"@type":"ReadAction","target":["https:\/\/www.posk.se\/ekero\/ledamoter-i-kyrkofullmaktige-och-kyrkorad-fran-posk-ekero\/"]}]},{"@type":"BreadcrumbList","@id":"https:\/\/www.posk.se\/ekero\/ledamoter-i-kyrkofullmaktige-och-kyrkorad-fran-posk-ekero\/#breadcrumb","itemListElement":[{"@type":"ListItem","position":1,"name":"Hem","item":"https:\/\/www.posk.se\/ekero\/"},{"@type":"ListItem","position":2,"name":"Ledam\u00f6ter i kyrkofullm\u00e4ktige och kyrkor\u00e5d"}]},{"@type":"WebSite","@id":"https:\/\/www.posk.se\/ekero\/#website","url":"https:\/\/www.posk.se\/ekero\/","name":"Eker\u00f6","description":"POSK-grupp i Stockholms stift","potentialAction":[{"@type":"SearchAction","target":{"@type":"EntryPoint","urlTemplate":"https:\/\/www.posk.se\/ekero\/?s={search_term_string}"},"query-input":{"@type":"PropertyValueSpecification","valueRequired":true,"valueName":"search_term_string"}}],"inLanguage":"sv-SE"}]}},"_links":{"self":[{"href":"https:\/\/www.posk.se\/ekero\/wp-json\/wp\/v2\/pages\/41","targetHints":{"allow":["GET"]}}],"collection":[{"href":"https:\/\/www.posk.se\/ekero\/wp-json\/wp\/v2\/pages"}],"about":[{"href":"https:\/\/www.posk.se\/ekero\/wp-json\/wp\/v2\/types\/page"}],"author":[{"embeddable":true,"href":"https:\/\/www.posk.se\/ekero\/wp-json\/wp\/v2\/users\/148"}],"replies":[{"embeddable":true,"href":"https:\/\/www.posk.se\/ekero\/wp-json\/wp\/v2\/comments?post=41"}],"version-history":[{"count":36,"href":"https:\/\/www.posk.se\/ekero\/wp-json\/wp\/v2\/pages\/41\/revisions"}],"predecessor-version":[{"id":546,"href":"https:\/\/www.posk.se\/ekero\/wp-json\/wp\/v2\/pages\/41\/revisions\/546"}],"wp:attachment":[{"href":"https:\/\/www.posk.se\/ekero\/wp-json\/wp\/v2\/media?parent=41"}],"curies":[{"name":"wp","href":"https:\/\/api.w.org\/{rel}","templated":true}]}}

Ledamöter i kyrkofullmäktige och kyrkoråd

<h2><strong>Valresultat i kyrkovalet 2025</strong></h2>
<p><strong>Nomineringsgrupp /</strong><strong> Mandat</strong></p>
<ul>
<li>POSK / 13</li>
<li>Socialdemokraterna / 5</li>
<li>De gröna i svenska kyrkan / 4</li>
<li>Kyrkans bästa /  3</li>
</ul>
<p>&nbsp;</p>
<p><span style="color: #0000ff"><strong>Ledamöter från POSK i Kyrkofullmäktige &#8211; <em>(totalt antal mandat är 25)</em></strong></span></p>
<table style="border-collapse: collapse;width: 100%" border="1">
<tbody>
<tr style="height: 21px">
<td style="width: 513.525px;height: 21px"><span style="color: #000000"><strong>13 ordinarie ledamöter</strong></span></td>
<td style="width: 469.675px;height: 21px"><span style="color: #000000"><strong>6 ersättare</strong></span></td>
</tr>
<tr style="height: 24px">
<td style="width: 513.525px;height: 24px">Marianne Abrahamsson, ordf.</td>
<td style="width: 469.675px;height: 24px">Ann Lagerlöw</td>
</tr>
<tr style="height: 24px">
<td style="width: 513.525px;height: 24px">Maria Hegenbart</td>
<td style="width: 469.675px;height: 24px">Barbro Arlinger</td>
</tr>
<tr style="height: 24px">
<td style="width: 513.525px;height: 24px">Klara Engvall</td>
<td style="width: 469.675px;height: 24px">Anna-Maj Johansson</td>
</tr>
<tr style="height: 24px">
<td style="width: 513.525px;height: 24px">Christina Glasberg</td>
<td style="width: 469.675px;height: 24px"> Marie-Louise Svensson</td>
</tr>
<tr style="height: 24px">
<td style="width: 513.525px;height: 24px">Lena Nordmark</td>
<td style="width: 469.675px;height: 24px">Elisabet Nordström</td>
</tr>
<tr style="height: 24px">
<td style="width: 513.525px;height: 24px">Niklas Hegenbart</td>
<td style="width: 469.675px;height: 24px">Jan-Hugo Nihlén</td>
</tr>
<tr style="height: 24px">
<td style="width: 513.525px;height: 24px">Roland Johansson</td>
<td style="width: 469.675px;height: 24px">Monica Wallenius</td>
</tr>
<tr style="height: 24px">
<td style="width: 513.525px;height: 24px">Lennart Arlinger</td>
<td style="width: 469.675px;height: 24px"></td>
</tr>
<tr style="height: 24px">
<td style="width: 513.525px;height: 24px">Anita Häggmark</td>
<td style="width: 469.675px;height: 24px"></td>
</tr>
<tr style="height: 24px">
<td style="width: 513.525px;height: 24px">Anne-Monica Larsson</td>
<td style="width: 469.675px;height: 24px"></td>
</tr>
<tr style="height: 24px">
<td style="width: 513.525px;height: 24px">Anders Häggmark</td>
<td style="width: 469.675px;height: 24px"></td>
</tr>
<tr style="height: 24px">
<td style="width: 513.525px;height: 24px">Eva Dozzi</td>
<td style="width: 469.675px;height: 24px"></td>
</tr>
<tr style="height: 24px">
<td style="width: 513.525px;height: 24px">Annica Mc Williams</td>
<td style="width: 469.675px;height: 24px"></td>
</tr>
</tbody>
</table>
<p>&nbsp;</p>
<p><span style="color: #0000ff"><strong>Ledamöter från POSK i Kyrkorådet &#8211; <em>(totalt antal mandat är 9 inklusive kyrkoherden)</em></strong></span></p>
<table style="border-collapse: collapse;width: 100%" border="1">
<tbody>
<tr>
<td style="width: 491.6px"><span style="color: #000000"><strong>5 ordinarie</strong></span></td>
<td style="width: 491.6px"><span style="color: #000000"><strong>2 ersättare</strong></span></td>
</tr>
<tr>
<td style="width: 491.6px">Jan-Hugo Nihlén, ordf</td>
<td style="width: 491.6px"><span style="color: #000000">Ann Lagerlöw</span></td>
</tr>
<tr>
<td style="width: 491.6px">Maria Hegenbart, 2:e vice ordf.</td>
<td style="width: 491.6px"><span style="color: #000000">Lena Nordmark</span></td>
</tr>
<tr>
<td style="width: 491.6px">Marianne Abrahamsson</td>
<td style="width: 491.6px"><span style="color: #000000"> </span></td>
</tr>
<tr>
<td style="width: 491.6px">Klara Engvall</td>
<td style="width: 491.6px"><span style="color: #000000"> </span></td>
</tr>
<tr>
<td style="width: 491.6px">Christina Glasberg</td>
<td style="width: 491.6px"><span style="color: #000000"> </span></td>
</tr>
</tbody>
</table>
<p>&nbsp;</p>

<p>Valresultat i kyrkovalet 2025 Nomineringsgrupp / Mandat POSK / 13 Socialdemokraterna / 5 De gröna i svenska kyrkan / 4 Kyrkans bästa /  3 &nbsp; Ledamöter från POSK i Kyrkofullmäktige &#8211; (totalt antal mandat är 25) 13 ordinarie ledamöter 6 ersättare Marianne Abrahamsson, ordf. Ann Lagerlöw Maria Hegenbart Barbro Arlinger Klara Engvall Anna-Maj Johansson Christina Glasberg [&hellip;]</p>

<!-- This site is optimized with the Yoast SEO plugin v24.9 - https://yoast.com/wordpress/plugins/seo/ -->
<title>Ledamöter i kyrkofullmäktige och kyrkoråd - Ekerö</title>
<meta name="robots" content="index, follow, max-snippet:-1, max-image-preview:large, max-video-preview:-1" />
<link rel="canonical" href="https://www.posk.se/ekero/ledamoter-i-kyrkofullmaktige-och-kyrkorad-fran-posk-ekero/" />
<meta property="og:locale" content="sv_SE" />
<meta property="og:type" content="article" />
<meta property="og:title" content="Ledamöter i kyrkofullmäktige och kyrkoråd - Ekerö" />
<meta property="og:description" content="Valresultat i kyrkovalet 2025 Nomineringsgrupp / Mandat POSK / 13 Socialdemokraterna / 5 De gröna i svenska kyrkan / 4 Kyrkans bästa /  3 &nbsp; Ledamöter från POSK i Kyrkofullmäktige &#8211; (totalt antal mandat är 25) 13 ordinarie ledamöter 6 ersättare Marianne Abrahamsson, ordf. Ann Lagerlöw Maria Hegenbart Barbro Arlinger Klara Engvall Anna-Maj Johansson Christina Glasberg [&hellip;]" />
<meta property="og:url" content="https://www.posk.se/ekero/ledamoter-i-kyrkofullmaktige-och-kyrkorad-fran-posk-ekero/" />
<meta property="og:site_name" content="Ekerö" />
<meta property="article:modified_time" content="2026-01-18T19:26:03+00:00" />
<meta name="twitter:card" content="summary_large_image" />
<meta name="twitter:label1" content="Beräknad lästid" />
	<meta name="twitter:data1" content="1 minut" />
<script type="application/ld+json" class="yoast-schema-graph">{"@context":"https://schema.org","@graph":[{"@type":"WebPage","@id":"https://www.posk.se/ekero/ledamoter-i-kyrkofullmaktige-och-kyrkorad-fran-posk-ekero/","url":"https://www.posk.se/ekero/ledamoter-i-kyrkofullmaktige-och-kyrkorad-fran-posk-ekero/","name":"Ledamöter i kyrkofullmäktige och kyrkoråd - Ekerö","isPartOf":{"@id":"https://www.posk.se/ekero/#website"},"datePublished":"2017-08-21T13:48:45+00:00","dateModified":"2026-01-18T19:26:03+00:00","breadcrumb":{"@id":"https://www.posk.se/ekero/ledamoter-i-kyrkofullmaktige-och-kyrkorad-fran-posk-ekero/#breadcrumb"},"inLanguage":"sv-SE","potentialAction":[{"@type":"ReadAction","target":["https://www.posk.se/ekero/ledamoter-i-kyrkofullmaktige-och-kyrkorad-fran-posk-ekero/"]}]},{"@type":"BreadcrumbList","@id":"https://www.posk.se/ekero/ledamoter-i-kyrkofullmaktige-och-kyrkorad-fran-posk-ekero/#breadcrumb","itemListElement":[{"@type":"ListItem","position":1,"name":"Hem","item":"https://www.posk.se/ekero/"},{"@type":"ListItem","position":2,"name":"Ledamöter i kyrkofullmäktige och kyrkoråd"}]},{"@type":"WebSite","@id":"https://www.posk.se/ekero/#website","url":"https://www.posk.se/ekero/","name":"Ekerö","description":"POSK-grupp i Stockholms stift","potentialAction":[{"@type":"SearchAction","target":{"@type":"EntryPoint","urlTemplate":"https://www.posk.se/ekero/?s={search_term_string}"},"query-input":{"@type":"PropertyValueSpecification","valueRequired":true,"valueName":"search_term_string"}}],"inLanguage":"sv-SE"}]}</script>
<!-- / Yoast SEO plugin. -->

Ledamöter i kyrkofullmäktige och kyrkoråd - Ekerö

Valresultat i kyrkovalet 2025 Nomineringsgrupp / Mandat POSK / 13 Socialdemokraterna / 5 De gröna i svenska kyrkan / 4 Kyrkans bästa /  3 &nbsp; Ledamöter från POSK i Kyrkofullmäktige &#8211; (totalt antal mandat är 25) 13 ordinarie ledamöter 6 ersättare Marianne Abrahamsson, ordf. Ann Lagerlöw Maria Hegenbart Barbro Arlinger Klara Engvall Anna-Maj Johansson Christina Glasberg [&hellip;]

Ekerö
