{"id":20,"date":"2016-07-15T23:15:45","date_gmt":"2016-07-15T21:15:45","guid":{"rendered":"https:\/\/www.posk.se\/ekero\/?page_id=20"},"modified":"2025-09-22T11:55:23","modified_gmt":"2025-09-22T09:55:23","slug":"startsidan-2","status":"publish","type":"page","link":"https:\/\/www.posk.se\/ekero\/","title":{"rendered":"Startsidan"},"content":{"rendered":"<p><strong>POSK:s vision<\/strong><\/p>\n<p>POSKs vision \u00e4r att Svenska kyrkan ska vara en gemenskap som speglar Guds vilja i gudstj\u00e4nst och liv och som talar tydligt om Jesus Kristus.<br \/>\nI kortprogrammet kan du l\u00e4sa mer om vad POSK som riksorganisation st\u00e5r f\u00f6r:\u00a0 <span style=\"color: #333399\"><a style=\"color: #333399\" href=\"https:\/\/www.posk.se\/ekero\/wp-content\/uploads\/sites\/135\/2025\/06\/kortprogram-for-posk-2026-2029.pdf\">Kortprogram fo\u0308r POSK 2026 &#8211; 2029<\/a><\/span><\/p>\n<p><strong>POSK p\u00e5 Eker\u00f6<\/strong><\/p>\n<p><strong>Nu har vi ett prelimin\u00e4rt valresultat: POSK fick egen majoritet.<br \/>\nTACK alla som r\u00f6stat p\u00e5 oss &#8211; nu f\u00e5r vi hj\u00e4lpas \u00e5t att b\u00e4ra ansvaret!<br \/>\n<img loading=\"lazy\" decoding=\"async\" class=\"aligncenter size-full wp-image-541\" src=\"https:\/\/www.posk.se\/ekero\/wp-content\/uploads\/sites\/135\/2025\/09\/kyrkoval-2025-prel-resultat-1.jpg\" alt=\"\" width=\"1653\" height=\"542\" srcset=\"https:\/\/www.posk.se\/ekero\/wp-content\/uploads\/sites\/135\/2025\/09\/kyrkoval-2025-prel-resultat-1.jpg 1653w, https:\/\/www.posk.se\/ekero\/wp-content\/uploads\/sites\/135\/2025\/09\/kyrkoval-2025-prel-resultat-1-300x98.jpg 300w, https:\/\/www.posk.se\/ekero\/wp-content\/uploads\/sites\/135\/2025\/09\/kyrkoval-2025-prel-resultat-1-1024x336.jpg 1024w, https:\/\/www.posk.se\/ekero\/wp-content\/uploads\/sites\/135\/2025\/09\/kyrkoval-2025-prel-resultat-1-768x252.jpg 768w, https:\/\/www.posk.se\/ekero\/wp-content\/uploads\/sites\/135\/2025\/09\/kyrkoval-2025-prel-resultat-1-1536x504.jpg 1536w, https:\/\/www.posk.se\/ekero\/wp-content\/uploads\/sites\/135\/2025\/09\/kyrkoval-2025-prel-resultat-1-330x108.jpg 330w\" sizes=\"auto, (max-width: 1653px) 100vw, 1653px\" \/><\/strong><\/p>\n<p>Vi, som st\u00e4ller upp i kyrkovalet f\u00f6r Eker\u00f6 pastorat, har tillsammans uttryckt vad vi vill arbeta f\u00f6r:\u00a0<span style=\"color: #333399\"><a style=\"color: #333399\" href=\"https:\/\/www.posk.se\/ekero\/roster\/\">https:\/\/www.posk.se\/ekero\/roster\/<\/a><\/span><\/p>\n<p>Du kan ocks\u00e5 se vad var och en av oss tycker \u00e4r speciellt viktigt:\u00a0<span style=\"color: #333399\"><a style=\"color: #333399\" href=\"https:\/\/www.posk.se\/ekero\/kandidatpresentationer\/\">https:\/\/www.posk.se\/ekero\/kandidatpresentationer\/<\/a><\/span><\/p>\n<p>V\u00e5r valbroschyr som delades ut till alla hush\u00e5ll i pastoratet kan du l\u00e4sa h\u00e4r <a href=\"https:\/\/www.posk.se\/ekero\/wp-content\/uploads\/sites\/135\/2025\/08\/posk-broschyr2025tryck-2komprimerad.pdf\">valbroschyr<\/a><\/p>\n<p>&nbsp;<\/p>\n<p>&nbsp;<\/p>\n<p>&nbsp;<\/p>\n<p>&nbsp;<\/p>\n<p>&nbsp;<\/p>\n<h3><\/h3>\n<p>&nbsp;<\/p>\n<p>&nbsp;<\/p>\n<p>&nbsp;<\/p>\n<p>&nbsp;<\/p>\n<p>&nbsp;<\/p>\n<h6><\/h6>\n<h6><\/h6>\n<p>&nbsp;<\/p>\n<p>&nbsp;<\/p>\n<h6>Toppbild: Eker\u00f6 kyrka fr\u00e5n luften. Foto:\u00a0L.G.foto &#8211; <a href=\"https:\/\/commons.wikimedia.org\/w\/index.php?curid=35615381\">Eget arbete, CC BY-SA 4.0<\/a>.<\/h6>\n","protected":false},"excerpt":{"rendered":"<p>POSK:s vision POSKs vision \u00e4r att Svenska kyrkan ska vara en gemenskap som speglar Guds vilja i gudstj\u00e4nst och liv och som talar tydligt om Jesus Kristus. I kortprogrammet kan du l\u00e4sa mer om vad POSK som riksorganisation st\u00e5r f\u00f6r:\u00a0 Kortprogram fo\u0308r POSK 2026 &#8211; 2029 POSK p\u00e5 Eker\u00f6 Nu har vi ett prelimin\u00e4rt valresultat: [&hellip;]<\/p>\n","protected":false},"author":1,"featured_media":31,"parent":0,"menu_order":0,"comment_status":"closed","ping_status":"closed","template":"page-templates\/page-sidebar-left.php","meta":{"_acf_changed":false,"footnotes":""},"class_list":["post-20","page","type-page","status-publish","has-post-thumbnail","hentry"],"acf":[],"yoast_head":"<!-- This site is optimized with the Yoast SEO plugin v24.9 - https:\/\/yoast.com\/wordpress\/plugins\/seo\/ -->\n<title>Startsidan - Eker\u00f6<\/title>\n<meta name=\"robots\" content=\"index, follow, max-snippet:-1, max-image-preview:large, max-video-preview:-1\" \/>\n<link rel=\"canonical\" href=\"https:\/\/www.posk.se\/ekero\/\" \/>\n<meta property=\"og:locale\" content=\"sv_SE\" \/>\n<meta property=\"og:type\" content=\"article\" \/>\n<meta property=\"og:title\" content=\"Startsidan - Eker\u00f6\" \/>\n<meta property=\"og:description\" content=\"POSK:s vision POSKs vision \u00e4r att Svenska kyrkan ska vara en gemenskap som speglar Guds vilja i gudstj\u00e4nst och liv och som talar tydligt om Jesus Kristus. I kortprogrammet kan du l\u00e4sa mer om vad POSK som riksorganisation st\u00e5r f\u00f6r:\u00a0 Kortprogram fo\u0308r POSK 2026 &#8211; 2029 POSK p\u00e5 Eker\u00f6 Nu har vi ett prelimin\u00e4rt valresultat: [&hellip;]\" \/>\n<meta property=\"og:url\" content=\"https:\/\/www.posk.se\/ekero\/\" \/>\n<meta property=\"og:site_name\" content=\"Eker\u00f6\" \/>\n<meta property=\"article:modified_time\" content=\"2025-09-22T09:55:23+00:00\" \/>\n<meta property=\"og:image\" content=\"https:\/\/www.posk.se\/ekero\/wp-content\/uploads\/sites\/135\/2016\/07\/1200px-ekero_kyrka_fran_luften-e1502368594410.jpg\" \/>\n\t<meta property=\"og:image:width\" content=\"1197\" \/>\n\t<meta property=\"og:image:height\" content=\"378\" \/>\n\t<meta property=\"og:image:type\" content=\"image\/jpeg\" \/>\n<meta name=\"twitter:card\" content=\"summary_large_image\" \/>\n<meta name=\"twitter:label1\" content=\"Ber\u00e4knad l\u00e4stid\" \/>\n\t<meta name=\"twitter:data1\" content=\"2 minuter\" \/>\n<script type=\"application\/ld+json\" class=\"yoast-schema-graph\">{\"@context\":\"https:\/\/schema.org\",\"@graph\":[{\"@type\":\"WebPage\",\"@id\":\"https:\/\/www.posk.se\/ekero\/\",\"url\":\"https:\/\/www.posk.se\/ekero\/\",\"name\":\"Startsidan - Eker\u00f6\",\"isPartOf\":{\"@id\":\"https:\/\/www.posk.se\/ekero\/#website\"},\"primaryImageOfPage\":{\"@id\":\"https:\/\/www.posk.se\/ekero\/#primaryimage\"},\"image\":{\"@id\":\"https:\/\/www.posk.se\/ekero\/#primaryimage\"},\"thumbnailUrl\":\"https:\/\/www.posk.se\/ekero\/wp-content\/uploads\/sites\/135\/2016\/07\/1200px-ekero_kyrka_fran_luften-e1502368594410.jpg\",\"datePublished\":\"2016-07-15T21:15:45+00:00\",\"dateModified\":\"2025-09-22T09:55:23+00:00\",\"breadcrumb\":{\"@id\":\"https:\/\/www.posk.se\/ekero\/#breadcrumb\"},\"inLanguage\":\"sv-SE\",\"potentialAction\":[{\"@type\":\"ReadAction\",\"target\":[\"https:\/\/www.posk.se\/ekero\/\"]}]},{\"@type\":\"ImageObject\",\"inLanguage\":\"sv-SE\",\"@id\":\"https:\/\/www.posk.se\/ekero\/#primaryimage\",\"url\":\"https:\/\/www.posk.se\/ekero\/wp-content\/uploads\/sites\/135\/2016\/07\/1200px-ekero_kyrka_fran_luften-e1502368594410.jpg\",\"contentUrl\":\"https:\/\/www.posk.se\/ekero\/wp-content\/uploads\/sites\/135\/2016\/07\/1200px-ekero_kyrka_fran_luften-e1502368594410.jpg\",\"width\":1197,\"height\":378},{\"@type\":\"BreadcrumbList\",\"@id\":\"https:\/\/www.posk.se\/ekero\/#breadcrumb\",\"itemListElement\":[{\"@type\":\"ListItem\",\"position\":1,\"name\":\"Hem\",\"item\":\"https:\/\/www.posk.se\/ekero\/\"},{\"@type\":\"ListItem\",\"position\":2,\"name\":\"Startsidan\"}]},{\"@type\":\"WebSite\",\"@id\":\"https:\/\/www.posk.se\/ekero\/#website\",\"url\":\"https:\/\/www.posk.se\/ekero\/\",\"name\":\"Eker\u00f6\",\"description\":\"POSK-grupp i Stockholms stift\",\"potentialAction\":[{\"@type\":\"SearchAction\",\"target\":{\"@type\":\"EntryPoint\",\"urlTemplate\":\"https:\/\/www.posk.se\/ekero\/?s={search_term_string}\"},\"query-input\":{\"@type\":\"PropertyValueSpecification\",\"valueRequired\":true,\"valueName\":\"search_term_string\"}}],\"inLanguage\":\"sv-SE\"}]}<\/script>\n<!-- \/ Yoast SEO plugin. -->","yoast_head_json":{"title":"Startsidan - Eker\u00f6","robots":{"index":"index","follow":"follow","max-snippet":"max-snippet:-1","max-image-preview":"max-image-preview:large","max-video-preview":"max-video-preview:-1"},"canonical":"https:\/\/www.posk.se\/ekero\/","og_locale":"sv_SE","og_type":"article","og_title":"Startsidan - Eker\u00f6","og_description":"POSK:s vision POSKs vision \u00e4r att Svenska kyrkan ska vara en gemenskap som speglar Guds vilja i gudstj\u00e4nst och liv och som talar tydligt om Jesus Kristus. I kortprogrammet kan du l\u00e4sa mer om vad POSK som riksorganisation st\u00e5r f\u00f6r:\u00a0 Kortprogram fo\u0308r POSK 2026 &#8211; 2029 POSK p\u00e5 Eker\u00f6 Nu har vi ett prelimin\u00e4rt valresultat: [&hellip;]","og_url":"https:\/\/www.posk.se\/ekero\/","og_site_name":"Eker\u00f6","article_modified_time":"2025-09-22T09:55:23+00:00","og_image":[{"width":1197,"height":378,"url":"https:\/\/www.posk.se\/ekero\/wp-content\/uploads\/sites\/135\/2016\/07\/1200px-ekero_kyrka_fran_luften-e1502368594410.jpg","type":"image\/jpeg"}],"twitter_card":"summary_large_image","twitter_misc":{"Ber\u00e4knad l\u00e4stid":"2 minuter"},"schema":{"@context":"https:\/\/schema.org","@graph":[{"@type":"WebPage","@id":"https:\/\/www.posk.se\/ekero\/","url":"https:\/\/www.posk.se\/ekero\/","name":"Startsidan - Eker\u00f6","isPartOf":{"@id":"https:\/\/www.posk.se\/ekero\/#website"},"primaryImageOfPage":{"@id":"https:\/\/www.posk.se\/ekero\/#primaryimage"},"image":{"@id":"https:\/\/www.posk.se\/ekero\/#primaryimage"},"thumbnailUrl":"https:\/\/www.posk.se\/ekero\/wp-content\/uploads\/sites\/135\/2016\/07\/1200px-ekero_kyrka_fran_luften-e1502368594410.jpg","datePublished":"2016-07-15T21:15:45+00:00","dateModified":"2025-09-22T09:55:23+00:00","breadcrumb":{"@id":"https:\/\/www.posk.se\/ekero\/#breadcrumb"},"inLanguage":"sv-SE","potentialAction":[{"@type":"ReadAction","target":["https:\/\/www.posk.se\/ekero\/"]}]},{"@type":"ImageObject","inLanguage":"sv-SE","@id":"https:\/\/www.posk.se\/ekero\/#primaryimage","url":"https:\/\/www.posk.se\/ekero\/wp-content\/uploads\/sites\/135\/2016\/07\/1200px-ekero_kyrka_fran_luften-e1502368594410.jpg","contentUrl":"https:\/\/www.posk.se\/ekero\/wp-content\/uploads\/sites\/135\/2016\/07\/1200px-ekero_kyrka_fran_luften-e1502368594410.jpg","width":1197,"height":378},{"@type":"BreadcrumbList","@id":"https:\/\/www.posk.se\/ekero\/#breadcrumb","itemListElement":[{"@type":"ListItem","position":1,"name":"Hem","item":"https:\/\/www.posk.se\/ekero\/"},{"@type":"ListItem","position":2,"name":"Startsidan"}]},{"@type":"WebSite","@id":"https:\/\/www.posk.se\/ekero\/#website","url":"https:\/\/www.posk.se\/ekero\/","name":"Eker\u00f6","description":"POSK-grupp i Stockholms stift","potentialAction":[{"@type":"SearchAction","target":{"@type":"EntryPoint","urlTemplate":"https:\/\/www.posk.se\/ekero\/?s={search_term_string}"},"query-input":{"@type":"PropertyValueSpecification","valueRequired":true,"valueName":"search_term_string"}}],"inLanguage":"sv-SE"}]}},"_links":{"self":[{"href":"https:\/\/www.posk.se\/ekero\/wp-json\/wp\/v2\/pages\/20","targetHints":{"allow":["GET"]}}],"collection":[{"href":"https:\/\/www.posk.se\/ekero\/wp-json\/wp\/v2\/pages"}],"about":[{"href":"https:\/\/www.posk.se\/ekero\/wp-json\/wp\/v2\/types\/page"}],"author":[{"embeddable":true,"href":"https:\/\/www.posk.se\/ekero\/wp-json\/wp\/v2\/users\/1"}],"replies":[{"embeddable":true,"href":"https:\/\/www.posk.se\/ekero\/wp-json\/wp\/v2\/comments?post=20"}],"version-history":[{"count":64,"href":"https:\/\/www.posk.se\/ekero\/wp-json\/wp\/v2\/pages\/20\/revisions"}],"predecessor-version":[{"id":543,"href":"https:\/\/www.posk.se\/ekero\/wp-json\/wp\/v2\/pages\/20\/revisions\/543"}],"wp:featuredmedia":[{"embeddable":true,"href":"https:\/\/www.posk.se\/ekero\/wp-json\/wp\/v2\/media\/31"}],"wp:attachment":[{"href":"https:\/\/www.posk.se\/ekero\/wp-json\/wp\/v2\/media?parent=20"}],"curies":[{"name":"wp","href":"https:\/\/api.w.org\/{rel}","templated":true}]}}