{"id":38,"date":"2017-09-10T20:57:22","date_gmt":"2017-09-10T18:57:22","guid":{"rendered":"https:\/\/www.posk.se\/bygdea\/?page_id=38"},"modified":"2025-08-25T14:37:52","modified_gmt":"2025-08-25T12:37:52","slug":"kandidater","status":"publish","type":"page","link":"https:\/\/www.posk.se\/bygdea\/kandidater\/","title":{"rendered":"Kandidatlista \u2013 kyrkofullm\u00e4ktige"},"content":{"rendered":"<h3><span style=\"color: #000080;\">H\u00e4r \u00e4r v\u00e5ra kandidater 2025<br \/>\n<\/span><span style=\"color: #000080;\">till\u00a0<\/span><span style=\"color: #000080;\">kyrkofullm\u00e4ktige i Bygde\u00e5 f\u00f6rsamling:\u00a0<\/span><\/h3>\n<p>1. <strong>Marie S\u00f6rv\u00e5g,<\/strong> Bygde\u00e5<br \/>\n2. <strong>Bernt-Ola Sandstr\u00f6m,<\/strong> \u00c5kullsj\u00f6n<br \/>\n3. <strong>Bernt Hegebeck,<\/strong> Ratan<br \/>\n4. <strong>Signar Danielsson,<\/strong> B\u00e4ck<br \/>\n5. <strong>Susanne \u00c5berg,<\/strong> Bygde\u00e5<br \/>\n6. <strong>Peder \u00d6berg,<\/strong> Bygde\u00e5<br \/>\n7. <strong>Annika Nordqvist,<\/strong> Robertsfors<br \/>\n8. <strong>Ylva Martinsson,<\/strong> Sike\u00e5<br \/>\n9. <strong>Emma Folkesson,<\/strong> Valsf\u00e4boda<br \/>\n10. <strong>Lis-Beth \u00d6berg,<\/strong> Bygde\u00e5<br \/>\n11. <strong>Birgitha L\u00f6gdstr\u00f6m,<\/strong> Gamla Storb\u00e4cken<br \/>\n12. <strong>Leif S\u00f6rv\u00e5g,<\/strong> Bygde\u00e5<br \/>\n13. <strong>Ingvar \u00d6hlund,<\/strong> Robertsfors<br \/>\n14. <strong>Jan Olof Lundstr\u00f6m,<\/strong> Robertsfors<br \/>\n15. <strong>Karin Sj\u00f6str\u00f6m,<\/strong> \u00c5kullsj\u00f6n<br \/>\n16. <strong>Maria Bostr\u00f6m,<\/strong> Rickle\u00e5<\/p>\n<p>Valsedeln till kyrkofullm\u00e4ktigevalet i Bygde\u00e5 f\u00f6rsamling <strong><a href=\"https:\/\/www.posk.se\/bygdea\/wp-content\/uploads\/sites\/88\/2025\/08\/bygdea-valsedel-kf.pdf\" target=\"_blank\" rel=\"noopener\">ser ut s\u00e5 h\u00e4r<\/a><\/strong>.<\/p>\n","protected":false},"excerpt":{"rendered":"<p>H\u00e4r \u00e4r v\u00e5ra kandidater 2025 till\u00a0kyrkofullm\u00e4ktige i Bygde\u00e5 f\u00f6rsamling:\u00a0 1. Marie S\u00f6rv\u00e5g, Bygde\u00e5 2. Bernt-Ola Sandstr\u00f6m, \u00c5kullsj\u00f6n 3. Bernt Hegebeck, Ratan 4. Signar Danielsson, B\u00e4ck 5. Susanne \u00c5berg, Bygde\u00e5 6. Peder \u00d6berg, Bygde\u00e5 7. Annika Nordqvist, Robertsfors 8. Ylva Martinsson, Sike\u00e5 9. Emma Folkesson, Valsf\u00e4boda 10. Lis-Beth \u00d6berg, Bygde\u00e5 11. Birgitha L\u00f6gdstr\u00f6m, Gamla Storb\u00e4cken 12. [&hellip;]<\/p>\n","protected":false},"author":54,"featured_media":41,"parent":0,"menu_order":0,"comment_status":"closed","ping_status":"closed","template":"page-templates\/page-sidebar-left.php","meta":{"_acf_changed":false,"footnotes":""},"class_list":["post-38","page","type-page","status-publish","has-post-thumbnail","hentry"],"acf":[],"yoast_head":"<!-- This site is optimized with the Yoast SEO plugin v24.9 - https:\/\/yoast.com\/wordpress\/plugins\/seo\/ -->\n<title>Kandidatlista \u2013 kyrkofullm\u00e4ktige - Bygde\u00e5<\/title>\n<meta name=\"robots\" content=\"index, follow, max-snippet:-1, max-image-preview:large, max-video-preview:-1\" \/>\n<link rel=\"canonical\" href=\"https:\/\/www.posk.se\/bygdea\/kandidater\/\" \/>\n<meta property=\"og:locale\" content=\"sv_SE\" \/>\n<meta property=\"og:type\" content=\"article\" \/>\n<meta property=\"og:title\" content=\"Kandidatlista \u2013 kyrkofullm\u00e4ktige - Bygde\u00e5\" \/>\n<meta property=\"og:description\" content=\"H\u00e4r \u00e4r v\u00e5ra kandidater 2025 till\u00a0kyrkofullm\u00e4ktige i Bygde\u00e5 f\u00f6rsamling:\u00a0 1. Marie S\u00f6rv\u00e5g, Bygde\u00e5 2. Bernt-Ola Sandstr\u00f6m, \u00c5kullsj\u00f6n 3. Bernt Hegebeck, Ratan 4. Signar Danielsson, B\u00e4ck 5. Susanne \u00c5berg, Bygde\u00e5 6. Peder \u00d6berg, Bygde\u00e5 7. Annika Nordqvist, Robertsfors 8. Ylva Martinsson, Sike\u00e5 9. Emma Folkesson, Valsf\u00e4boda 10. Lis-Beth \u00d6berg, Bygde\u00e5 11. Birgitha L\u00f6gdstr\u00f6m, Gamla Storb\u00e4cken 12. [&hellip;]\" \/>\n<meta property=\"og:url\" content=\"https:\/\/www.posk.se\/bygdea\/kandidater\/\" \/>\n<meta property=\"og:site_name\" content=\"Bygde\u00e5\" \/>\n<meta property=\"article:modified_time\" content=\"2025-08-25T12:37:52+00:00\" \/>\n<meta property=\"og:image\" content=\"https:\/\/www.posk.se\/bygdea\/wp-content\/uploads\/sites\/88\/2017\/09\/valsedelsplock-le-besk.jpg\" \/>\n\t<meta property=\"og:image:width\" content=\"1200\" \/>\n\t<meta property=\"og:image:height\" content=\"360\" \/>\n\t<meta property=\"og:image:type\" content=\"image\/jpeg\" \/>\n<meta name=\"twitter:card\" content=\"summary_large_image\" \/>\n<meta name=\"twitter:label1\" content=\"Ber\u00e4knad l\u00e4stid\" \/>\n\t<meta name=\"twitter:data1\" content=\"1 minut\" \/>\n<script type=\"application\/ld+json\" class=\"yoast-schema-graph\">{\"@context\":\"https:\/\/schema.org\",\"@graph\":[{\"@type\":\"WebPage\",\"@id\":\"https:\/\/www.posk.se\/bygdea\/kandidater\/\",\"url\":\"https:\/\/www.posk.se\/bygdea\/kandidater\/\",\"name\":\"Kandidatlista \u2013 kyrkofullm\u00e4ktige - Bygde\u00e5\",\"isPartOf\":{\"@id\":\"https:\/\/www.posk.se\/bygdea\/#website\"},\"primaryImageOfPage\":{\"@id\":\"https:\/\/www.posk.se\/bygdea\/kandidater\/#primaryimage\"},\"image\":{\"@id\":\"https:\/\/www.posk.se\/bygdea\/kandidater\/#primaryimage\"},\"thumbnailUrl\":\"https:\/\/www.posk.se\/bygdea\/wp-content\/uploads\/sites\/88\/2017\/09\/valsedelsplock-le-besk.jpg\",\"datePublished\":\"2017-09-10T18:57:22+00:00\",\"dateModified\":\"2025-08-25T12:37:52+00:00\",\"breadcrumb\":{\"@id\":\"https:\/\/www.posk.se\/bygdea\/kandidater\/#breadcrumb\"},\"inLanguage\":\"sv-SE\",\"potentialAction\":[{\"@type\":\"ReadAction\",\"target\":[\"https:\/\/www.posk.se\/bygdea\/kandidater\/\"]}]},{\"@type\":\"ImageObject\",\"inLanguage\":\"sv-SE\",\"@id\":\"https:\/\/www.posk.se\/bygdea\/kandidater\/#primaryimage\",\"url\":\"https:\/\/www.posk.se\/bygdea\/wp-content\/uploads\/sites\/88\/2017\/09\/valsedelsplock-le-besk.jpg\",\"contentUrl\":\"https:\/\/www.posk.se\/bygdea\/wp-content\/uploads\/sites\/88\/2017\/09\/valsedelsplock-le-besk.jpg\",\"width\":1200,\"height\":360},{\"@type\":\"BreadcrumbList\",\"@id\":\"https:\/\/www.posk.se\/bygdea\/kandidater\/#breadcrumb\",\"itemListElement\":[{\"@type\":\"ListItem\",\"position\":1,\"name\":\"Hem\",\"item\":\"https:\/\/www.posk.se\/bygdea\/\"},{\"@type\":\"ListItem\",\"position\":2,\"name\":\"Kandidatlista \u2013 kyrkofullm\u00e4ktige\"}]},{\"@type\":\"WebSite\",\"@id\":\"https:\/\/www.posk.se\/bygdea\/#website\",\"url\":\"https:\/\/www.posk.se\/bygdea\/\",\"name\":\"Bygde\u00e5\",\"description\":\"POSK-grupp i Lule\u00e5 stift\",\"potentialAction\":[{\"@type\":\"SearchAction\",\"target\":{\"@type\":\"EntryPoint\",\"urlTemplate\":\"https:\/\/www.posk.se\/bygdea\/?s={search_term_string}\"},\"query-input\":{\"@type\":\"PropertyValueSpecification\",\"valueRequired\":true,\"valueName\":\"search_term_string\"}}],\"inLanguage\":\"sv-SE\"}]}<\/script>\n<!-- \/ Yoast SEO plugin. -->","yoast_head_json":{"title":"Kandidatlista \u2013 kyrkofullm\u00e4ktige - Bygde\u00e5","robots":{"index":"index","follow":"follow","max-snippet":"max-snippet:-1","max-image-preview":"max-image-preview:large","max-video-preview":"max-video-preview:-1"},"canonical":"https:\/\/www.posk.se\/bygdea\/kandidater\/","og_locale":"sv_SE","og_type":"article","og_title":"Kandidatlista \u2013 kyrkofullm\u00e4ktige - Bygde\u00e5","og_description":"H\u00e4r \u00e4r v\u00e5ra kandidater 2025 till\u00a0kyrkofullm\u00e4ktige i Bygde\u00e5 f\u00f6rsamling:\u00a0 1. Marie S\u00f6rv\u00e5g, Bygde\u00e5 2. Bernt-Ola Sandstr\u00f6m, \u00c5kullsj\u00f6n 3. Bernt Hegebeck, Ratan 4. Signar Danielsson, B\u00e4ck 5. Susanne \u00c5berg, Bygde\u00e5 6. Peder \u00d6berg, Bygde\u00e5 7. Annika Nordqvist, Robertsfors 8. Ylva Martinsson, Sike\u00e5 9. Emma Folkesson, Valsf\u00e4boda 10. Lis-Beth \u00d6berg, Bygde\u00e5 11. Birgitha L\u00f6gdstr\u00f6m, Gamla Storb\u00e4cken 12. [&hellip;]","og_url":"https:\/\/www.posk.se\/bygdea\/kandidater\/","og_site_name":"Bygde\u00e5","article_modified_time":"2025-08-25T12:37:52+00:00","og_image":[{"width":1200,"height":360,"url":"https:\/\/www.posk.se\/bygdea\/wp-content\/uploads\/sites\/88\/2017\/09\/valsedelsplock-le-besk.jpg","type":"image\/jpeg"}],"twitter_card":"summary_large_image","twitter_misc":{"Ber\u00e4knad l\u00e4stid":"1 minut"},"schema":{"@context":"https:\/\/schema.org","@graph":[{"@type":"WebPage","@id":"https:\/\/www.posk.se\/bygdea\/kandidater\/","url":"https:\/\/www.posk.se\/bygdea\/kandidater\/","name":"Kandidatlista \u2013 kyrkofullm\u00e4ktige - Bygde\u00e5","isPartOf":{"@id":"https:\/\/www.posk.se\/bygdea\/#website"},"primaryImageOfPage":{"@id":"https:\/\/www.posk.se\/bygdea\/kandidater\/#primaryimage"},"image":{"@id":"https:\/\/www.posk.se\/bygdea\/kandidater\/#primaryimage"},"thumbnailUrl":"https:\/\/www.posk.se\/bygdea\/wp-content\/uploads\/sites\/88\/2017\/09\/valsedelsplock-le-besk.jpg","datePublished":"2017-09-10T18:57:22+00:00","dateModified":"2025-08-25T12:37:52+00:00","breadcrumb":{"@id":"https:\/\/www.posk.se\/bygdea\/kandidater\/#breadcrumb"},"inLanguage":"sv-SE","potentialAction":[{"@type":"ReadAction","target":["https:\/\/www.posk.se\/bygdea\/kandidater\/"]}]},{"@type":"ImageObject","inLanguage":"sv-SE","@id":"https:\/\/www.posk.se\/bygdea\/kandidater\/#primaryimage","url":"https:\/\/www.posk.se\/bygdea\/wp-content\/uploads\/sites\/88\/2017\/09\/valsedelsplock-le-besk.jpg","contentUrl":"https:\/\/www.posk.se\/bygdea\/wp-content\/uploads\/sites\/88\/2017\/09\/valsedelsplock-le-besk.jpg","width":1200,"height":360},{"@type":"BreadcrumbList","@id":"https:\/\/www.posk.se\/bygdea\/kandidater\/#breadcrumb","itemListElement":[{"@type":"ListItem","position":1,"name":"Hem","item":"https:\/\/www.posk.se\/bygdea\/"},{"@type":"ListItem","position":2,"name":"Kandidatlista \u2013 kyrkofullm\u00e4ktige"}]},{"@type":"WebSite","@id":"https:\/\/www.posk.se\/bygdea\/#website","url":"https:\/\/www.posk.se\/bygdea\/","name":"Bygde\u00e5","description":"POSK-grupp i Lule\u00e5 stift","potentialAction":[{"@type":"SearchAction","target":{"@type":"EntryPoint","urlTemplate":"https:\/\/www.posk.se\/bygdea\/?s={search_term_string}"},"query-input":{"@type":"PropertyValueSpecification","valueRequired":true,"valueName":"search_term_string"}}],"inLanguage":"sv-SE"}]}},"_links":{"self":[{"href":"https:\/\/www.posk.se\/bygdea\/wp-json\/wp\/v2\/pages\/38","targetHints":{"allow":["GET"]}}],"collection":[{"href":"https:\/\/www.posk.se\/bygdea\/wp-json\/wp\/v2\/pages"}],"about":[{"href":"https:\/\/www.posk.se\/bygdea\/wp-json\/wp\/v2\/types\/page"}],"author":[{"embeddable":true,"href":"https:\/\/www.posk.se\/bygdea\/wp-json\/wp\/v2\/users\/54"}],"replies":[{"embeddable":true,"href":"https:\/\/www.posk.se\/bygdea\/wp-json\/wp\/v2\/comments?post=38"}],"version-history":[{"count":15,"href":"https:\/\/www.posk.se\/bygdea\/wp-json\/wp\/v2\/pages\/38\/revisions"}],"predecessor-version":[{"id":63,"href":"https:\/\/www.posk.se\/bygdea\/wp-json\/wp\/v2\/pages\/38\/revisions\/63"}],"wp:featuredmedia":[{"embeddable":true,"href":"https:\/\/www.posk.se\/bygdea\/wp-json\/wp\/v2\/media\/41"}],"wp:attachment":[{"href":"https:\/\/www.posk.se\/bygdea\/wp-json\/wp\/v2\/media?parent=38"}],"curies":[{"name":"wp","href":"https:\/\/api.w.org\/{rel}","templated":true}]}}

Kandidatlista – kyrkofullmäktige

<h3><span style="color: #000080;">Här är våra kandidater 2025<br />
</span><span style="color: #000080;">till </span><span style="color: #000080;">kyrkofullmäktige i Bygdeå församling: </span></h3>
<p>1. <strong>Marie Sörvåg,</strong> Bygdeå<br />
2. <strong>Bernt-Ola Sandström,</strong> Åkullsjön<br />
3. <strong>Bernt Hegebeck,</strong> Ratan<br />
4. <strong>Signar Danielsson,</strong> Bäck<br />
5. <strong>Susanne Åberg,</strong> Bygdeå<br />
6. <strong>Peder Öberg,</strong> Bygdeå<br />
7. <strong>Annika Nordqvist,</strong> Robertsfors<br />
8. <strong>Ylva Martinsson,</strong> Sikeå<br />
9. <strong>Emma Folkesson,</strong> Valsfäboda<br />
10. <strong>Lis-Beth Öberg,</strong> Bygdeå<br />
11. <strong>Birgitha Lögdström,</strong> Gamla Storbäcken<br />
12. <strong>Leif Sörvåg,</strong> Bygdeå<br />
13. <strong>Ingvar Öhlund,</strong> Robertsfors<br />
14. <strong>Jan Olof Lundström,</strong> Robertsfors<br />
15. <strong>Karin Sjöström,</strong> Åkullsjön<br />
16. <strong>Maria Boström,</strong> Rickleå</p>
<p>Valsedeln till kyrkofullmäktigevalet i Bygdeå församling <strong><a href="https://www.posk.se/bygdea/wp-content/uploads/sites/88/2025/08/bygdea-valsedel-kf.pdf" target="_blank" rel="noopener">ser ut så här</a></strong>.</p>

<p>Här är våra kandidater 2025 till kyrkofullmäktige i Bygdeå församling:  1. Marie Sörvåg, Bygdeå 2. Bernt-Ola Sandström, Åkullsjön 3. Bernt Hegebeck, Ratan 4. Signar Danielsson, Bäck 5. Susanne Åberg, Bygdeå 6. Peder Öberg, Bygdeå 7. Annika Nordqvist, Robertsfors 8. Ylva Martinsson, Sikeå 9. Emma Folkesson, Valsfäboda 10. Lis-Beth Öberg, Bygdeå 11. Birgitha Lögdström, Gamla Storbäcken 12. [&hellip;]</p>

<!-- This site is optimized with the Yoast SEO plugin v24.9 - https://yoast.com/wordpress/plugins/seo/ -->
<title>Kandidatlista – kyrkofullmäktige - Bygdeå</title>
<meta name="robots" content="index, follow, max-snippet:-1, max-image-preview:large, max-video-preview:-1" />
<link rel="canonical" href="https://www.posk.se/bygdea/kandidater/" />
<meta property="og:locale" content="sv_SE" />
<meta property="og:type" content="article" />
<meta property="og:title" content="Kandidatlista – kyrkofullmäktige - Bygdeå" />
<meta property="og:description" content="Här är våra kandidater 2025 till kyrkofullmäktige i Bygdeå församling:  1. Marie Sörvåg, Bygdeå 2. Bernt-Ola Sandström, Åkullsjön 3. Bernt Hegebeck, Ratan 4. Signar Danielsson, Bäck 5. Susanne Åberg, Bygdeå 6. Peder Öberg, Bygdeå 7. Annika Nordqvist, Robertsfors 8. Ylva Martinsson, Sikeå 9. Emma Folkesson, Valsfäboda 10. Lis-Beth Öberg, Bygdeå 11. Birgitha Lögdström, Gamla Storbäcken 12. [&hellip;]" />
<meta property="og:url" content="https://www.posk.se/bygdea/kandidater/" />
<meta property="og:site_name" content="Bygdeå" />
<meta property="article:modified_time" content="2025-08-25T12:37:52+00:00" />
<meta property="og:image" content="https://www.posk.se/bygdea/wp-content/uploads/sites/88/2017/09/valsedelsplock-le-besk.jpg" />
	<meta property="og:image:width" content="1200" />
	<meta property="og:image:height" content="360" />
	<meta property="og:image:type" content="image/jpeg" />
<meta name="twitter:card" content="summary_large_image" />
<meta name="twitter:label1" content="Beräknad lästid" />
	<meta name="twitter:data1" content="1 minut" />
<script type="application/ld+json" class="yoast-schema-graph">{"@context":"https://schema.org","@graph":[{"@type":"WebPage","@id":"https://www.posk.se/bygdea/kandidater/","url":"https://www.posk.se/bygdea/kandidater/","name":"Kandidatlista – kyrkofullmäktige - Bygdeå","isPartOf":{"@id":"https://www.posk.se/bygdea/#website"},"primaryImageOfPage":{"@id":"https://www.posk.se/bygdea/kandidater/#primaryimage"},"image":{"@id":"https://www.posk.se/bygdea/kandidater/#primaryimage"},"thumbnailUrl":"https://www.posk.se/bygdea/wp-content/uploads/sites/88/2017/09/valsedelsplock-le-besk.jpg","datePublished":"2017-09-10T18:57:22+00:00","dateModified":"2025-08-25T12:37:52+00:00","breadcrumb":{"@id":"https://www.posk.se/bygdea/kandidater/#breadcrumb"},"inLanguage":"sv-SE","potentialAction":[{"@type":"ReadAction","target":["https://www.posk.se/bygdea/kandidater/"]}]},{"@type":"ImageObject","inLanguage":"sv-SE","@id":"https://www.posk.se/bygdea/kandidater/#primaryimage","url":"https://www.posk.se/bygdea/wp-content/uploads/sites/88/2017/09/valsedelsplock-le-besk.jpg","contentUrl":"https://www.posk.se/bygdea/wp-content/uploads/sites/88/2017/09/valsedelsplock-le-besk.jpg","width":1200,"height":360},{"@type":"BreadcrumbList","@id":"https://www.posk.se/bygdea/kandidater/#breadcrumb","itemListElement":[{"@type":"ListItem","position":1,"name":"Hem","item":"https://www.posk.se/bygdea/"},{"@type":"ListItem","position":2,"name":"Kandidatlista – kyrkofullmäktige"}]},{"@type":"WebSite","@id":"https://www.posk.se/bygdea/#website","url":"https://www.posk.se/bygdea/","name":"Bygdeå","description":"POSK-grupp i Luleå stift","potentialAction":[{"@type":"SearchAction","target":{"@type":"EntryPoint","urlTemplate":"https://www.posk.se/bygdea/?s={search_term_string}"},"query-input":{"@type":"PropertyValueSpecification","valueRequired":true,"valueName":"search_term_string"}}],"inLanguage":"sv-SE"}]}</script>
<!-- / Yoast SEO plugin. -->

Kandidatlista – kyrkofullmäktige - Bygdeå

Här är våra kandidater 2025 till kyrkofullmäktige i Bygdeå församling:  1. Marie Sörvåg, Bygdeå 2. Bernt-Ola Sandström, Åkullsjön 3. Bernt Hegebeck, Ratan 4. Signar Danielsson, Bäck 5. Susanne Åberg, Bygdeå 6. Peder Öberg, Bygdeå 7. Annika Nordqvist, Robertsfors 8. Ylva Martinsson, Sikeå 9. Emma Folkesson, Valsfäboda 10. Lis-Beth Öberg, Bygdeå 11. Birgitha Lögdström, Gamla Storbäcken 12. [&hellip;]

Bygdeå

POSK-grupp i Luleå stift
